000
CXUS53 KTOP 010800
CF6MHK
PRELIMINARY LOCAL CLIMATOLOGICAL DATA (WS FORM: F-6)
STATION: Manhattan KS
MONTH: NOVEMBER
YEAR: 2020
LATITUDE: 39 9 N
LONGITUDE: 96 40 W
TEMPERATURE IN F: :PCPN: SNOW: WIND :SUNSHINE: SKY :PK WND
================================================================================
1 2 3 4 5 6A 6B 7 8 9 10 11 12 13 14 15 16 17 18
12Z AVG MX 2MIN
DY MAX MIN AVG DEP HDD CDD WTR SNW DPTH SPD SPD DIR MIN PSBL S-S WX SPD DR
================================================================================
1 57 27 42 -7 23 0 0.00 M M 2.2 13 30 M M 0 8 19 10
2 72 26 49 0 16 0 0.00 M M 5.1 18 230 M M 0 26 230
3 83 33 58 10 7 0 0.00 M M 7.4 23 210 M M 0 12 36 210
4 77 42 60 12 5 0 0.00 M M 6.6 16 210 M M 0 24 200
5 75 39 57 10 8 0 0.00 M M 1.3 8 170 M M 0 11 220
6 77 33 55 8 10 0 0.00 M M 7.7 24 210 M M 0 18 33 170
7 78 57 68 22 0 3 0.00 M M 15.6 28 180 M M 0 39 180
8 78 57 68 22 0 3 0.00 M M 17.0 32 170 M M 2 44 170
9 73 40 57 11 8 0 T M M 14.1 24 200 M M 9 39 210
10 41 25 33 -12 32 0 0.53 M M 6.6 20 280 M M 7 13 31 280
11 60 22 41 -4 24 0 0.00 M M 2.0 9 220 M M 0 14 240
12 59 22 41 -3 24 0 0.00 M M 4.1 15 350 M M 1 25 320
13 52 15 34 -10 31 0 0.00 M M 5.1 17 210 M M 1 22 190
14 70 42 56 13 9 0 0.00 M M 13.4 29 220 M M 3 43 270
15 57 26 42 -1 23 0 0.00 M M 7.6 20 270 M M 0 33 250
16 68 24 46 4 19 0 0.00 M M 5.6 18 230 M M 0 24 230
17 67 25 46 4 19 0 0.00 M M 5.3 22 170 M M 0 29 180
18 75 47 61 20 4 0 0.00 M M 21.1 38 210 M M 0 52 210
19 76 42 59 18 6 0 0.00 M M 12.9 29 210 M M 0 44 200
20 65 36 51 11 14 0 0.00 M M 8.3 21 50 M M 0 1 26 40
21 52 42 47 7 18 0 0.04 M M 9.2 17 80 M M 8 24 80
22 58 24 41 1 24 0 0.00 M M 3.7 14 20 M M 3 22 360
23 48 20 34 -5 31 0 0.21 M M 5.0 15 130 M M 8 1 22 140
24 57 43 50 12 15 0 0.69 M M 10.1 26 20 M M 10 13 42 30
25 43 24 34 -4 31 0 0.84 M M 6.3 22 30 M M 7 18 30 20
26 59 22 41 3 24 0 0.00 M M 2.4 12 60 M M 0 1 20 40
27 55 26 41 4 24 0 0.00 M M 3.0 13 20 M M 3 18 18 20
28 58 21 40 3 25 0 0.00 M M 7.5 20 230 M M 0 26 230
29 46 22 34 -2 31 0 0.00 M M 8.6 22 20 M M 1 39 360
30 44 18 31 -5 34 0 0.00 M M 3.5 12 260 M M 0 18 280
================================================================================
SM 1880 942 539 6 2.31 M 228.3 M 63
================================================================================
AV 62.7 31.4 7.6 FASTST M M 2 MAX(MPH)
MISC ----> # 38 210 # 52 210
================================================================================
NOTES:
# LAST OF SEVERAL OCCURRENCES
COLUMN 17 PEAK WIND IN M.P.H.
PRELIMINARY LOCAL CLIMATOLOGICAL DATA (WS FORM: F-6) , PAGE 2
STATION: Manhattan KS
MONTH: NOVEMBER
YEAR: 2020
LATITUDE: 39 9 N
LONGITUDE: 96 40 W
[TEMPERATURE DATA] [PRECIPITATION DATA] SYMBOLS USED IN COLUMN 16
AVERAGE MONTHLY: 47.0 TOTAL FOR MONTH: 2.31 1 = FOG OR MIST
DPTR FM NORMAL: 4.5 DPTR FM NORMAL: 0.71 2 = FOG REDUCING VISIBILITY
HIGHEST: 83 ON 3 GRTST 24HR 0.84 ON 25-25 TO 1/4 MILE OR LESS
LOWEST: 15 ON 13 3 = THUNDER
SNOW, ICE PELLETS, HAIL 4 = ICE PELLETS
TOTAL MONTH: M 5 = HAIL
GRTST 24HR M ON M 6 = FREEZING RAIN OR DRIZZLE
GRTST DEPTH: M ON M 7 = DUSTSTORM OR SANDSTORM:
VSBY 1/2 MILE OR LESS
8 = SMOKE OR HAZE
[NO. OF DAYS WITH] [WEATHER - DAYS WITH] 9 = BLOWING SNOW
X = TORNADO
MAX 32 OR BELOW: 0 0.01 INCH OR MORE: 5
MAX 90 OR ABOVE: 0 0.10 INCH OR MORE: 4
MIN 32 OR BELOW: 17 0.50 INCH OR MORE: 3
MIN 0 OR BELOW: 0 1.00 INCH OR MORE: 0
[HDD (BASE 65) ]
TOTAL THIS MO. 539 CLEAR (SCALE 0-3) 22
DPTR FM NORMAL -137 PTCLDY (SCALE 4-7) 6
TOTAL FM JUL 1 1009 CLOUDY (SCALE 8-10) 2
DPTR FM NORMAL -66
[CDD (BASE 65) ]
TOTAL THIS MO. 6
DPTR FM NORMAL 5 [PRESSURE DATA]
TOTAL FM JAN 1 1540 HIGHEST SLP 0.00 ON 26
DPTR FM NORMAL 178 LOWEST SLP 29.38 ON 14
[REMARKS]
#FINAL-11-20#