000
CXUS56 KSGX 011145
CF6TRM
PRELIMINARY LOCAL CLIMATOLOGICAL DATA (WS FORM: F-6)
STATION: THERMAL AIRPORT CA
MONTH: NOVEMBER
YEAR: 2023
LATITUDE: 33 37 N
LONGITUDE: 116 10 W
TEMPERATURE IN F: :PCPN: SNOW: WIND :SUNSHINE: SKY :PK WND
================================================================================
1 2 3 4 5 6A 6B 7 8 9 10 11 12 13 14 15 16 17 18
12Z AVG MX 2MIN
DY MAX MIN AVG DEP HDD CDD WTR SNW DPTH SPD SPD DIR MIN PSBL S-S WX SPD DR
================================================================================
1 86 41 64 -4 1 0 0.00 M M 2.7 8 150 M M 0 8 10 150
2 85 41 63 -4 2 0 0.00 M M 3.1 8 340 M M 0 11 170
3 85 42 64 -3 1 0 0.00 M M 3.4 9 350 M M 0 10 130
4 88 43 66 0 0 1 0.00 M M 3.3 10 340 M M 0 12 340
5 89 44 67 1 0 2 0.00 M M 3.1 9 320 M M 0 11 320
6 86 48 67 1 0 2 0.00 M M 4.7 21 330 M M 0 25 340
7 85 58 72 7 0 7 0.00 M M 10.4 22 330 M M 0 28 330
8 79 59 69 4 0 4 0.00 M M 10.7 18 350 M M 0 23 280
9 79 57 68 4 0 3 0.00 M M 10.4 18 290 M M 0 25 320
10 82 43 63 -1 2 0 0.00 M M 4.3 9 350 M M 0 14 330
11 84 38 61 -3 4 0 0.00 M M 4.1 12 350 M M 0 13 350
12 84 40 62 -1 3 0 0.00 M M 4.0 9 350 M M 0 12 330
13 80 44 62 -1 3 0 0.00 M M 4.3 12 150 M M 0 13 150
14 82 42 62 0 3 0 0.00 M M 3.5 9 310 M M 0 11 320
15 72 48 60 -2 5 0 0.14 M M 3.3 14 340 M M 4 1 17 340
16 74 51 63 2 2 0 0.00 M M 2.6 10 150 M M 1 1 14 150
17 75 50 63 2 2 0 0.01 M M 4.1 10 140 M M 2 1 13 120
18 79 54 67 6 0 2 0.00 M M 4.2 15 340 M M 1 19 330
19 80 62 71 11 0 6 0.00 M M 8.6 21 320 M M 0 27 330
20 75 56 66 6 0 1 0.00 M M 12.9 25 350 M M 0 32 340
21 79 47 63 4 2 0 0.00 M M 6.0 12 350 M M 0 16 280
22 79 40 60 1 5 0 0.00 M M 3.0 9 130 M M 0 13 120
23 72 46 59 0 6 0 0.00 M M 3.6 12 150 M M 0 15 150
24 72 47 60 2 5 0 0.00 M M 4.6 12 310 M M 5 17 310
25 71 45 58 0 7 0 0.00 M M 6.0 16 320 M M 1 20 320
26 70 44 57 0 8 0 0.00 M M 5.6 12 320 M M 0 15 320
27 74 45 60 3 5 0 0.00 M M 5.4 14 330 M M 0 16 330
28 76 43 60 3 5 0 0.00 M M 2.6 7 190 M M 0 11 140
29 74 41 58 2 7 0 0.00 M M 6.0 18 330 M M 0 23 330
30 67 43 55 -1 10 0 0.00 M M 4.1 14 330 M M 0 17 330
================================================================================
SM 2363 1402 88 28 0.15 M 154.6 M 14
================================================================================
AV 78.8 46.7 5.2 FASTST M M 0 MAX(MPH)
MISC ----> 25 350 32 340
================================================================================
NOTES:
# LAST OF SEVERAL OCCURRENCES
COLUMN 17 PEAK WIND IN M.P.H.
PRELIMINARY LOCAL CLIMATOLOGICAL DATA (WS FORM: F-6) , PAGE 2
STATION: THERMAL AIRPORT CA
MONTH: NOVEMBER
YEAR: 2023
LATITUDE: 33 37 N
LONGITUDE: 116 10 W
[TEMPERATURE DATA] [PRECIPITATION DATA] SYMBOLS USED IN COLUMN 16
AVERAGE MONTHLY: 62.8 TOTAL FOR MONTH: 0.15 1 = FOG OR MIST
DPTR FM NORMAL: 1.0 DPTR FM NORMAL: -0.02 2 = FOG REDUCING VISIBILITY
HIGHEST: 89 ON 5 GRTST 24HR 0.14 ON 15-15 TO 1/4 MILE OR LESS
LOWEST: 38 ON 11 3 = THUNDER
SNOW, ICE PELLETS, HAIL 4 = ICE PELLETS
TOTAL MONTH: M 5 = HAIL
GRTST 24HR M ON M 6 = FREEZING RAIN OR DRIZZLE
GRTST DEPTH: M ON M 7 = DUSTSTORM OR SANDSTORM:
VSBY 1/2 MILE OR LESS
8 = SMOKE OR HAZE
[NO. OF DAYS WITH] [WEATHER - DAYS WITH] 9 = BLOWING SNOW
X = TORNADO
MAX 32 OR BELOW: 0 0.01 INCH OR MORE: 2
MAX 90 OR ABOVE: 0 0.10 INCH OR MORE: 1
MIN 32 OR BELOW: 0 0.50 INCH OR MORE: 0
MIN 0 OR BELOW: 0 1.00 INCH OR MORE: 0
[HDD (BASE 65) ]
TOTAL THIS MO. 88 CLEAR (SCALE 0-3) 28
DPTR FM NORMAL -53 PTCLDY (SCALE 4-7) 2
TOTAL FM JUL 1 91 CLOUDY (SCALE 8-10) 0
DPTR FM NORMAL -58
[CDD (BASE 65) ]
TOTAL THIS MO. 28
DPTR FM NORMAL -14 [PRESSURE DATA]
TOTAL FM JAN 1 3925 HIGHEST SLP 30.40 ON 21
DPTR FM NORMAL 46 LOWEST SLP 29.70 ON 23
[REMARKS]
#FINAL-11-23#