000
CXUS56 KMTR 251000
CF6OAK
PRELIMINARY LOCAL CLIMATOLOGICAL DATA (WS FORM: F-6)

                                          STATION:   OAKLAND AIRPORT
                                          MONTH:     SEPTEMBER
                                          YEAR:      2017
                                          LATITUDE:   37 43 N
                                          LONGITUDE: 122 13 W

  TEMPERATURE IN F:       :PCPN:    SNOW:  WIND      :SUNSHINE: SKY     :PK WND
================================================================================
1   2   3   4   5  6A  6B    7    8   9   10  11  12  13   14  15   16   17  18
                                     12Z  AVG MX 2MIN
DY MAX MIN AVG DEP HDD CDD  WTR  SNW DPTH SPD SPD DIR MIN PSBL S-S WX    SPD DR
================================================================================

 1 101  60  81  16   0  16 0.00  0.0    0  3.8 13 320   M    M   2 8      16 320
 2 101  66  84  19   0  19 0.00  0.0    0  4.3 15 300   M    M   2 8      18 290
 3  89  67  78  13   0  13 0.00  0.0    0  7.7 16 290   M    M   7 18     21 310
 4  81  63  72   7   0   7    T  0.0    0  5.7 17 320   M    M   8 18     20 320
 5  81  64  73   8   0   8 0.00  0.0    0  8.9 18 310   M    M   4        22 300
 6  77  61  69   4   0   4 0.00  0.0    0  9.9 18 220   M    M   7 18     24 270
 7  73  62  68   3   0   3 0.00  0.0    0 10.5 18 210   M    M   9        21 230
 8  70  60  65   0   0   0 0.00  0.0    0  8.1 17 290   M    M   8 1      23 310
 9  74  61  68   3   0   3 0.00  0.0    0  7.6 17 290   M    M   5        20 290
10  92  57  75  10   0  10 0.00  0.0    0  5.4 14 300   M    M   2 1      16 310
11  85  65  75  10   0  10 0.07  0.0    0  5.6 20 300   M    M   7 13     24 300
12  84  62  73   8   0   8 0.00  0.0    0  8.5 22 310   M    M   4 1      29 320
13  73  63  68   3   0   3 0.00  0.0    0 11.7 20 280   M    M   8        24 240
14  69  61  65   0   0   0 0.00  0.0    0 14.3 22 260   M    M   5        27 260
15  72  55  64  -1   1   0 0.00  0.0    0  7.9 18 270   M    M   2        24 250
16  71  53  62  -3   3   0 0.00  0.0    0  7.8 20 290   M    M   5        24 290
17  70  57  64  -1   1   0 0.00  0.0    0  7.4 18 280   M    M   6 1      23 200
18  71  61  66   2   0   1 0.00  0.0    0 13.7 28 270   M    M   8        33 270
19  74  55  65   1   0   0 0.00  0.0    0  7.5 18 260   M    M   2        24 260
20  72  56  64   0   1   0    T  0.0    0 12.3 23 270   M    M   6 8      28 290
21  68  56  62  -2   3   0 0.00  0.0    0 14.6 26 280   M    M   2        30 280
22  68  52  60  -4   5   0    T  0.0    0  7.5 16 270   M    M   2        21 250
23  78  49  64   0   1   0 0.00  0.0    0  8.2 21 280   M    M   1        24 270
24  77  49  63  -1   2   0 0.00  0.0    0  5.8 20 270   M    M   3        22 270
================================================================================
SM 1871 1415        17 105  0.07     0.0 204.7          M      115
================================================================================
AV 78.0 59.0                               8.5 FASTST   M    M   5    MAX(MPH)
                                 MISC ---->  # 28 270               # 33  270
================================================================================
NOTES:
# LAST OF SEVERAL OCCURRENCES

COLUMN 17 PEAK WIND IN M.P.H.

PRELIMINARY LOCAL CLIMATOLOGICAL DATA (WS FORM: F-6) , PAGE 2

                                          STATION:  OAKLAND AIRPORT
                                          MONTH:    SEPTEMBER
                                          YEAR:     2017
                                          LATITUDE:   37 43 N
                                          LONGITUDE: 122 13 W

[TEMPERATURE DATA]      [PRECIPITATION DATA]       SYMBOLS USED IN COLUMN 16

AVERAGE MONTHLY: 68.5   TOTAL FOR MONTH:   0.07    1 = FOG OR MIST
DPTR FM NORMAL:   3.8   DPTR FM NORMAL:   -0.06    2 = FOG REDUCING VISIBILITY
HIGHEST:   101 ON  2, 1 GRTST 24HR  0.07 ON 11-11      TO 1/4 MILE OR LESS
LOWEST:     49 ON 24,23                            3 = THUNDER
                        SNOW, ICE PELLETS, HAIL    4 = ICE PELLETS
                        TOTAL MONTH:   0.0 INCH    5 = HAIL
                        GRTST 24HR     0.0         6 = FREEZING RAIN OR DRIZZLE
                        GRTST DEPTH:   0           7 = DUSTSTORM OR SANDSTORM:
                                                       VSBY 1/2 MILE OR LESS
                                                   8 = SMOKE OR HAZE
[NO. OF DAYS WITH]      [WEATHER - DAYS WITH]      9 = BLOWING SNOW
                                                   X = TORNADO
MAX 32 OR BELOW:   0    0.01 INCH OR MORE:   1
MAX 90 OR ABOVE:   3    0.10 INCH OR MORE:   0
MIN 32 OR BELOW:   0    0.50 INCH OR MORE:   0
MIN  0 OR BELOW:   0    1.00 INCH OR MORE:   0

[HDD (BASE 65) ]
TOTAL THIS MO.    17    CLEAR  (SCALE 0-3)   9
DPTR FM NORMAL   -29    PTCLDY (SCALE 4-7)  13
TOTAL FM JUL 1    69    CLOUDY (SCALE 8-10)  2
DPTR FM NORMAL  -117

[CDD (BASE 65) ]
TOTAL THIS MO.   105
DPTR FM NORMAL    64    [PRESSURE DATA]
TOTAL FM JAN 1   273    HIGHEST SLP M ON M
DPTR FM NORMAL   152    LOWEST  SLP 29.74 ON M

[REMARKS]
