000
CXUS52 KFFC 011110
CF6ATL
PRELIMINARY LOCAL CLIMATOLOGICAL DATA (WS FORM: F-6)
STATION: ATLANTA
MONTH: OCTOBER
YEAR: 2020
LATITUDE: 33 39 N
LONGITUDE: 84 26 W
TEMPERATURE IN F: :PCPN: SNOW: WIND :SUNSHINE: SKY :PK WND
================================================================================
1 2 3 4 5 6A 6B 7 8 9 10 11 12 13 14 15 16 17 18
12Z AVG MX 2MIN
DY MAX MIN AVG DEP HDD CDD WTR SNW DPTH SPD SPD DIR MIN PSBL S-S WX SPD DR
================================================================================
1 80 55 68 0 0 3 0.00 0.0 M 8.1 17 270 M M 2 23 280
2 69 50 60 -8 5 0 0.00 0.0 M 8.8 17 360 M M 1 27 20
3 71 49 60 -7 5 0 0.00 0.0 M 6.5 12 130 M M 2 20 60
4 75 54 65 -2 0 0 0.00 0.0 M 4.6 10 40 M M 8 16 70
5 77 54 66 -1 0 1 0.00 0.0 M 5.1 13 80 M M 4 16 80
6 79 57 68 2 0 3 0.00 0.0 M 5.1 12 80 M M 4 16 110
7 83 62 73 7 0 8 0.00 0.0 M 4.8 14 300 M M 4 17 300
8 85 59 72 6 0 7 0.00 0.0 M 4.0 9 290 M M 5 14 250
9 75 65 70 5 0 5 0.13 0.0 M 9.6 17 80 M M 9 1 23 50
10 77 65 71 6 0 6 4.55 0.0 0 9.5 18 90 M M 10 1 26 220
11 75 70 73 8 0 8 0.05 0.0 M 8.1 15 220 M M 8 18 22 220
12 81 70 76 12 0 11 0.00 0.0 M 6.1 14 290 M M 7 18 290
13 80 60 70 6 0 5 0.00 0.0 M 10.4 17 320 M M 2 1 23 300
14 80 55 68 4 0 3 0.00 0.0 M 7.2 15 120 M M 1 21 120
15 81 63 72 8 0 7 T 0.0 M 6.2 13 220 M M 6 1 18 210
16 69 52 61 -2 4 0 0.00 0.0 M 11.7 23 320 M M 3 32 320
17 67 45 56 -7 9 0 0.00 0.0 M 9.5 18 90 M M 1 25 100
18 72 49 61 -2 4 0 0.00 0.0 M 9.0 15 120 M M 3 20 110
19 76 54 65 3 0 0 0.00 0.0 M 7.0 12 80 M M 2 14 80
20 79 57 68 6 0 3 0.00 0.0 M 7.4 12 70 M M 2 17 60
21 81 62 72 10 0 7 0.00 0.0 M 8.0 14 80 M M 5 19 80
22 81 65 73 11 0 8 0.00 0.0 M 8.3 15 90 M M 5 20 120
23 82 64 73 12 0 8 0.00 0.0 M 5.6 10 150 M M 4 14 190
24 80 65 73 12 0 8 2.48 0.0 M 4.7 21 310 M M 8 13 22 310
25 75 66 71 10 0 6 T 0.0 M 4.5 9 310 M M 9 1 13 320
26 69 64 67 7 0 2 0.02 0.0 M 6.8 15 80 M M 10 1 17 80
27 75 64 70 10 0 5 0.05 0.0 M 6.0 10 190 M M 9 12 13 190
28 77 69 73 13 0 8 0.06 0.0 M 7.5 16 140 M M 10 1 26 140
29 82 50 66 6 0 1 0.89 0.0 M 17.6 35 190 M M 7 1 52 170
30 63 48 56 -3 9 0 0.00 0.0 M 13.7 24 340 M M 4 33 320
31 66 47 57 -2 8 0 T M M 11.5 21 70 M M 4 1 27 70
================================================================================
SM 2362 1809 44 123 8.23 0.0 242.9 M 159
================================================================================
AV 76.2 58.4 7.8 FASTST M M 5 MAX(MPH)
MISC ----> 35 190 52 170
================================================================================
NOTES:
# LAST OF SEVERAL OCCURRENCES
COLUMN 17 PEAK WIND IN M.P.H.
PRELIMINARY LOCAL CLIMATOLOGICAL DATA (WS FORM: F-6) , PAGE 2
STATION: ATLANTA
MONTH: OCTOBER
YEAR: 2020
LATITUDE: 33 39 N
LONGITUDE: 84 26 W
[TEMPERATURE DATA] [PRECIPITATION DATA] SYMBOLS USED IN COLUMN 16
AVERAGE MONTHLY: 67.3 TOTAL FOR MONTH: 8.23 1 = FOG OR MIST
DPTR FM NORMAL: 4.0 DPTR FM NORMAL: 4.82 2 = FOG REDUCING VISIBILITY
HIGHEST: 85 ON 8 GRTST 24HR 4.56 ON 9-10 TO 1/4 MILE OR LESS
LOWEST: 45 ON 17 3 = THUNDER
SNOW, ICE PELLETS, HAIL 4 = ICE PELLETS
TOTAL MONTH: 0.0 INCH 5 = HAIL
GRTST 24HR 0.0 6 = FREEZING RAIN OR DRIZZLE
GRTST DEPTH: 0 7 = DUSTSTORM OR SANDSTORM:
VSBY 1/2 MILE OR LESS
8 = SMOKE OR HAZE
[NO. OF DAYS WITH] [WEATHER - DAYS WITH] 9 = BLOWING SNOW
X = TORNADO
MAX 32 OR BELOW: 0 0.01 INCH OR MORE: 8
MAX 90 OR ABOVE: 0 0.10 INCH OR MORE: 4
MIN 32 OR BELOW: 0 0.50 INCH OR MORE: 3
MIN 0 OR BELOW: 0 1.00 INCH OR MORE: 2
[HDD (BASE 65) ]
TOTAL THIS MO. 44 CLEAR (SCALE 0-3) 10
DPTR FM NORMAL -74 PTCLDY (SCALE 4-7) 14
TOTAL FM JUL 1 57 CLOUDY (SCALE 8-10) 7
DPTR FM NORMAL -71
[CDD (BASE 65) ]
TOTAL THIS MO. 123
DPTR FM NORMAL 56 [PRESSURE DATA]
TOTAL FM JAN 1 2078 HIGHEST SLP 30.37 ON 31
DPTR FM NORMAL 206 LOWEST SLP 29.50 ON 29
[REMARKS]
#FINAL-10-20#