000
CXUS53 KDDC 011507
CF6DDC
PRELIMINARY LOCAL CLIMATOLOGICAL DATA (WS FORM: F-6)
STATION: DODGE CITY KS
MONTH: NOVEMBER
YEAR: 2023
LATITUDE: 37 46 N
LONGITUDE: 99 58 W
TEMPERATURE IN F: :PCPN: SNOW: WIND :SUNSHINE: SKY :PK WND
================================================================================
1 2 3 4 5 6A 6B 7 8 9 10 11 12 13 14 15 16 17 18
12Z AVG MX 2MIN
DY MAX MIN AVG DEP HDD CDD WTR SNW DPTH SPD SPD DIR MIN PSBL S-S WX SPD DR
================================================================================
1 66 24 45 -5 20 0 0.00 0.0 0 14.9 23 210 M M 0 8 30 200
2 71 33 52 3 13 0 0.00 0.0 0 11.0 16 200 M M 0 8 23 200
3 81 39 60 11 5 0 0.00 0.0 0 10.2 18 50 M M 0 24 190
4 70 36 53 5 12 0 0.00 0.0 0 7.2 17 50 M M 0 1 22 50
5 76 39 58 10 7 0 0.00 0.0 0 12.3 26 200 M M 4 128 37 200
6 76 43 60 12 5 0 0.00 0.0 0 8.7 15 360 M M 0 19 360
7 84 45 65 18 0 0 0.00 0.0 0 7.3 15 170 M M 4 128 21 170
8 68 42 55 8 10 0 0.00 0.0 0 15.3 26 360 M M 4 18 35 360
9 58 38 48 2 17 0 0.00 0.0 0 6.3 18 30 M M 3 8 24 30
10 62 24 43 -3 22 0 0.00 0.0 0 8.8 17 180 M M 1 8 23 180
11 61 39 50 4 15 0 0.03 0.0 0 12.6 25 190 M M 3 33 200
12 74 35 55 10 10 0 0.00 0.0 0 6.8 16 10 M M 0 22 20
13 70 28 49 4 16 0 0.00 0.0 0 8.7 20 180 M M 0 8 25 170
14 71 38 55 11 10 0 0.00 0.0 0 14.0 26 190 M M 0 18 36 190
15 72 38 55 11 10 0 0.00 0.0 0 8.9 15 170 M M 0 18 20 150
16 66 46 56 13 9 0 0.00 0.0 0 14.9 26 200 M M 0 18 34 190
17 62 31 47 4 18 0 0.00 0.0 0 8.2 23 20 M M 0 31 20
18 70 34 52 9 13 0 0.00 0.0 0 12.3 21 170 M M 1 29 180
19 60 44 52 10 13 0 T 0.0 0 11.3 24 160 M M 9 12 32 170
20 51 42 47 5 18 0 0.08 0.0 0 18.5 28 360 M M 10 12 38 360
21 55 29 42 1 23 0 0.00 0.0 0 14.7 30 360 M M 2 40 350
22 66 25 46 5 19 0 0.00 0.0 0 10.6 18 210 M M 0 25 200
23 50 30 40 0 25 0 0.00 0.0 0 16.6 28 30 M M 2 35 40
24 31 23 27 -13 38 0 0.00 0.0 0 16.3 26 30 M M 9 36 30
25 26 19 23 -17 42 0 0.36 5.3 T 8.9 16 360 M M 10 12 20 360
26 40 15 28 -11 37 0 0.00 0.0 5 12.7 22 310 M M 0 27 310
27 48 22 35 -4 30 0 0.00 0.0 1 7.4 10 250 M M 1 15 260
28 55 22 39 0 26 0 0.00 0.0 1 8.9 16 230 M M 0 22 220
29 60 22 41 3 24 0 0.00 0.0 T 9.4 17 170 M M 0 23 160
30 46 28 37 -1 28 0 0.01 0.2 0 15.3 28 20 M M 3 37 10
================================================================================
SM 1846 973 535 0 0.48 5.5 339.0 M 66
================================================================================
AV 61.5 32.4 11.3 FASTST M M 2 MAX(MPH)
MISC ----> 30 360 40 350
================================================================================
NOTES:
# LAST OF SEVERAL OCCURRENCES
COLUMN 17 PEAK WIND IN M.P.H.
PRELIMINARY LOCAL CLIMATOLOGICAL DATA (WS FORM: F-6) , PAGE 2
STATION: DODGE CITY KS
MONTH: NOVEMBER
YEAR: 2023
LATITUDE: 37 46 N
LONGITUDE: 99 58 W
[TEMPERATURE DATA] [PRECIPITATION DATA] SYMBOLS USED IN COLUMN 16
AVERAGE MONTHLY: 47.0 TOTAL FOR MONTH: 0.48 1 = FOG OR MIST
DPTR FM NORMAL: 3.3 DPTR FM NORMAL: -0.32 2 = FOG REDUCING VISIBILITY
HIGHEST: 84 ON 7 GRTST 24HR 0.36 ON 25-25 TO 1/4 MILE OR LESS
LOWEST: 15 ON 26 3 = THUNDER
SNOW, ICE PELLETS, HAIL 4 = ICE PELLETS
TOTAL MONTH: 5.5 INCHES 5 = HAIL
GRTST 24HR 5.3 ON 25-25 6 = FREEZING RAIN OR DRIZZLE
GRTST DEPTH: 5 ON 26 7 = DUSTSTORM OR SANDSTORM:
VSBY 1/2 MILE OR LESS
8 = SMOKE OR HAZE
[NO. OF DAYS WITH] [WEATHER - DAYS WITH] 9 = BLOWING SNOW
X = TORNADO
MAX 32 OR BELOW: 2 0.01 INCH OR MORE: 4
MAX 90 OR ABOVE: 0 0.10 INCH OR MORE: 1
MIN 32 OR BELOW: 14 0.50 INCH OR MORE: 0
MIN 0 OR BELOW: 0 1.00 INCH OR MORE: 0
[HDD (BASE 65) ]
TOTAL THIS MO. 535 CLEAR (SCALE 0-3) 23
DPTR FM NORMAL -106 PTCLDY (SCALE 4-7) 3
TOTAL FM JUL 1 828 CLOUDY (SCALE 8-10) 4
DPTR FM NORMAL -153
[CDD (BASE 65) ]
TOTAL THIS MO. 0
DPTR FM NORMAL -1 [PRESSURE DATA]
TOTAL FM JAN 1 1594 HIGHEST SLP 30.47 ON 24
DPTR FM NORMAL 47 LOWEST SLP 29.55 ON 8
[REMARKS]
#FINAL-11-23#