000
CDUS43 KGRR 260515
CLIGRR


CLIMATE REPORT
NATIONAL WEATHER SERVICE GRAND RAPIDS, MI
114 AM EDT TUE MAY 26 2015


...................................

...THE GRAND RAPIDS MI CLIMATE SUMMARY FOR MAY 25 2015...

CLIMATE NORMAL PERIOD 1981 TO 2010
CLIMATE RECORD PERIOD 1892 TO 2015


WEATHER ITEM   OBSERVED TIME   RECORD YEAR NORMAL DEPARTURE LAST
                VALUE   (LST)  VALUE       VALUE  FROM      YEAR
                                                  NORMAL
..................................................................
TEMPERATURE (F)
 YESTERDAY
  MAXIMUM         77    440 PM  91    1977  72      5       82
  MINIMUM         64   1143 PM  31    1992  51     13       51
  AVERAGE         71                        62      9       67

PRECIPITATION (IN)
  YESTERDAY        0.25          1.27 1970   0.14   0.11     0.00
  MONTH TO DATE    2.30                      3.23  -0.93     3.31
  SINCE MAR 1      7.42                      8.95  -1.53     7.47
  SINCE JAN 1     10.46                     12.83  -2.37    13.27

SNOWFALL (IN)
  YESTERDAY        0.0           T    1950   0.0    0.0      0.0
                                      1924
  MONTH TO DATE    0.0                       0.0    0.0      0.0
  SINCE MAR 1      3.3                      10.1   -6.8      8.2
  SINCE JUL 1     78.1                      74.9    3.2    116.0
  SNOW DEPTH       0

DEGREE DAYS
 HEATING
  YESTERDAY        0                         5     -5        0
  MONTH TO DATE  153                       208    -55      218
  SINCE MAR 1   1668                      1636     32     1918
  SINCE JUL 1   6970                      6413    557     7199

 COOLING
  YESTERDAY        6                         2      4        2
  MONTH TO DATE   35                        25     10       21
  SINCE MAR 1     35                        33      2       23
  SINCE JAN 1     35                        33      2       23
..................................................................


WIND (MPH)
  RESULTANT WIND SPEED  12   RESULTANT WIND DIRECTION  SW (210)
  HIGHEST WIND SPEED    31   HIGHEST WIND DIRECTION    SW (240)
  HIGHEST GUST SPEED    39   HIGHEST GUST DIRECTION     S (180)
  AVERAGE WIND SPEED    14.3


SKY COVER
  POSSIBLE SUNSHINE  34 PERCENT
  AVERAGE SKY COVER 0.8


WEATHER CONDITIONS
 THE FOLLOWING WEATHER WAS RECORDED YESTERDAY.
  HEAVY RAIN
  LIGHT RAIN
  FOG
  HAZE


RELATIVE HUMIDITY (PERCENT)
 HIGHEST    84          1100 PM
 LOWEST     57           200 AM
 AVERAGE    71

..........................................................


THE GRAND RAPIDS MI CLIMATE NORMALS FOR TODAY
                         NORMAL    RECORD    YEAR
 MAXIMUM TEMPERATURE (F)   73        90      2010
 MINIMUM TEMPERATURE (F)   51        34      1974
                                             1897


SUNRISE AND SUNSET
MAY 26 2015...........SUNRISE   610 AM EDT   SUNSET   909 PM EDT
MAY 27 2015...........SUNRISE   609 AM EDT   SUNSET   910 PM EDT


-  INDICATES NEGATIVE NUMBERS.
R  INDICATES RECORD WAS SET OR TIED.
MM INDICATES DATA IS MISSING.
T  INDICATES TRACE AMOUNT.




$$
