000
CDUS43 KGRR 220522
CLIGRR


CLIMATE REPORT
NATIONAL WEATHER SERVICE GRAND RAPIDS, MI
122 AM EDT SAT APR 22 2017


...................................

...THE GRAND RAPIDS MI CLIMATE SUMMARY FOR APRIL 21 2017...

CLIMATE NORMAL PERIOD 1981 TO 2010
CLIMATE RECORD PERIOD 1892 TO 2017


WEATHER ITEM   OBSERVED TIME   RECORD YEAR NORMAL DEPARTURE LAST
                VALUE   (LST)  VALUE       VALUE  FROM      YEAR
                                                  NORMAL
..................................................................
TEMPERATURE (F)
 YESTERDAY
  MAXIMUM         50    557 PM  84    1985  61    -11       65
  MINIMUM         41   1159 PM  22    1953  40      1       49
  AVERAGE         46                        50     -4       57

PRECIPITATION (IN)
  YESTERDAY        T             1.71 1967   0.11  -0.11     0.08
  MONTH TO DATE    4.04                      2.34   1.70     2.34
  SINCE MAR 1      7.31                      4.71   2.60     7.28
  SINCE JAN 1     12.87                      8.59   4.28    12.21

SNOWFALL (IN)
  YESTERDAY        0.0           2.0  1924   0.0    0.0      0.0
  MONTH TO DATE    0.4                       1.7   -1.3      9.4
  SINCE MAR 1      5.1                      10.0   -4.9     19.5
  SINCE JUL 1     60.1                      74.8  -14.7     61.1
  SNOW DEPTH       0

DEGREE DAYS
 HEATING
  YESTERDAY       19                        15      4        8
  MONTH TO DATE  288                       398   -110      434
  SINCE MAR 1   1209                      1308    -99     1183
  SINCE JUL 1   5263                      6085   -822     5260

 COOLING
  YESTERDAY        0                         0      0        0
  MONTH TO DATE    0                         0      0        0
  SINCE MAR 1      0                         1     -1        0
  SINCE JAN 1      0                         1     -1        0
..................................................................


WIND (MPH)
  RESULTANT WIND SPEED  11   RESULTANT WIND DIRECTION  NW (300)
  HIGHEST WIND SPEED    24   HIGHEST WIND DIRECTION     W (290)
  HIGHEST GUST SPEED    30   HIGHEST GUST DIRECTION     W (280)
  AVERAGE WIND SPEED    12.7


SKY COVER
  POSSIBLE SUNSHINE  26 PERCENT
  AVERAGE SKY COVER 0.8


WEATHER CONDITIONS
 THE FOLLOWING WEATHER WAS RECORDED YESTERDAY.
  LIGHT RAIN


RELATIVE HUMIDITY (PERCENT)
 HIGHEST    86           100 AM
 LOWEST     56           600 PM
 AVERAGE    71

..........................................................


THE GRAND RAPIDS MI CLIMATE NORMALS FOR TODAY
                         NORMAL    RECORD    YEAR
 MAXIMUM TEMPERATURE (F)   61        86      1980
 MINIMUM TEMPERATURE (F)   40        24      1986
                                             1950


SUNRISE AND SUNSET
APRIL 22 2017.........SUNRISE   649 AM EDT   SUNSET   833 PM EDT
APRIL 23 2017.........SUNRISE   647 AM EDT   SUNSET   834 PM EDT


-  INDICATES NEGATIVE NUMBERS.
R  INDICATES RECORD WAS SET OR TIED.
MM INDICATES DATA IS MISSING.
T  INDICATES TRACE AMOUNT.




$$

jam
