000
CDUS43 KGRR 081350
CLIGRR


CLIMATE REPORT
NATIONAL WEATHER SERVICE GRAND RAPIDS, MI
948 AM EDT THU JUN 8 2017


...................................

...THE GRAND RAPIDS MI CLIMATE SUMMARY FOR JUNE 8 2017...
VALID AS OF 0900 AM LOCAL TIME.

CLIMATE NORMAL PERIOD 1981 TO 2010
CLIMATE RECORD PERIOD 1892 TO 2017


WEATHER ITEM   OBSERVED TIME   RECORD YEAR NORMAL DEPARTURE LAST
                VALUE   (LST)  VALUE       VALUE  FROM      YEAR
                                                  NORMAL
..................................................................
TEMPERATURE (F)
 TODAY
  MAXIMUM         66    759 AM  97    1933  77    -11       69
  MINIMUM         52    453 AM  38    1998  56     -4       46
                                      1949
  AVERAGE         59                        66     -7       58

PRECIPITATION (IN)
  TODAY            0.00          2.32 1974   0.13  -0.13      T
  MONTH TO DATE    0.23                      1.02  -0.79     0.50
  SINCE JUN 1      0.23                      1.02  -0.79     0.50
  SINCE JAN 1     16.83                     14.60   2.23    17.30

SNOWFALL (IN)
  TODAY            0.0           T    2003   0.0    0.0      0.0
  MONTH TO DATE    0.0                       0.0    0.0      0.0
  SINCE JUN 1      0.0                       0.0    0.0      0.0
  SINCE JUL 1     60.1                      74.9  -14.8     61.1
  SNOW DEPTH       0

DEGREE DAYS
 HEATING
  TODAY            6                         2      4        7
  MONTH TO DATE   13                        23    -10       16
  SINCE JUN 1     13                        23    -10       16
  SINCE JUL 1   5626                      6463   -837     5612

 COOLING
  TODAY            0                         3     -3        0
  MONTH TO DATE   11                        24    -13       23
  SINCE JUN 1     11                        24    -13       23
  SINCE JAN 1     41                        71    -30       94
..................................................................


WIND (MPH)
  RESULTANT WIND SPEED   4   RESULTANT WIND DIRECTION   S (180)
  HIGHEST WIND SPEED     9   HIGHEST WIND DIRECTION    SW (230)
  HIGHEST GUST SPEED    12   HIGHEST GUST DIRECTION     S (200)
  AVERAGE WIND SPEED     4.1


SKY COVER
  AVERAGE SKY COVER 0.1


WEATHER CONDITIONS
 THE FOLLOWING WEATHER WAS RECORDED TODAY.
  NO SIGNIFICANT WEATHER WAS OBSERVED.


RELATIVE HUMIDITY (PERCENT)
 HIGHEST    89           200 AM
 LOWEST     48           800 AM
 AVERAGE    69

..........................................................


THE GRAND RAPIDS MI CLIMATE NORMALS FOR TOMORROW
                         NORMAL    RECORD    YEAR
 MAXIMUM TEMPERATURE (F)   77        93      1964
 MINIMUM TEMPERATURE (F)   56        37      1969


SUNRISE AND SUNSET
JUNE  8 2017..........SUNRISE   603 AM EDT   SUNSET   919 PM EDT
JUNE  9 2017..........SUNRISE   603 AM EDT   SUNSET   920 PM EDT


-  INDICATES NEGATIVE NUMBERS.
R  INDICATES RECORD WAS SET OR TIED.
MM INDICATES DATA IS MISSING.
T  INDICATES TRACE AMOUNT.




$$

63
