000
CDUS43 KGRR 140525
CLIGRR


CLIMATE REPORT
NATIONAL WEATHER SERVICE GRAND RAPIDS, MI
1225 AM EST SUN DEC 14 2014


...................................

...THE GRAND RAPIDS MI CLIMATE SUMMARY FOR DECEMBER 13 2014...

CLIMATE NORMAL PERIOD 1981 TO 2010
CLIMATE RECORD PERIOD 1892 TO 2014


WEATHER ITEM   OBSERVED TIME   RECORD YEAR NORMAL DEPARTURE LAST
                VALUE   (LST)  VALUE       VALUE  FROM      YEAR
                                                  NORMAL
..................................................................
TEMPERATURE (F)
 YESTERDAY
  MAXIMUM         43   1159 PM  57    1920  35      8       28
  MINIMUM         35    859 AM  -6    1958  24     11       21
  AVERAGE         39                        30      9       25

PRECIPITATION (IN)
  YESTERDAY        0.01          0.81 1975   0.08  -0.07     0.00
  MONTH TO DATE    0.08                      1.14  -1.06     1.17
  SINCE DEC 1      0.08                      1.14  -1.06     1.17
  SINCE JAN 1     38.79                     36.91   1.88    43.95

SNOWFALL (IN)
  YESTERDAY        0.0           6.8  1973   0.7   -0.7      0.0
  MONTH TO DATE    0.1                       7.9   -7.8     14.1
  SINCE DEC 1      0.1                       7.9   -7.8     14.1
  SINCE JUL 1     31.1                      15.2   15.9     16.3
  SNOW DEPTH       0

DEGREE DAYS
 HEATING
  YESTERDAY       26                        35     -9       40
  MONTH TO DATE  448                       432     16      482
  SINCE DEC 1    448                       432     16      482
  SINCE JUL 1   1944                      1770    174     1804

 COOLING
  YESTERDAY        0                         0      0        0
  MONTH TO DATE    0                         0      0        0
  SINCE DEC 1      0                         0      0        0
  SINCE JAN 1    611                       699    -88      767
..................................................................


WIND (MPH)
  RESULTANT WIND SPEED  13   RESULTANT WIND DIRECTION   W (260)
  HIGHEST WIND SPEED    20   HIGHEST WIND DIRECTION     W (260)
  HIGHEST GUST SPEED    24   HIGHEST GUST DIRECTION     W (260)
  AVERAGE WIND SPEED    12.7


SKY COVER
  POSSIBLE SUNSHINE   0 PERCENT
  AVERAGE SKY COVER 1.0


WEATHER CONDITIONS
 THE FOLLOWING WEATHER WAS RECORDED YESTERDAY.
  LIGHT RAIN
  FOG
  FOG W/VISIBILITY <= 1/4 MILE


RELATIVE HUMIDITY (PERCENT)
 HIGHEST   100           300 PM
 LOWEST     86           100 PM
 AVERAGE    93

..........................................................


THE GRAND RAPIDS MI CLIMATE NORMALS FOR TODAY
                         NORMAL    RECORD    YEAR
 MAXIMUM TEMPERATURE (F)   35        59      1975
 MINIMUM TEMPERATURE (F)   24        -1      1943


SUNRISE AND SUNSET
DECEMBER 14 2014......SUNRISE   805 AM EST   SUNSET   508 PM EST
DECEMBER 15 2014......SUNRISE   806 AM EST   SUNSET   508 PM EST


-  INDICATES NEGATIVE NUMBERS.
R  INDICATES RECORD WAS SET OR TIED.
MM INDICATES DATA IS MISSING.
T  INDICATES TRACE AMOUNT.




$$
