000
CDUS43 KGRR 172226
CLIGRR


CLIMATE REPORT
NATIONAL WEATHER SERVICE GRAND RAPIDS, MI
525 PM EST THU NOV 17 2016


...................................

...THE GRAND RAPIDS MI CLIMATE SUMMARY FOR NOVEMBER 17 2016...
VALID TODAY AS OF 0500 PM LOCAL TIME.

CLIMATE NORMAL PERIOD 1981 TO 2010
CLIMATE RECORD PERIOD 1892 TO 2016


WEATHER ITEM   OBSERVED TIME   RECORD YEAR NORMAL DEPARTURE LAST
                VALUE   (LST)  VALUE       VALUE  FROM      YEAR
                                                  NORMAL
..................................................................
TEMPERATURE (F)
 TODAY
  MAXIMUM         67    338 PM  70    1958  47     20       65
                                      1953
  MINIMUM         35    225 AM   9    1959  33      2       50
  AVERAGE         51                        40     11       58

PRECIPITATION (IN)
  TODAY            0.00          1.59 1952   0.12  -0.12     0.03
  MONTH TO DATE    1.35                      2.05  -0.70     0.99
  SINCE SEP 1      9.90                      9.59   0.31     6.52
  SINCE JAN 1     41.44                     34.31   7.13    28.16

SNOWFALL (IN)
  TODAY            0.0           7.1  1989   0.2   -0.2      0.0
  MONTH TO DATE    0.0                       2.5   -2.5       T
  SINCE SEP 1      0.0                       3.0   -3.0       T
  SINCE JUL 1      0.0                       3.0   -3.0       T
  SNOW DEPTH       0

DEGREE DAYS
 HEATING
  TODAY           14                        25    -11        7
  MONTH TO DATE  257                       378   -121      242
  SINCE SEP 1    625                       950   -325      694
  SINCE JUL 1    625                       970   -345      723

 COOLING
  TODAY            0                         0      0        0
  MONTH TO DATE    0                         0      0        0
  SINCE SEP 1    105                        74     31      135
  SINCE JAN 1    936                       699    237      642
..................................................................


WIND (MPH)
  RESULTANT WIND SPEED   9   RESULTANT WIND DIRECTION   S (160)
  HIGHEST WIND SPEED    20   HIGHEST WIND DIRECTION     S (170)
  HIGHEST GUST SPEED    26   HIGHEST GUST DIRECTION     S (160)
  AVERAGE WIND SPEED     9.5


SKY COVER
  AVERAGE SKY COVER 0.5


WEATHER CONDITIONS
 THE FOLLOWING WEATHER WAS RECORDED TODAY.
  FOG
  FOG W/VISIBILITY <= 1/4 MILE
  HAZE


RELATIVE HUMIDITY (PERCENT)
 HIGHEST   100           300 AM
 LOWEST     45           100 PM
 AVERAGE    73

..........................................................


THE GRAND RAPIDS MI CLIMATE NORMALS FOR TOMORROW
                         NORMAL    RECORD    YEAR
 MAXIMUM TEMPERATURE (F)   46        70      1958
 MINIMUM TEMPERATURE (F)   32        11      1959


SUNRISE AND SUNSET
NOVEMBER 17 2016......SUNRISE   737 AM EST   SUNSET   517 PM EST
NOVEMBER 18 2016......SUNRISE   739 AM EST   SUNSET   516 PM EST


-  INDICATES NEGATIVE NUMBERS.
R  INDICATES RECORD WAS SET OR TIED.
MM INDICATES DATA IS MISSING.
T  INDICATES TRACE AMOUNT.




$$
