000
CXUS54 KMAF 011110
CF6MRF
PRELIMINARY LOCAL CLIMATOLOGICAL DATA (WS FORM: F-6)
STATION: MARFA
MONTH: MAY
YEAR: 2022
LATITUDE: 30 22 N
LONGITUDE: 104 1 W
TEMPERATURE IN F: :PCPN: SNOW: WIND :SUNSHINE: SKY :PK WND
================================================================================
1 2 3 4 5 6A 6B 7 8 9 10 11 12 13 14 15 16 17 18
12Z AVG MX 2MIN
DY MAX MIN AVG DEP HDD CDD WTR SNW DPTH SPD SPD DIR MIN PSBL S-S WX SPD DR
================================================================================
1 88 53 71 M 0 6 M M M 10.7 18 230 M M 1 32 120
2 85 44 65 M 0 0 M M M 10.2 25 250 M M 1 12 31 230
3 88 45 67 M 0 2 M M M 7.9 13 310 M M 0 18 180
4 86 51 69 M 0 4 M M M 7.2 13 250 M M 0 18 250
5 84 48 66 M 0 1 M M M 11.2 21 290 M M 0 33 280
6 90 39 65 M 0 0 M M M 10.1 25 260 M M 0 41 280
7 93 47 70 M 0 5 M M M 10.1 25 240 M M 0 33 240
8 91 52 72 M 0 7 M M M 10.7 22 240 M M 0 30 230
9 92 50 71 M 0 6 M M M 8.5 17 250 M M 0 28 230
10 95 57 76 M 0 11 M M M 8.7 21 60 M M 0 32 110
11 96 63 80 M 0 15 0.01 M M 13.3 22 130 M M 2 32 170
12 93 57 75 M 0 10 M M M 9.9 17 260 M M 0 24 220
13 93 59 76 M 0 11 M M M 6.4 18 240 M M 0 24 240
14 93 53 73 M 0 8 M M M 5.4 10 90 M M 0 17 90
15 94 52 73 M 0 8 M M M 4.4 8 150 M M 0 8 17 220
16 95 55 75 M 0 10 M M M 12.0 24 170 M M 0 48 140
17 96 57 77 M 0 12 M M M 8.3 24 260 M M 0 30 250
18 92 50 71 M 0 6 M M M 10.5 20 280 M M 0 25 290
19 94 54 74 M 0 9 M M M 9.9 17 230 M M 0 31 230
20 88 53 71 M 0 6 M M M 10.7 25 280 M M 0 36 280
21 84 51 68 M 0 3 M M M 11.7 23 20 M M 0 26 50
22 67 54 61 M 4 0 M M M 16.0 25 40 M M 0 35 30
23 80 55 68 M 0 3 0.19 M M 11.4 26 90 M M 4 3 40 90
24 84 48 66 M 0 1 M M M 12.9 31 20 M M 2 8 43 20
25 83 46 65 M 0 0 M M M 12.0 24 360 M M 0 32 360
26 94 43 69 M 0 4 M M M 7.5 21 280 M M 0 24 280
27 94 51 73 M 0 8 M M M 7.9 24 80 M M 0 8 43 300
28 97 56 77 M 0 12 M M M 7.4 17 180 M M 0 45 150
29 95 54 75 M 0 10 M M M 8.1 20 190 M M 0 26 190
30 93 63 78 M 0 13 M M M 11.6 21 250 M M 0 28 250
31 97 59 78 M 0 13 M M M 7.4 24 60 M M 0 32 70
================================================================================
SM 2794 1619 4 204 0.20 M 300.1 M 10
================================================================================
AV 90.1 52.2 9.7 FASTST M M 0 MAX(MPH)
MISC ----> 31 20 48 140
================================================================================
NOTES:
# LAST OF SEVERAL OCCURRENCES
COLUMN 17 PEAK WIND IN M.P.H.
PRELIMINARY LOCAL CLIMATOLOGICAL DATA (WS FORM: F-6) , PAGE 2
STATION: MARFA
MONTH: MAY
YEAR: 2022
LATITUDE: 30 22 N
LONGITUDE: 104 1 W
[TEMPERATURE DATA] [PRECIPITATION DATA] SYMBOLS USED IN COLUMN 16
AVERAGE MONTHLY: 71.2 TOTAL FOR MONTH: 0.20 1 = FOG OR MIST
DPTR FM NORMAL: 0.0 DPTR FM NORMAL: M 2 = FOG REDUCING VISIBILITY
HIGHEST: 97 ON 31,28 GRTST 24HR 0.19 ON 23-23 TO 1/4 MILE OR LESS
LOWEST: 39 ON 6 3 = THUNDER
SNOW, ICE PELLETS, HAIL 4 = ICE PELLETS
TOTAL MONTH: M 5 = HAIL
GRTST 24HR M ON M 6 = FREEZING RAIN OR DRIZZLE
GRTST DEPTH: M ON M 7 = DUSTSTORM OR SANDSTORM:
VSBY 1/2 MILE OR LESS
8 = SMOKE OR HAZE
[NO. OF DAYS WITH] [WEATHER - DAYS WITH] 9 = BLOWING SNOW
X = TORNADO
MAX 32 OR BELOW: 0 0.01 INCH OR MORE: 2
MAX 90 OR ABOVE: 20 0.10 INCH OR MORE: 1
MIN 32 OR BELOW: 0 0.50 INCH OR MORE: 0
MIN 0 OR BELOW: 0 1.00 INCH OR MORE: 0
[HDD (BASE 65) ]
TOTAL THIS MO. 4 CLEAR (SCALE 0-3) 30
DPTR FM NORMAL M PTCLDY (SCALE 4-7) 1
TOTAL FM JUL 1 2866 CLOUDY (SCALE 8-10) 0
DPTR FM NORMAL M
[CDD (BASE 65) ]
TOTAL THIS MO. 204
DPTR FM NORMAL M [PRESSURE DATA]
TOTAL FM JAN 1 239 HIGHEST SLP M ON M
DPTR FM NORMAL M LOWEST SLP M ON M
[REMARKS]
#FINAL-05-22#