000
CXUS51 KRNK 032209
CF6ROA
PRELIMINARY LOCAL CLIMATOLOGICAL DATA (WS FORM: F-6)
STATION: ROANOKE VA
MONTH: SEPTEMBER
YEAR: 2022
LATITUDE: 37 19 N
LONGITUDE: 79 58 W
TEMPERATURE IN F: :PCPN: SNOW: WIND :SUNSHINE: SKY :PK WND
================================================================================
1 2 3 4 5 6A 6B 7 8 9 10 11 12 13 14 15 16 17 18
12Z AVG MX 2MIN
DY MAX MIN AVG DEP HDD CDD WTR SNW DPTH SPD SPD DIR MIN PSBL S-S WX SPD DR
================================================================================
1 86 60 73 -1 0 8 0.00 0.0 0 2.3 13 30 M M 1 15 40
2 87 62 75 1 0 10 0.00 0.0 0 3.4 16 140 M M 2 19 150
3 87 64 76 3 0 11 0.00 0.0 0 3.8 13 130 M M 3 17 120
4 85 67 76 3 0 11 0.40 0.0 0 4.4 18 120 M M 7 13 23 110
5 78 70 74 1 0 9 1.62 0.0 0 5.4 15 150 M M 10 1 19 160
6 87 69 78 5 0 13 0.00 0.0 0 4.1 10 320 M M 4 14 330
7 86 68 77 5 0 12 T 0.0 0 4.8 21 310 M M 5 25 320
8 81 67 74 2 0 9 0.15 0.0 0 3.5 12 150 M M 9 1 14 150
9 80 67 74 2 0 9 0.00 0.0 0 5.3 15 100 M M 7 18 100
10 70 66 68 -4 0 3 0.86 0.0 0 4.7 12 20 M M 9 1 14 20
11 80 67 74 3 0 9 0.10 0.0 0 2.0 7 120 M M 9 12 8 120
12 86 67 77 6 0 12 T 0.0 0 5.3 16 280 M M 6 123 21 290
13 79 59 69 -1 0 4 0.00 0.0 0 7.2 17 260 M M 3 22 280
14 79 53 66 -4 0 1 0.00 0.0 0 3.4 14 20 M M 1 18 10
15 81 56 69 -1 0 4 0.00 0.0 0 1.3 12 10 M M 1 14 20
16 83 57 70 0 0 5 0.00 0.0 0 2.0 10 130 M M 1 13 60
17 81 58 70 1 0 5 0.00 0.0 0 2.1 13 120 M M 2 1 15 140
18 85 56 71 2 0 6 0.00 0.0 0 2.7 12 130 M M 1 14 130
19 86 61 74 6 0 9 T 0.0 0 3.2 17 350 M M 2 20 350
20 89 64 77 9 0 12 0.00 0.0 0 4.4 14 20 M M 1 17 20
21 88 58 73 5 0 8 0.00 0.0 0 2.7 10 150 M M 0 13 130
22 83 58 71 3 0 6 0.00 0.0 0 13.3 29 330 M M 3 40 320
23 73 49 61 -6 4 0 0.00 0.0 0 7.1 18 320 M M 1 23 330
24 76 54 65 -2 0 0 T 0.0 0 4.9 13 150 M M 5 17 140
25 75 58 67 1 0 2 0.09 0.0 0 7.3 25 350 M M 5 3 34 340
26 77 56 67 1 0 2 0.00 0.0 0 7.6 24 250 M M 1 34 250
27 72 49 61 -5 4 0 0.00 0.0 0 5.8 21 310 M M 1 29 320
28 71 44 58 -7 7 0 0.00 0.0 0 7.3 17 320 M M 1 22 320
29 71 49 60 -5 5 0 0.00 0.0 0 8.9 20 10 M M 2 26 20
30 57 51 54 -11 11 0 0.97 0.0 0 10.3 29 30 M M 8 1 44 20
================================================================================
SM 2399 1784 31 180 4.19 0.0 150.5 M 111
================================================================================
AV 80.0 59.5 5.0 FASTST M M 4 MAX(MPH)
MISC ----> # 29 330 44 20
================================================================================
NOTES:
# LAST OF SEVERAL OCCURRENCES
COLUMN 17 PEAK WIND IN M.P.H.
PRELIMINARY LOCAL CLIMATOLOGICAL DATA (WS FORM: F-6) , PAGE 2
STATION: ROANOKE VA
MONTH: SEPTEMBER
YEAR: 2022
LATITUDE: 37 19 N
LONGITUDE: 79 58 W
[TEMPERATURE DATA] [PRECIPITATION DATA] SYMBOLS USED IN COLUMN 16
AVERAGE MONTHLY: 69.7 TOTAL FOR MONTH: 4.19 1 = FOG OR MIST
DPTR FM NORMAL: 0.1 DPTR FM NORMAL: 0.13 2 = FOG REDUCING VISIBILITY
HIGHEST: 89 ON 20 GRTST 24HR 1.93 ON 4- 5 TO 1/4 MILE OR LESS
LOWEST: 44 ON 28 3 = THUNDER
SNOW, ICE PELLETS, HAIL 4 = ICE PELLETS
TOTAL MONTH: 0.0 INCH 5 = HAIL
GRTST 24HR 0.0 6 = FREEZING RAIN OR DRIZZLE
GRTST DEPTH: 0 7 = DUSTSTORM OR SANDSTORM:
VSBY 1/2 MILE OR LESS
8 = SMOKE OR HAZE
[NO. OF DAYS WITH] [WEATHER - DAYS WITH] 9 = BLOWING SNOW
X = TORNADO
MAX 32 OR BELOW: 0 0.01 INCH OR MORE: 7
MAX 90 OR ABOVE: 0 0.10 INCH OR MORE: 6
MIN 32 OR BELOW: 0 0.50 INCH OR MORE: 3
MIN 0 OR BELOW: 0 1.00 INCH OR MORE: 1
[HDD (BASE 65) ]
TOTAL THIS MO. 31 CLEAR (SCALE 0-3) 16
DPTR FM NORMAL -2 PTCLDY (SCALE 4-7) 10
TOTAL FM JUL 1 31 CLOUDY (SCALE 8-10) 4
DPTR FM NORMAL 0
[CDD (BASE 65) ]
TOTAL THIS MO. 180
DPTR FM NORMAL 11 [PRESSURE DATA]
TOTAL FM JAN 1 1505 HIGHEST SLP 30.37 ON 29
DPTR FM NORMAL 171 LOWEST SLP 29.73 ON 30
[REMARKS]
#FINAL-09-22#