010
CXUS55 KABR 011700
CF6ABR
PRELIMINARY LOCAL CLIMATOLOGICAL DATA (WS FORM: F-6)
STATION: ABERDEEN SD
MONTH: MAY
YEAR: 2020
LATITUDE: 45 27 N
LONGITUDE: 98 26 W
TEMPERATURE IN F: :PCPN: SNOW: WIND :SUNSHINE: SKY :PK WND
================================================================================
1 2 3 4 5 6A 6B 7 8 9 10 11 12 13 14 15 16 17 18
12Z AVG MX 2MIN
DY MAX MIN AVG DEP HDD CDD WTR SNW DPTH SPD SPD DIR MIN PSBL S-S WX SPD DR
================================================================================
1 80 56 68 17 0 3 0.00 0.0 0 17.5 30 310 M M 2 44 310
2 75 43 59 7 6 0 0.00 0.0 0 11.1 24 320 M M 1 33 320
3 62 40 51 -1 14 0 0.00 0.0 0 12.7 23 30 M M 1 30 50
4 48 43 46 -6 19 0 2.11 0.0 0 13.0 25 50 M M 8 1 35 50
5 52 43 48 -5 17 0 0.18 0.0 0 11.5 18 360 M M 10 1 23 360
6 67 35 51 -2 14 0 0.00 0.0 0 5.9 15 360 M M 2 8 20 340
7 56 36 46 -8 19 0 0.00 0.0 0 12.7 23 30 M M 2 30 40
8 57 29 43 -11 22 0 0.00 0.0 0 7.7 15 340 M M 1 20 360
9 50 34 42 -12 23 0 0.03 T 0 16.0 35 10 M M 8 1 46 10
10 47 32 40 -15 25 0 0.00 0.0 0 14.2 23 340 M M 5 30 360
11 54 29 42 -13 23 0 0.00 0.0 0 7.4 16 350 M M 4 26 20
12 54 29 42 -13 23 0 T 0.0 0 7.6 16 180 M M 6 25 170
13 54 44 49 -7 16 0 0.09 0.0 0 12.7 25 170 M M 10 18 32 170
14 70 38 54 -2 11 0 0.00 0.0 0 11.0 26 300 M M 3 12 38 300
15 71 34 53 -3 12 0 0.00 0.0 0 3.3 9 100 M M 2 1 12 140
16 60 50 55 -1 10 0 0.14 0.0 0 5.9 13 20 M M 7 19 40
17 71 47 59 2 6 0 0.00 0.0 0 9.8 21 70 M M 4 30 60
18 73 42 58 1 7 0 0.00 0.0 0 10.4 22 110 M M 0 33 90
19 72 47 60 3 5 0 0.00 0.0 0 12.9 23 160 M M 0 30 120
20 70 55 63 5 2 0 0.00 0.0 0 19.2 28 150 M M 9 35 140
21 71 57 64 6 1 0 T 0.0 0 18.2 26 170 M M 4 38 170
22 79 58 69 11 0 4 0.00 0.0 0 14.8 24 160 M M 6 33 170
23 81 54 68 9 0 3 0.00 0.0 0 7.7 14 160 M M 2 18 23 130
24 73 60 67 8 0 2 0.14 0.0 0 7.2 15 330 M M 8 18 19 320
25 69 58 64 5 1 0 0.00 0.0 0 10.4 17 340 M M 8 23 340
26 79 54 67 7 0 2 0.00 0.0 0 6.2 12 330 M M 3 16 360
27 87 53 70 10 0 5 T 0.0 0 6.8 20 340 M M 3 26 350
28 75 51 63 3 2 0 T 0.0 0 14.6 30 320 M M 1 41 290
29 71 42 57 -3 8 0 0.00 0.0 0 5.9 15 30 M M 2 20 360
30 71 51 61 0 4 0 0.00 0.0 0 9.2 18 80 M M 0 8 25 80
31 82 49 66 5 0 1 0.00 0.0 0 15.6 28 170 M M 2 42 180
================================================================================
SM 2081 1393 290 20 2.69 T 339.1 M 124
================================================================================
AV 67.1 44.9 10.9 FASTST M M 4 MAX(MPH)
MISC ----> # 35 10 # 46 10
================================================================================
NOTES:
# LAST OF SEVERAL OCCURRENCES
COLUMN 17 PEAK WIND IN M.P.H.
PRELIMINARY LOCAL CLIMATOLOGICAL DATA (WS FORM: F-6) , PAGE 2
STATION: ABERDEEN SD
MONTH: MAY
YEAR: 2020
LATITUDE: 45 27 N
LONGITUDE: 98 26 W
[TEMPERATURE DATA] [PRECIPITATION DATA] SYMBOLS USED IN COLUMN 16
AVERAGE MONTHLY: 56.0 TOTAL FOR MONTH: 2.69 1 = FOG OR MIST
DPTR FM NORMAL: -0.4 DPTR FM NORMAL: -0.42 2 = FOG REDUCING VISIBILITY
HIGHEST: 87 ON 27 GRTST 24HR 2.11 ON 4- 4 TO 1/4 MILE OR LESS
LOWEST: 29 ON 12,11 3 = THUNDER
SNOW, ICE PELLETS, HAIL 4 = ICE PELLETS
TOTAL MONTH: T 5 = HAIL
GRTST 24HR T ON 9- 9 6 = FREEZING RAIN OR DRIZZLE
GRTST DEPTH: 0 7 = DUSTSTORM OR SANDSTORM:
VSBY 1/2 MILE OR LESS
8 = SMOKE OR HAZE
[NO. OF DAYS WITH] [WEATHER - DAYS WITH] 9 = BLOWING SNOW
X = TORNADO
MAX 32 OR BELOW: 0 0.01 INCH OR MORE: 6
MAX 90 OR ABOVE: 0 0.10 INCH OR MORE: 4
MIN 32 OR BELOW: 4 0.50 INCH OR MORE: 1
MIN 0 OR BELOW: 0 1.00 INCH OR MORE: 1
[HDD (BASE 65) ]
TOTAL THIS MO. 290 CLEAR (SCALE 0-3) 16
DPTR FM NORMAL 3 PTCLDY (SCALE 4-7) 10
TOTAL FM JUL 1 8212 CLOUDY (SCALE 8-10) 5
DPTR FM NORMAL -246
[CDD (BASE 65) ]
TOTAL THIS MO. 20
DPTR FM NORMAL -1 [PRESSURE DATA]
TOTAL FM JAN 1 20 HIGHEST SLP 30.44 ON 11
DPTR FM NORMAL -3 LOWEST SLP 29.56 ON 1
[REMARKS]
#FINAL-05-20#