000
CXUS53 KILX 012300
CF6BMI
PRELIMINARY LOCAL CLIMATOLOGICAL DATA (WS FORM: F-6)
STATION: BLOOMINGTON IL AIRPORT
MONTH: SEPTEMBER
YEAR: 2020
LATITUDE: 40 28 N
LONGITUDE: 88 56 W
TEMPERATURE IN F: :PCPN: SNOW: WIND :SUNSHINE: SKY :PK WND
================================================================================
1 2 3 4 5 6A 6B 7 8 9 10 11 12 13 14 15 16 17 18
12Z AVG MX 2MIN
DY MAX MIN AVG DEP HDD CDD WTR SNW DPTH SPD SPD DIR MIN PSBL S-S WX SPD DR
================================================================================
1 73 67 70 M 0 5 1.31 M M 6.0 12 150 M M 9 13 M M
2 79 64 72 M 0 7 T M M 6.9 12 240 M M 4 1 M M
3 85 61 73 M 0 8 0.01 M M 11.4 21 250 M M 1 31 250
4 77 53 65 M 0 0 0.00 M M 7.3 16 320 M M 0 20 320
5 84 57 71 M 0 6 0.00 M M 9.7 15 250 M M 0 21 240
6 82 62 72 M 0 7 0.93 M M 14.9 30 190 M M 3 13 41 190
7 80 62 71 M 0 6 1.64 M M 8.8 17 210 M M 9 13 32 50
8 75 60 68 M 0 3 0.21 M M 12.3 16 20 M M 9 13 M M
9 73 61 67 M 0 2 T M M 8.5 15 30 M M 9 12 M M
10 71 59 65 M 0 0 T M M 11.3 15 50 M M 9 1 M M
11 73 60 67 M 0 2 0.01 M M 9.6 13 100 M M 7 12 M M
12 73 61 67 M 0 2 1.00 M M 9.5 14 150 M M 9 1 M M
13 76 58 67 M 0 2 0.00 M M 6.8 12 20 M M 3 1 18 360
14 74 54 64 M 1 0 0.00 M M 6.8 12 80 M M 0 M M
15 76 56 66 M 0 1 0.00 M M 7.5 13 170 M M 0 M M
16 80 53 67 M 0 2 0.00 M M 6.3 9 260 M M 1 M M
17 74 51 63 M 2 0 0.00 M M 12.5 18 10 M M 5 23 10
18 65 43 54 M 11 0 0.00 M M 12.0 21 40 M M 1 24 40
19 67 39 53 M 12 0 0.00 M M 6.0 10 160 M M 0 M M
20 72 41 57 M 8 0 0.00 M M 8.1 16 120 M M 0 18 120
21 75 48 62 M 3 0 0.00 M M 6.8 12 140 M M 0 M M
22 76 52 64 M 1 0 0.00 M M 6.4 9 190 M M 0 M M
23 75 53 64 M 1 0 0.00 M M 7.3 14 170 M M 0 M M
24 76 52 64 M 1 0 0.00 M M 7.5 12 180 M M 0 M M
25 79 53 66 M 0 1 0.00 M M 9.4 15 190 M M 0 21 160
26 84 60 72 M 0 7 0.00 M M 16.7 22 190 M M 3 1 31 180
27 79 53 66 M 0 1 0.22 M M 13.6 20 340 M M 5 27 340
28 64 48 56 M 9 0 0.18 M M 11.1 17 290 M M 7 31 290
29 61 44 53 M 12 0 0.01 M M 8.5 14 280 M M 6 18 290
30 67 47 57 M 8 0 T M M 12.5 29 310 M M 5 37 310
================================================================================
SM 2245 1632 69 62 5.52 M 282.0 M 105
================================================================================
AV 74.8 54.4 9.4 FASTST M M 4 MAX(MPH)
MISC ----> # 30 190 # 41 190
================================================================================
NOTES:
# LAST OF SEVERAL OCCURRENCES
COLUMN 17 PEAK WIND IN M.P.H.
PRELIMINARY LOCAL CLIMATOLOGICAL DATA (WS FORM: F-6) , PAGE 2
STATION: BLOOMINGTON IL AIRPORT
MONTH: SEPTEMBER
YEAR: 2020
LATITUDE: 40 28 N
LONGITUDE: 88 56 W
[TEMPERATURE DATA] [PRECIPITATION DATA] SYMBOLS USED IN COLUMN 16
AVERAGE MONTHLY: 64.6 TOTAL FOR MONTH: 5.52 1 = FOG OR MIST
DPTR FM NORMAL: M DPTR FM NORMAL: M 2 = FOG REDUCING VISIBILITY
HIGHEST: 85 ON 3 GRTST 24HR 1.64 ON 7- 7 TO 1/4 MILE OR LESS
LOWEST: 39 ON 19 3 = THUNDER
SNOW, ICE PELLETS, HAIL 4 = ICE PELLETS
TOTAL MONTH: M 5 = HAIL
GRTST 24HR M ON M 6 = FREEZING RAIN OR DRIZZLE
GRTST DEPTH: M ON M 7 = DUSTSTORM OR SANDSTORM:
VSBY 1/2 MILE OR LESS
8 = SMOKE OR HAZE
[NO. OF DAYS WITH] [WEATHER - DAYS WITH] 9 = BLOWING SNOW
X = TORNADO
MAX 32 OR BELOW: 0 0.01 INCH OR MORE: 10
MAX 90 OR ABOVE: 0 0.10 INCH OR MORE: 7
MIN 32 OR BELOW: 0 0.50 INCH OR MORE: 4
MIN 0 OR BELOW: 0 1.00 INCH OR MORE: 3
[HDD (BASE 65) ]
TOTAL THIS MO. 69 CLEAR (SCALE 0-3) 15
DPTR FM NORMAL M PTCLDY (SCALE 4-7) 9
TOTAL FM JUL 1 71 CLOUDY (SCALE 8-10) 6
DPTR FM NORMAL M
[CDD (BASE 65) ]
TOTAL THIS MO. 62
DPTR FM NORMAL M [PRESSURE DATA]
TOTAL FM JAN 1 1023 HIGHEST SLP M ON M
DPTR FM NORMAL M LOWEST SLP M ON M
[REMARKS]
#FINAL-09-20#