000
CXUS55 KBOU 011000
CF6CCU
PRELIMINARY LOCAL CLIMATOLOGICAL DATA (WS FORM: F-6)
STATION: COPPER MTN/RED CLIFF
MONTH: DECEMBER
YEAR: 2020
LATITUDE: 39 28 N
LONGITUDE: 106 9 W
TEMPERATURE IN F: :PCPN: SNOW: WIND :SUNSHINE: SKY :PK WND
================================================================================
1 2 3 4 5 6A 6B 7 8 9 10 11 12 13 14 15 16 17 18
12Z AVG MX 2MIN
DY MAX MIN AVG DEP HDD CDD WTR SNW DPTH SPD SPD DIR MIN PSBL S-S WX SPD DR
================================================================================
1 19 9 14 M 51 0 0.00 M M M M M M M 9 M M
2 12 3 8 M 57 0 0.00 M M 0.0 M M M M 4 M M
3 27 10 19 M 46 0 0.00 M M M M M M M 0 M M
4 43 25 34 M 31 0 0.00 M M 0.0 M M M M 0 M M
5 37 27 32 M 33 0 0.00 M M 0.0 M M M M 0 M M
6 36 25 31 M 34 0 0.00 M M 4.0 12 280 M M 0 M M
7 45 32 39 M 26 0 0.00 M M 0.0 6 M M M 0 M M
8 43 32 38 M 27 0 0.00 M M 6.3 10 M M M 0 M M
9 39 30 35 M 30 0 0.00 M M 6.9 8 260 M M 0 M M
10 34 19 27 M 38 0 0.00 M M M M M M M 6 M M
11 21 9 15 M 50 0 0.00 M M 1.6 8 260 M M 9 M M
12 14 5 10 M 55 0 0.00 M M M M M M M 8 M M
13 25 1 13 M 52 0 0.00 M M M M M M M 0 M M
14 28 10 19 M 46 0 0.00 M M M M M M M 7 M M
15 10 5 8 M 57 0 0.00 M M M M M M M 4 M M
16 14 7 11 M 54 0 0.00 M M M M M M M 9 M M
17 30 12 21 M 44 0 0.00 M M M M M M M 2 M M
18 23 14 19 M 46 0 0.00 M M M 10 M M M 10 M M
19 19 9 14 M 51 0 0.00 M M M M M M M 8 M M
20 28 19 24 M 41 0 0.00 M M 35.7 36 270 M M 8 1 M M
21 34 27 31 M 34 0 0.04 M M M 8 M M M 6 1 M M
22 34 5 20 M 45 0 0.00 M M 40.3 40 260 M M 5 M M
23 3 -4 0 M 65 0 0.00 M M M M M M M 10 M M
24 25 0 13 M 52 0 0.01 M M 9.6 14 260 M M 1 M M
25 34 25 30 M 35 0 0.06 M M 7.1 15 M M M 0 M M
26 36 19 28 M 37 0 0.00 M M 14.4 21 M M M 3 23 240
27 19 12 16 M 49 0 0.00 M M M M M M M 10 M M
28 25 14 20 M 45 0 0.00 M M 9.2 16 M M M 9 M M
29 21 3 12 M 53 0 0.00 M M M M M M M 6 M M
30 19 1 10 M 55 0 0.00 M M 10.4 10 260 M M 2 M M
31 25 16 21 M 44 0 0.01 M M 0.0 3 M M M 8 8 M M
================================================================================
SM 822 421 1383 0 0.12 M 145.5 M 144
================================================================================
AV 26.5 13.6 9.1 FASTST M M 5 MAX(MPH)
MISC ----> 40 260 23 240
================================================================================
NOTES:
# LAST OF SEVERAL OCCURRENCES
COLUMN 17 PEAK WIND IN M.P.H.
PRELIMINARY LOCAL CLIMATOLOGICAL DATA (WS FORM: F-6) , PAGE 2
STATION: COPPER MTN/RED CLIFF
MONTH: DECEMBER
YEAR: 2020
LATITUDE: 39 28 N
LONGITUDE: 106 9 W
[TEMPERATURE DATA] [PRECIPITATION DATA] SYMBOLS USED IN COLUMN 16
AVERAGE MONTHLY: 20.0 TOTAL FOR MONTH: 0.12 1 = FOG OR MIST
DPTR FM NORMAL: 0.0 DPTR FM NORMAL: M 2 = FOG REDUCING VISIBILITY
HIGHEST: 45 ON 7 GRTST 24HR 0.06 ON 25-25 TO 1/4 MILE OR LESS
LOWEST: -4 ON 23 3 = THUNDER
SNOW, ICE PELLETS, HAIL 4 = ICE PELLETS
TOTAL MONTH: M 5 = HAIL
GRTST 24HR M ON M 6 = FREEZING RAIN OR DRIZZLE
GRTST DEPTH: M ON M 7 = DUSTSTORM OR SANDSTORM:
VSBY 1/2 MILE OR LESS
8 = SMOKE OR HAZE
[NO. OF DAYS WITH] [WEATHER - DAYS WITH] 9 = BLOWING SNOW
X = TORNADO
MAX 32 OR BELOW: 20 0.01 INCH OR MORE: 4
MAX 90 OR ABOVE: 0 0.10 INCH OR MORE: 0
MIN 32 OR BELOW: 31 0.50 INCH OR MORE: 0
MIN 0 OR BELOW: 2 1.00 INCH OR MORE: 0
[HDD (BASE 65) ]
TOTAL THIS MO. 1383 CLEAR (SCALE 0-3) 13
DPTR FM NORMAL M PTCLDY (SCALE 4-7) 7
TOTAL FM JUL 1 4024 CLOUDY (SCALE 8-10) 11
DPTR FM NORMAL M
[CDD (BASE 65) ]
TOTAL THIS MO. 0
DPTR FM NORMAL M [PRESSURE DATA]
TOTAL FM JAN 1 3 HIGHEST SLP M ON M
DPTR FM NORMAL M LOWEST SLP M ON M
[REMARKS]
#FINAL-12-20#