000
CXUS51 KAKQ 211010
CF6RIC
PRELIMINARY LOCAL CLIMATOLOGICAL DATA (WS FORM: F-6)

                                          STATION:   RICHMOND VA
                                          MONTH:     DECEMBER
                                          YEAR:      2014
                                          LATITUDE:   37 30 N
                                          LONGITUDE:  77 20 W

  TEMPERATURE IN F:       :PCPN:    SNOW:  WIND      :SUNSHINE: SKY     :PK WND
================================================================================
1   2   3   4   5  6A  6B    7    8   9   10  11  12  13   14  15   16   17  18
                                     12Z  AVG MX 2MIN
DY MAX MIN AVG DEP HDD CDD  WTR  SNW DPTH SPD SPD DIR MIN PSBL S-S WX    SPD DR
================================================================================

 1  76  49  63  18   2   0 0.01  0.0    0 10.8 28  20   M    M   3        32  20
 2  49  39  44  -1  21   0 0.01  0.0    0  6.9 22  30   M    M  10 18     28  40
 3  59  40  50   6  15   0    T  0.0    0  7.0 18 210   M    M  10 1      22 230
 4  50  37  44   0  21   0 0.04  0.0    0  3.9 13  30   M    M   9        17  30
 5  48  40  44   0  21   0 0.03  0.0    0  1.4 12 350   M    M  10        25  30
 6  56  45  51   7  14   0 0.37  0.0    0  6.3 28 350   M    M  10 12     36 360
 7  50  35  43   0  22   0    T  0.0    0 15.6 29  20   M    M   4        37  30
 8  41  32  37  -6  28   0    T  0.0    0 11.5 20  20   M    M   9 18     24  10
 9  46  34  40  -3  25   0 0.03  0.0    0 11.9 20 330   M    M   6 1      24 340
10  52  37  45   3  20   0 0.00  0.0    0 11.9 20 310   M    M   4        25 300
11  50  27  39  -3  26   0 0.00  0.0    0  8.9 18 280   M    M   3        24 270
12  54  29  42   0  23   0 0.00  0.0    0  6.2 21 310   M    M   6        24 300
13  55  27  41  -1  24   0 0.00  0.0    0  1.3 10 320   M    M   7        14 240
14  60  26  43   2  22   0 0.00  0.0    0  1.9  9  50   M    M   0        13 310
15  59  32  46   5  19   0 0.00  0.0    0  2.3 10  10   M    M   2 18     14 360
16  50  35  43   2  22   0 0.54  0.0    0  5.1 16 270   M    M   8 18     21 270
17  60  39  50  10  15   0 0.00  0.0    0  6.7 16 290   M    M   5 12     21 280
18  47  30  39  -1  26   0 0.00  0.0    0  5.6 15 340   M    M   6        19 330
19  47  31  39  -1  26   0 0.00  0.0    0  5.3 13 310   M    M   5        20 330
20  39  29  34  -6  31   0 0.00  0.0    0  2.2 10  40   M    M   8        12  20
================================================================================
SM 1048  693       423   0  1.03     0.0 132.7          M      125
================================================================================
AV 52.4 34.7                               6.6 FASTST   M    M   6    MAX(MPH)
                                 MISC ---->  # 29  20               # 37   30
================================================================================
NOTES:
# LAST OF SEVERAL OCCURRENCES

COLUMN 17 PEAK WIND IN M.P.H.

PRELIMINARY LOCAL CLIMATOLOGICAL DATA (WS FORM: F-6) , PAGE 2

                                          STATION:  RICHMOND VA
                                          MONTH:    DECEMBER
                                          YEAR:     2014
                                          LATITUDE:   37 30 N
                                          LONGITUDE:  77 20 W

[TEMPERATURE DATA]      [PRECIPITATION DATA]       SYMBOLS USED IN COLUMN 16

AVERAGE MONTHLY: 43.5   TOTAL FOR MONTH:   1.03    1 = FOG OR MIST
DPTR FM NORMAL:   1.2   DPTR FM NORMAL:   -1.13    2 = FOG REDUCING VISIBILITY
HIGHEST:    76 ON  1    GRTST 24HR  0.54 ON 16-16      TO 1/4 MILE OR LESS
LOWEST:     26 ON 14                               3 = THUNDER
                        SNOW, ICE PELLETS, HAIL    4 = ICE PELLETS
                        TOTAL MONTH:   0.0 INCH    5 = HAIL
                        GRTST 24HR     0.0         6 = FREEZING RAIN OR DRIZZLE
                        GRTST DEPTH:   0           7 = DUSTSTORM OR SANDSTORM:
                                                       VSBY 1/2 MILE OR LESS
                                                   8 = SMOKE OR HAZE
[NO. OF DAYS WITH]      [WEATHER - DAYS WITH]      9 = BLOWING SNOW
                                                   X = TORNADO
MAX 32 OR BELOW:   0    0.01 INCH OR MORE:   7
MAX 90 OR ABOVE:   0    0.10 INCH OR MORE:   2
MIN 32 OR BELOW:   9    0.50 INCH OR MORE:   1
MIN  0 OR BELOW:   0    1.00 INCH OR MORE:   0

[HDD (BASE 65) ]
TOTAL THIS MO.   423    CLEAR  (SCALE 0-3)   4
DPTR FM NORMAL   -33    PTCLDY (SCALE 4-7)   8
TOTAL FM JUL 1  1093    CLOUDY (SCALE 8-10)  8
DPTR FM NORMAL   -39

[CDD (BASE 65) ]
TOTAL THIS MO.     0
DPTR FM NORMAL     0    [PRESSURE DATA]
TOTAL FM JAN 1  1679    HIGHEST SLP M ON M
DPTR FM NORMAL   131    LOWEST  SLP 29.79 ON 10

[REMARKS]
