000
CXUS51 KAKQ 011010
CF6RIC
PRELIMINARY LOCAL CLIMATOLOGICAL DATA (WS FORM: F-6)

                                          STATION:   RICHMOND VA
                                          MONTH:     AUGUST
                                          YEAR:      2014
                                          LATITUDE:   37 30 N
                                          LONGITUDE:  77 20 W

  TEMPERATURE IN F:       :PCPN:    SNOW:  WIND      :SUNSHINE: SKY     :PK WND
================================================================================
1   2   3   4   5  6A  6B    7    8   9   10  11  12  13   14  15   16   17  18
                                     12Z  AVG MX 2MIN
DY MAX MIN AVG DEP HDD CDD  WTR  SNW DPTH SPD SPD DIR MIN PSBL S-S WX    SPD DR
================================================================================

 1  79  64  72  -7   0   7 1.15  0.0    0  4.4 14 110   M    M  10 18     17 110
 2  76  65  71  -8   0   6 0.44  0.0    0  4.6 12 360   M    M  10 1      15  10
 3  83  71  77  -2   0  12 0.66  0.0    0  4.6  9 170   M    M   8 1      13 160
 4  86  69  78  -1   0  13 0.00  0.0    0  3.7 12 180   M    M   7 18     15 130
 5  89  71  80   2   0  15 0.00  0.0    0  3.6  9  10   M    M   6 1      13  40
 6  90  70  80   2   0  15 0.01  0.0    0  3.2 14 330   M    M   7 1      16 340
 7  86  69  78   0   0  13 0.00  0.0    0  4.2 14  20   M    M   7 18     16  20
 8  83  65  74  -4   0   9 0.00  0.0    0  3.1  9 170   M    M   9        12 150
 9  79  68  74  -4   0   9 0.00  0.0    0  4.0 10 200   M    M   9        13 190
10  83  65  74  -4   0   9 0.00  0.0    0  4.5 12 160   M    M   7 18     15 120
11  85  63  74  -4   0   9 0.22  0.0    0  4.6 18  70   M    M   8        23  60
12  86  72  79   1   0  14 0.33  0.0    0  5.5 18 170   M    M   8 1      23 160
13  84  70  77  -1   0  12 0.00  0.0    0  8.7 16 340   M    M   6        22 310
14  84  60  72  -6   0   7 0.00  0.0    0  6.9 22 220   M    M   2        28 220
15  84  63  74  -4   0   9 0.00  0.0    0  4.5 13 220   M    M   6        17 240
16  87  64  76  -2   0  11 0.00  0.0    0  4.3 16 270   M    M   5        20 270
17  89  67  78   0   0  13 0.00  0.0    0  4.0 15 340   M    M   8        17 340
18  85  69  77  -1   0  12 0.25  0.0    0  3.2 14 230   M    M  10 13     17 230
19  86  72  79   2   0  14 0.38  0.0    0  5.1 14  70   M    M   8 1      21  70
20  87  70  79   2   0  14    T  0.0    0  4.9 13 140   M    M   5 1      17 150
21  92  70  81   4   0  16    T  0.0    0  3.5 10 290   M    M   7 18     14 290
22  86  74  80   3   0  15 0.00  0.0    0  3.8 12 260   M    M   8        14 260
23  81  69  75  -2   0  10 0.17  0.0    0  5.3 15  40   M    M  10 1      20  40
24  81  64  73  -4   0   8 0.00  0.0    0  8.0 17  60   M    M   6        22  60
25  81  61  71  -6   0   6 0.00  0.0    0  6.4 15  30   M    M   4        18  30
26  87  61  74  -2   0   9 0.00  0.0    0  4.7 14  50   M    M   2        21  40
27  91  60  76   0   0  11 0.00  0.0    0  2.9 13  10   M    M   1        17  10
28  93  70  82   6   0  17 0.00  0.0    0  7.0 15 350   M    M   7        20 340
29  85  65  75  -1   0  10 0.00  0.0    0  5.8 13  60   M    M   7        17  50
30  89  69  79   3   0  14 0.00  0.0    0  6.0 15 150   M    M   7        20 150
31  94  74  84   8   0  19 0.00  0.0    0  8.8 18 200   M    M   6 1      28 200
================================================================================
SM 2651 2084         0 358  3.61     0.0 153.8          M      211
================================================================================
AV 85.5 67.2                               5.0 FASTST   M    M   7    MAX(MPH)
                                 MISC ---->  # 22 220               # 28  220
================================================================================
NOTES:
# LAST OF SEVERAL OCCURRENCES

COLUMN 17 PEAK WIND IN M.P.H.

PRELIMINARY LOCAL CLIMATOLOGICAL DATA (WS FORM: F-6) , PAGE 2

                                          STATION:  RICHMOND VA
                                          MONTH:    AUGUST
                                          YEAR:     2014
                                          LATITUDE:   37 30 N
                                          LONGITUDE:  77 20 W

[TEMPERATURE DATA]      [PRECIPITATION DATA]       SYMBOLS USED IN COLUMN 16

AVERAGE MONTHLY: 76.4   TOTAL FOR MONTH:   3.61    1 = FOG OR MIST
DPTR FM NORMAL:  -1.1   DPTR FM NORMAL:   -1.05    2 = FOG REDUCING VISIBILITY
HIGHEST:    94 ON 31    GRTST 24HR  1.15 ON  1- 1      TO 1/4 MILE OR LESS
LOWEST:     60 ON 27,14                            3 = THUNDER
                        SNOW, ICE PELLETS, HAIL    4 = ICE PELLETS
                        TOTAL MONTH:   0.0 INCH    5 = HAIL
                        GRTST 24HR     0.0         6 = FREEZING RAIN OR DRIZZLE
                        GRTST DEPTH:   0           7 = DUSTSTORM OR SANDSTORM:
                                                       VSBY 1/2 MILE OR LESS
                                                   8 = SMOKE OR HAZE
[NO. OF DAYS WITH]      [WEATHER - DAYS WITH]      9 = BLOWING SNOW
                                                   X = TORNADO
MAX 32 OR BELOW:   0    0.01 INCH OR MORE:   9
MAX 90 OR ABOVE:   5    0.10 INCH OR MORE:   8
MIN 32 OR BELOW:   0    0.50 INCH OR MORE:   2
MIN  0 OR BELOW:   0    1.00 INCH OR MORE:   1

[HDD (BASE 65) ]
TOTAL THIS MO.     0    CLEAR  (SCALE 0-3)   3
DPTR FM NORMAL    -1    PTCLDY (SCALE 4-7)  20
TOTAL FM JUL 1     0    CLOUDY (SCALE 8-10)  8
DPTR FM NORMAL    -1

[CDD (BASE 65) ]
TOTAL THIS MO.   358
DPTR FM NORMAL   -30    [PRESSURE DATA]
TOTAL FM JAN 1  1380    HIGHEST SLP 30.25 ON 30
DPTR FM NORMAL    73    LOWEST  SLP 29.76 ON 13

[REMARKS]
#FINAL-08-14#
