000
CXUS54 KJAN 011925
CF6GLH
PRELIMINARY LOCAL CLIMATOLOGICAL DATA (WS FORM: F-6)
STATION: GREENVILLE
MONTH: NOVEMBER
YEAR: 2022
LATITUDE: 33 29 N
LONGITUDE: 90 59 W
TEMPERATURE IN F: :PCPN: SNOW: WIND :SUNSHINE: SKY :PK WND
================================================================================
1 2 3 4 5 6A 6B 7 8 9 10 11 12 13 14 15 16 17 18
12Z AVG MX 2MIN
DY MAX MIN AVG DEP HDD CDD WTR SNW DPTH SPD SPD DIR MIN PSBL S-S WX SPD DR
================================================================================
1 73 49 61 2 4 0 0.02 0.0 0 2.2 8 20 M M 2 12 9 30
2 81 56 69 11 0 4 T 0.0 0 2.9 10 100 M M 2 1 15 100
3 83 55 69 11 0 4 0.00 0.0 0 6.9 17 140 M M 1 24 140
4 84 60 72 15 0 7 T 0.0 0 15.0 28 160 M M 4 40 170
5 74 50 62 5 3 0 1.34 0.0 0 9.0 31 290 M M 4 13 53 260
6 76 46 61 4 4 0 0.54 0.0 0 4.5 10 250 M M 9 1 14 230
7 85 68 77 21 0 12 0.92 0.0 0 8.3 13 30 M M 6 1 17 10
8 80 67 74 18 0 9 0.00 0.0 0 7.1 13 30 M M 5 12 17 20
9 81 61 71 15 0 6 0.00 0.0 0 6.8 17 150 M M 0 1 21 150
10 76 50 63 8 2 0 0.00 0.0 0 4.5 10 120 M M 0 15 40
11 77 52 65 10 0 0 0.03 0.0 0 8.5 18 340 M M 4 1 25 350
12 53 36 45 -9 20 0 0.01 0.0 0 12.3 25 340 M M 6 1 34 340
13 48 30 39 -15 26 0 0.00 0.0 0 8.3 16 30 M M 1 22 30
14 56 30 43 -11 22 0 0.25 0.0 0 7.0 21 10 M M 3 28 10
15 50 43 47 -7 18 0 0.01 0.0 0 9.0 17 320 M M 6 18 22 330
16 55 35 45 -8 20 0 0.00 0.0 0 5.8 13 340 M M 0 15 10
17 50 30 40 -13 25 0 0.00 0.0 0 4.6 10 310 M M 0 15 320
18 54 29 42 -11 23 0 0.00 0.0 0 4.8 15 40 M M 0 21 20
19 45 29 37 -15 28 0 0.00 0.0 0 3.2 13 30 M M 4 16 30
20 50 28 39 -13 26 0 0.00 0.0 0 5.8 16 50 M M 0 22 50
21 54 30 42 -10 23 0 0.00 0.0 0 1.1 7 60 M M 7 12 50
22 65 40 53 2 12 0 T 0.0 0 1.5 9 130 M M 4 8 12 120
23 71 36 54 3 11 0 0.00 0.0 0 3.5 9 90 M M 3 14 110
24 66 53 60 9 5 0 0.59 0.0 0 9.4 17 20 M M 6 1 28 20
25 67 54 61 11 4 0 0.05 0.0 0 12.1 20 40 M M 9 18 25 360
26 67 53 60 10 5 0 0.18 0.0 0 12.8 31 250 M M 6 18 42 180
27 65 42 54 4 11 0 0.00 0.0 0 11.4 29 240 M M 3 1 39 230
28 66 40 53 3 12 0 0.00 0.0 0 5.1 13 160 M M 3 12 16 170
29 76 49 63 14 2 0 1.04 0.0 0 11.7 31 210 M M 6 13 44 220
30 68 36 52 3 13 0 0.00 0.0 0 13.2 30 320 M M 1 41 320
================================================================================
SM 1996 1337 319 42 4.98 0.0 218.3 M 105
================================================================================
AV 66.5 44.6 7.3 FASTST M M 4 MAX(MPH)
MISC ----> # 31 290 53 260
================================================================================
NOTES:
# LAST OF SEVERAL OCCURRENCES
COLUMN 17 PEAK WIND IN M.P.H.
PRELIMINARY LOCAL CLIMATOLOGICAL DATA (WS FORM: F-6) , PAGE 2
STATION: GREENVILLE
MONTH: NOVEMBER
YEAR: 2022
LATITUDE: 33 29 N
LONGITUDE: 90 59 W
[TEMPERATURE DATA] [PRECIPITATION DATA] SYMBOLS USED IN COLUMN 16
AVERAGE MONTHLY: 55.6 TOTAL FOR MONTH: 4.98 1 = FOG OR MIST
DPTR FM NORMAL: 2.0 DPTR FM NORMAL: 0.97 2 = FOG REDUCING VISIBILITY
HIGHEST: 85 ON 7 GRTST 24HR 1.45 ON 6- 7 TO 1/4 MILE OR LESS
LOWEST: 28 ON 20 3 = THUNDER
SNOW, ICE PELLETS, HAIL 4 = ICE PELLETS
TOTAL MONTH: 0.0 INCH 5 = HAIL
GRTST 24HR 0.0 6 = FREEZING RAIN OR DRIZZLE
GRTST DEPTH: 0 7 = DUSTSTORM OR SANDSTORM:
VSBY 1/2 MILE OR LESS
8 = SMOKE OR HAZE
[NO. OF DAYS WITH] [WEATHER - DAYS WITH] 9 = BLOWING SNOW
X = TORNADO
MAX 32 OR BELOW: 0 0.01 INCH OR MORE: 12
MAX 90 OR ABOVE: 0 0.10 INCH OR MORE: 7
MIN 32 OR BELOW: 7 0.50 INCH OR MORE: 5
MIN 0 OR BELOW: 0 1.00 INCH OR MORE: 2
[HDD (BASE 65) ]
TOTAL THIS MO. 319 CLEAR (SCALE 0-3) 13
DPTR FM NORMAL -38 PTCLDY (SCALE 4-7) 15
TOTAL FM JUL 1 397 CLOUDY (SCALE 8-10) 2
DPTR FM NORMAL -68
[CDD (BASE 65) ]
TOTAL THIS MO. 42
DPTR FM NORMAL 28 [PRESSURE DATA]
TOTAL FM JAN 1 2652 HIGHEST SLP 30.55 ON 20
DPTR FM NORMAL 360 LOWEST SLP 29.63 ON 26
[REMARKS]
#FINAL-11-22#