000
CXGM50 PGUM 010723
CF6GSN
PRELIMINARY LOCAL CLIMATOLOGICAL DATA (WS FORM: F-6)
STATION: SAIPAN/ISLEY_(CGS) MP
MONTH: MARCH
YEAR: 2023
LATITUDE: 15 7 N
LONGITUDE: 145-44 E
TEMPERATURE IN F: :PCPN: SNOW: WIND :SUNSHINE: SKY :PK WND
================================================================================
1 2 3 4 5 6A 6B 7 8 9 10 11 12 13 14 15 16 17 18
12Z AVG MX 2MIN
DY MAX MIN AVG DEP HDD CDD WTR SNW DPTH SPD SPD DIR MIN PSBL S-S WX SPD DR
================================================================================
1 82 73 78 -1 0 13 0.00 0.0 0 20.7 25 40 M M 6 37 50
2 85 75 80 1 0 15 0.00 0.0 0 14.9 21 40 M M 5 26 40
3 86 76 81 2 0 16 0.01 0.0 0 14.1 21 60 M M 5 27 70
4 85 75 80 0 0 15 0.05 0.0 0 20.9 29 70 M M 5 35 70
5 85 75 80 0 0 15 0.02 0.0 0 19.6 26 40 M M 7 35 50
6 84 75 80 0 0 15 0.21 0.0 0 14.9 22 70 M M 6 27 70
7 86 78 82 2 0 17 0.00 0.0 0 8.7 15 120 M M 4 18 130
8 84 77 81 1 0 16 0.05 0.0 0 6.5 18 100 M M 4 23 110
9 86 78 82 2 0 17 0.09 0.0 0 12.7 18 80 M M 4 23 80
10 86 74 80 0 0 15 0.00 0.0 0 9.5 15 140 M M 3 20 110
11 86 78 82 2 0 17 T 0.0 0 6.0 14 170 M M 3 18 140
12 83 74 79 -1 0 14 0.35 0.0 0 7.4 16 50 M M 7 19 40
13 86 78 82 2 0 17 0.09 0.0 0 13.1 20 60 M M 4 24 70
14 88 79 84 4 0 19 0.14 0.0 0 16.4 22 80 M M 5 25 90
15 87 77 82 2 0 17 0.02 0.0 0 16.0 24 80 M M 4 29 70
16 87 77 82 2 0 17 0.00 0.0 0 14.8 22 40 M M 4 26 50
17 87 74 81 1 0 16 0.02 0.0 0 18.2 24 50 M M 4 31 60
18 86 77 82 2 0 17 0.02 0.0 0 15.4 23 80 M M 3 28 80
19 88 77 83 3 0 18 0.03 0.0 0 12.2 17 80 M M 4 22 100
20 88 75 82 2 0 17 0.05 0.0 0 9.2 18 70 M M 7 23 60
21 87 75 81 1 0 16 0.16 0.0 0 7.4 17 80 M M 4 21 80
22 87 76 82 2 0 17 0.34 0.0 0 11.6 21 90 M M 6 26 100
23 88 79 84 4 0 19 T 0.0 0 15.6 23 90 M M 5 29 90
24 89 76 83 3 0 18 0.10 0.0 0 15.4 22 70 M M 4 27 70
25 87 78 83 3 0 18 0.03 0.0 0 16.6 23 70 M M 5 28 40
26 88 77 83 2 0 18 0.13 0.0 0 17.7 25 70 M M 6 32 100
27 88 76 82 1 0 17 0.05 0.0 0 17.7 25 80 M M 4 31 80
28 88 76 82 1 0 17 0.10 0.0 0 11.2 18 70 M M 4 24 110
29 88 76 82 1 0 17 0.03 0.0 0 8.9 17 70 M M 5 23 80
30 87 77 82 1 0 17 0.06 0.0 0 9.4 16 80 M M 6 21 90
31 88 77 83 2 0 18 0.09 0.0 0 11.4 18 80 M M 3 22 90
================================================================================
SM 2680 2365 0 515 2.24 0.0 414.1 M 146
================================================================================
AV 86.5 76.3 13.4 FASTST M M 5 MAX(MPH)
MISC ----> 29 70 37 50
================================================================================
NOTES:
# LAST OF SEVERAL OCCURRENCES
COLUMN 17 PEAK WIND IN M.P.H.
PRELIMINARY LOCAL CLIMATOLOGICAL DATA (WS FORM: F-6) , PAGE 2
STATION: SAIPAN/ISLEY_(CGS) MP
MONTH: MARCH
YEAR: 2023
LATITUDE: 15 7 N
LONGITUDE: 145-44 E
[TEMPERATURE DATA] [PRECIPITATION DATA] SYMBOLS USED IN COLUMN 16
AVERAGE MONTHLY: 81.4 TOTAL FOR MONTH: 2.24 1 = FOG OR MIST
DPTR FM NORMAL: 1.4 DPTR FM NORMAL: 0.28 2 = FOG REDUCING VISIBILITY
HIGHEST: 89 ON 24 GRTST 24HR 0.41 ON 12-13 TO 1/4 MILE OR LESS
LOWEST: 73 ON 1 3 = THUNDER
SNOW, ICE PELLETS, HAIL 4 = ICE PELLETS
TOTAL MONTH: 0.0 INCH 5 = HAIL
GRTST 24HR 0.0 6 = FREEZING RAIN OR DRIZZLE
GRTST DEPTH: 0 7 = DUSTSTORM OR SANDSTORM:
VSBY 1/2 MILE OR LESS
8 = SMOKE OR HAZE
[NO. OF DAYS WITH] [WEATHER - DAYS WITH] 9 = BLOWING SNOW
X = TORNADO
MAX 32 OR BELOW: 0 0.01 INCH OR MORE: 24
MAX 90 OR ABOVE: 0 0.10 INCH OR MORE: 8
MIN 32 OR BELOW: 0 0.50 INCH OR MORE: 0
MIN 0 OR BELOW: 0 1.00 INCH OR MORE: 0
[HDD (BASE 65) ]
TOTAL THIS MO. 0 CLEAR (SCALE 0-3) 4
DPTR FM NORMAL 0 PTCLDY (SCALE 4-7) 27
TOTAL FM JUL 1 0 CLOUDY (SCALE 8-10) 0
DPTR FM NORMAL 0
[CDD (BASE 65) ]
TOTAL THIS MO. 515
DPTR FM NORMAL 48 [PRESSURE DATA]
TOTAL FM JAN 1 1450 HIGHEST SLP M ON M
DPTR FM NORMAL 142 LOWEST SLP 29.82 ON 13
[REMARKS]
#FINAL-03-23#