000
CXUS52 KGSP 010817
CF6GSP
PRELIMINARY LOCAL CLIMATOLOGICAL DATA (WS FORM: F-6)
STATION: GREENVILLE-SPARTANBURG SC
MONTH: JUNE
YEAR: 2023
LATITUDE: 34 54 N
LONGITUDE: 82 13 W
TEMPERATURE IN F: :PCPN: SNOW: WIND :SUNSHINE: SKY :PK WND
================================================================================
1 2 3 4 5 6A 6B 7 8 9 10 11 12 13 14 15 16 17 18
12Z AVG MX 2MIN
DY MAX MIN AVG DEP HDD CDD WTR SNW DPTH SPD SPD DIR MIN PSBL S-S WX SPD DR
================================================================================
1 81 60 71 -2 0 6 0.00 0.0 0 5.2 12 70 M M 3 15 80
2 84 60 72 -1 0 7 0.00 0.0 0 5.3 15 60 M M 2 20 60
3 89 57 73 -1 0 8 T 0.0 0 7.7 18 30 M M 1 3 25 50
4 78 61 70 -4 0 5 T 0.0 0 8.7 17 70 M M 5 24 70
5 77 62 70 -4 0 5 0.00 0.0 0 4.9 13 210 M M 9 16 180
6 87 62 75 1 0 10 T 0.0 0 2.2 13 180 M M 2 138 17 320
7 85 58 72 -2 0 7 T 0.0 0 5.5 15 30 M M 4 18 20 10
8 79 62 71 -4 0 6 0.01 0.0 0 4.2 12 50 M M 7 16 50
9 81 55 68 -7 0 3 0.00 0.0 0 3.2 12 10 M M 3 14 340
10 84 51 68 -7 0 3 0.00 0.0 0 4.6 17 220 M M 0 24 210
11 76 58 67 -9 0 2 1.20 0.0 0 4.9 17 210 M M 7 13 22 210
12 84 62 73 -3 0 8 1.41 0.0 0 8.7 20 280 M M 6 13 27 280
13 79 56 68 -8 0 3 0.00 0.0 0 5.2 18 200 M M 1 25 210
14 81 59 70 -6 0 5 T 0.0 0 10.1 23 220 M M 3 28 230
15 85 62 74 -2 0 9 0.14 0.0 0 5.9 17 140 M M 2 13 23 10
16 88 62 75 -2 0 10 T 0.0 0 4.6 14 260 M M 2 13 20 260
17 85 61 73 -4 0 8 0.00 0.0 0 3.3 9 130 M M 1 18 15 130
18 85 63 74 -3 0 9 0.00 0.0 0 5.5 14 50 M M 1 19 30
19 80 65 73 -4 0 8 0.33 0.0 0 4.4 14 180 M M 8 138 18 180
20 83 69 76 -2 0 11 0.47 0.0 0 8.2 16 70 M M 9 13 22 80
21 69 62 66 -12 0 1 1.29 0.0 0 12.0 21 30 M M 10 1 28 30
22 69 62 66 -12 0 1 0.15 0.0 0 7.6 14 20 M M 10 1 19 60
23 84 65 75 -3 0 10 T 0.0 0 4.5 15 260 M M 7 1 20 240
24 84 62 73 -5 0 8 T 0.0 0 2.7 14 190 M M 4 1 16 200
25 89 62 76 -2 0 11 0.67 0.0 0 3.3 26 280 M M 2 13 34 270
26 88 66 77 -1 0 12 T 0.0 0 10.3 23 220 M M 1 3 28 220
27 88 65 77 -2 0 12 0.00 0.0 0 4.8 14 250 M M 3 17 240
28 89 62 76 -3 0 11 0.00 0.0 0 2.3 8 150 M M 1 13 120
29 88 66 77 -2 0 12 0.00 0.0 0 3.9 12 130 M M 2 38 14 150
30 88 68 78 -1 0 13 0.01 0.0 0 2.1 13 210 M M 2 18 17 220
================================================================================
SM 2487 1845 0 224 5.68 0.0 165.8 M 118
================================================================================
AV 82.9 61.5 5.5 FASTST M M 4 MAX(MPH)
MISC ----> 26 280 34 270
================================================================================
NOTES:
# LAST OF SEVERAL OCCURRENCES
COLUMN 17 PEAK WIND IN M.P.H.
PRELIMINARY LOCAL CLIMATOLOGICAL DATA (WS FORM: F-6) , PAGE 2
STATION: GREENVILLE-SPARTANBURG SC
MONTH: JUNE
YEAR: 2023
LATITUDE: 34 54 N
LONGITUDE: 82 13 W
[TEMPERATURE DATA] [PRECIPITATION DATA] SYMBOLS USED IN COLUMN 16
AVERAGE MONTHLY: 72.2 TOTAL FOR MONTH: 5.68 1 = FOG OR MIST
DPTR FM NORMAL: -4.1 DPTR FM NORMAL: 1.78 2 = FOG REDUCING VISIBILITY
HIGHEST: 89 ON 28,25 GRTST 24HR 2.61 ON 11-12 TO 1/4 MILE OR LESS
LOWEST: 51 ON 10 3 = THUNDER
SNOW, ICE PELLETS, HAIL 4 = ICE PELLETS
TOTAL MONTH: 0.0 INCH 5 = HAIL
GRTST 24HR 0.0 6 = FREEZING RAIN OR DRIZZLE
GRTST DEPTH: 0 7 = DUSTSTORM OR SANDSTORM:
VSBY 1/2 MILE OR LESS
8 = SMOKE OR HAZE
[NO. OF DAYS WITH] [WEATHER - DAYS WITH] 9 = BLOWING SNOW
X = TORNADO
MAX 32 OR BELOW: 0 0.01 INCH OR MORE: 10
MAX 90 OR ABOVE: 0 0.10 INCH OR MORE: 8
MIN 32 OR BELOW: 0 0.50 INCH OR MORE: 4
MIN 0 OR BELOW: 0 1.00 INCH OR MORE: 3
[HDD (BASE 65) ]
TOTAL THIS MO. 0 CLEAR (SCALE 0-3) 18
DPTR FM NORMAL -2 PTCLDY (SCALE 4-7) 8
TOTAL FM JUL 1 2700 CLOUDY (SCALE 8-10) 4
DPTR FM NORMAL -317
[CDD (BASE 65) ]
TOTAL THIS MO. 224
DPTR FM NORMAL -119 [PRESSURE DATA]
TOTAL FM JAN 1 388 HIGHEST SLP 30.10 ON 1
DPTR FM NORMAL -167 LOWEST SLP 29.68 ON 14
[REMARKS]
#FINAL-06-23#