000
CXUS54 KHGX 011625
CF6HOU
PRELIMINARY LOCAL CLIMATOLOGICAL DATA (WS FORM: F-6)
STATION: HOUSTON/HOBBY AIRPORT
MONTH: NOVEMBER
YEAR: 2021
LATITUDE: 29 38 N
LONGITUDE: 95 17 W
TEMPERATURE IN F: :PCPN: SNOW: WIND :SUNSHINE: SKY :PK WND
================================================================================
1 2 3 4 5 6A 6B 7 8 9 10 11 12 13 14 15 16 17 18
12Z AVG MX 2MIN
DY MAX MIN AVG DEP HDD CDD WTR SNW DPTH SPD SPD DIR MIN PSBL S-S WX SPD DR
================================================================================
1 80 58 69 1 0 4 0.00 0.0 0 5.4 14 110 M M 1 1 18 120
2 80 63 72 5 0 7 0.00 0.0 0 6.5 14 100 M M 2 1 18 110
3 74 57 66 -1 0 1 0.62 0.0 0 8.5 22 10 M M 8 13 31 360
4 58 52 55 -12 10 0 0.00 0.0 0 12.2 18 10 M M 10 18 29 20
5 68 49 59 -7 6 0 0.00 0.0 0 7.5 14 340 M M 2 19 20
6 71 48 60 -6 5 0 0.00 0.0 0 4.6 12 70 M M 1 18 70
7 73 51 62 -4 3 0 0.00 0.0 0 4.5 13 130 M M 1 18 17 120
8 77 53 65 0 0 0 0.00 0.0 0 5.4 14 120 M M 1 1 19 120
9 79 57 68 3 0 3 0.00 0.0 0 5.8 14 130 M M 7 18 19 150
10 84 64 74 9 0 9 T 0.0 0 9.2 20 160 M M 7 1 26 150
11 77 60 69 5 0 4 0.33 0.0 0 8.0 17 340 M M 4 13 25 340
12 80 54 67 3 0 2 0.00 0.0 0 6.7 18 340 M M 2 8 25 350
13 70 48 59 -5 6 0 0.00 0.0 0 7.1 16 10 M M 1 21 10
14 79 50 65 1 0 0 0.00 0.0 0 5.9 16 200 M M 2 20 200
15 84 59 72 9 0 7 0.00 0.0 0 7.6 16 170 M M 2 22 170
16 84 64 74 11 0 9 0.00 0.0 0 9.9 21 170 M M 3 1 27 150
17 87 65 76 13 0 11 0.00 0.0 0 9.4 21 200 M M 5 31 210
18 74 56 65 3 0 0 0.00 0.0 0 12.9 22 340 M M 6 1 35 40
19 67 50 59 -3 6 0 0.00 0.0 0 8.2 21 40 M M 1 28 40
20 79 53 66 4 0 1 0.00 0.0 0 7.3 15 160 M M 4 20 160
21 83 64 74 12 0 9 0.50 0.0 0 7.7 24 60 M M 6 18 34 80
22 73 53 63 2 2 0 0.00 0.0 0 9.4 20 340 M M 5 25 340
23 71 50 61 0 4 0 0.00 0.0 0 5.6 16 100 M M 4 23 110
24 79 60 70 9 0 5 0.00 0.0 0 11.5 22 140 M M 8 32 160
25 73 55 64 3 1 0 0.59 0.0 0 9.9 23 350 M M 10 1 43 10
26 63 48 56 -4 9 0 0.00 0.0 0 9.8 17 360 M M 8 28 20
27 60 49 55 -5 10 0 0.10 0.0 0 3.6 12 20 M M 9 18 16 20
28 61 50 56 -4 9 0 0.09 0.0 0 6.2 15 350 M M 8 1 21 10
29 72 46 59 -1 6 0 0.00 0.0 0 3.3 10 180 M M 0 1 13 170
30 76 49 63 3 2 0 0.00 0.0 0 5.9 14 110 M M 5 12 20 160
================================================================================
SM 2236 1635 79 72 2.23 0.0 225.5 M 133
================================================================================
AV 74.5 54.5 7.5 FASTST M M 4 MAX(MPH)
MISC ----> 24 60 43 10
================================================================================
NOTES:
# LAST OF SEVERAL OCCURRENCES
COLUMN 17 PEAK WIND IN M.P.H.
PRELIMINARY LOCAL CLIMATOLOGICAL DATA (WS FORM: F-6) , PAGE 2
STATION: HOUSTON/HOBBY AIRPORT
MONTH: NOVEMBER
YEAR: 2021
LATITUDE: 29 38 N
LONGITUDE: 95 17 W
[TEMPERATURE DATA] [PRECIPITATION DATA] SYMBOLS USED IN COLUMN 16
AVERAGE MONTHLY: 64.5 TOTAL FOR MONTH: 2.23 1 = FOG OR MIST
DPTR FM NORMAL: 1.2 DPTR FM NORMAL: -1.67 2 = FOG REDUCING VISIBILITY
HIGHEST: 87 ON 17 GRTST 24HR 0.62 ON 3- 3 TO 1/4 MILE OR LESS
LOWEST: 46 ON 29 3 = THUNDER
SNOW, ICE PELLETS, HAIL 4 = ICE PELLETS
TOTAL MONTH: 0.0 INCH 5 = HAIL
GRTST 24HR 0.0 6 = FREEZING RAIN OR DRIZZLE
GRTST DEPTH: 0 7 = DUSTSTORM OR SANDSTORM:
VSBY 1/2 MILE OR LESS
8 = SMOKE OR HAZE
[NO. OF DAYS WITH] [WEATHER - DAYS WITH] 9 = BLOWING SNOW
X = TORNADO
MAX 32 OR BELOW: 0 0.01 INCH OR MORE: 6
MAX 90 OR ABOVE: 0 0.10 INCH OR MORE: 5
MIN 32 OR BELOW: 0 0.50 INCH OR MORE: 3
MIN 0 OR BELOW: 0 1.00 INCH OR MORE: 0
[HDD (BASE 65) ]
TOTAL THIS MO. 79 CLEAR (SCALE 0-3) 13
DPTR FM NORMAL -55 PTCLDY (SCALE 4-7) 12
TOTAL FM JUL 1 80 CLOUDY (SCALE 8-10) 5
DPTR FM NORMAL -73
[CDD (BASE 65) ]
TOTAL THIS MO. 72
DPTR FM NORMAL -11 [PRESSURE DATA]
TOTAL FM JAN 1 3699 HIGHEST SLP 30.44 ON 19
DPTR FM NORMAL 371 LOWEST SLP 29.89 ON 10
[REMARKS]
#FINAL-11-21#