000
CXUS54 KEWX 011010
CF6HYI
PRELIMINARY LOCAL CLIMATOLOGICAL DATA (WS FORM: F-6)
STATION: SAN MARCOS
MONTH: MAY
YEAR: 2021
LATITUDE: 29 53 N
LONGITUDE: 97 52 W
TEMPERATURE IN F: :PCPN: SNOW: WIND :SUNSHINE: SKY :PK WND
================================================================================
1 2 3 4 5 6A 6B 7 8 9 10 11 12 13 14 15 16 17 18
12Z AVG MX 2MIN
DY MAX MIN AVG DEP HDD CDD WTR SNW DPTH SPD SPD DIR MIN PSBL S-S WX SPD DR
================================================================================
1 72 65 69 M 0 4 T M M 9.4 16 70 M M 8 13 22 130
2 89 62 76 M 0 11 0.00 M M 10.0 20 190 M M 2 12 24 210
3 94 68 81 M 0 16 0.00 M M 10.0 17 140 M M 3 1 M M
4 81 63 72 M 0 7 T M M 11.4 20 360 M M 4 13 25 360
5 80 57 69 M 0 4 0.00 M M 8.9 16 10 M M 0 21 40
6 86 55 71 M 0 6 0.00 M M 6.4 10 50 M M 0 M M
7 86 57 72 M 0 7 0.00 M M 6.3 14 150 M M 1 M M
8 89 67 78 M 0 13 0.00 M M 15.3 22 180 M M 6 32 160
9 89 75 82 M 0 17 0.00 M M 10.0 20 180 M M 8 25 180
10 86 64 75 M 0 10 T M M 8.5 15 50 M M 8 13 17 330
11 85 62 74 M 0 9 T M M 10.6 24 360 M M 8 13 36 360
12 75 61 68 M 0 3 0.00 M M 14.1 21 10 M M 9 25 10
13 75 59 67 M 0 2 0.00 M M 8.2 16 40 M M 9 22 40
14 83 57 70 M 0 5 0.00 M M 7.0 14 140 M M 6 M M
15 78 65 72 M 0 7 0.00 M M 7.9 17 140 M M 8 1 18 170
16 81 70 76 M 0 11 0.00 M M 10.3 23 150 M M 8 1 32 160
17 86 67 77 M 0 12 0.00 M M 9.3 30 20 M M 7 13 37 20
18 81 63 72 M 0 7 0.00 M M 10.6 24 100 M M 5 123 35 260
19 71 62 67 M 0 2 0.00 M M 7.3 20 60 M M 3 3 39 70
20 83 59 71 M 0 6 0.00 M M 4.1 10 100 M M 2 M M
21 86 63 75 M 0 10 0.00 M M 6.2 14 110 M M 5 12 M M
22 83 71 77 M 0 12 0.00 M M 12.4 24 150 M M 8 1 35 180
23 71 70 71 M 0 6 0.00 M M 7.8 13 90 M M 10 1 M M
24 87 69 78 M 0 13 T M M 8.5 17 150 M M 8 13 30 170
25 88 72 80 M 0 15 0.00 M M 11.2 17 150 M M 7 1 28 150
26 90 72 81 M 0 16 0.00 M M 9.4 15 200 M M 7 1 18 200
27 90 74 82 M 0 17 0.00 M M 10.4 15 140 M M 7 20 160
28 90 67 79 M 0 14 0.00 M M 12.0 29 140 M M 8 13 38 130
29 85 66 76 M 0 11 0.00 M M 7.0 15 150 M M 1 22 150
30 86 66 76 M 0 11 0.00 M M 6.4 16 140 M M 6 12 M M
31 88 70 79 M 0 14 0.00 M M 9.7 17 140 M M 8 1 24 140
================================================================================
SM 2594 2018 0 298 T M 286.6 M 180
================================================================================
AV 83.7 65.1 9.2 FASTST M M 6 MAX(MPH)
MISC ----> 30 20 39 70
================================================================================
NOTES:
# LAST OF SEVERAL OCCURRENCES
COLUMN 17 PEAK WIND IN M.P.H.
PRELIMINARY LOCAL CLIMATOLOGICAL DATA (WS FORM: F-6) , PAGE 2
STATION: SAN MARCOS
MONTH: MAY
YEAR: 2021
LATITUDE: 29 53 N
LONGITUDE: 97 52 W
[TEMPERATURE DATA] [PRECIPITATION DATA] SYMBOLS USED IN COLUMN 16
AVERAGE MONTHLY: 74.4 TOTAL FOR MONTH: T 1 = FOG OR MIST
DPTR FM NORMAL: 0.0 DPTR FM NORMAL: M 2 = FOG REDUCING VISIBILITY
HIGHEST: 94 ON 3 GRTST 24HR T ON 1- 2 TO 1/4 MILE OR LESS
LOWEST: 55 ON 6 3 = THUNDER
SNOW, ICE PELLETS, HAIL 4 = ICE PELLETS
TOTAL MONTH: M 5 = HAIL
GRTST 24HR M ON M 6 = FREEZING RAIN OR DRIZZLE
GRTST DEPTH: M ON M 7 = DUSTSTORM OR SANDSTORM:
VSBY 1/2 MILE OR LESS
8 = SMOKE OR HAZE
[NO. OF DAYS WITH] [WEATHER - DAYS WITH] 9 = BLOWING SNOW
X = TORNADO
MAX 32 OR BELOW: 0 0.01 INCH OR MORE: 0
MAX 90 OR ABOVE: 4 0.10 INCH OR MORE: 0
MIN 32 OR BELOW: 0 0.50 INCH OR MORE: 0
MIN 0 OR BELOW: 0 1.00 INCH OR MORE: 0
[HDD (BASE 65) ]
TOTAL THIS MO. 0 CLEAR (SCALE 0-3) 7
DPTR FM NORMAL M PTCLDY (SCALE 4-7) 16
TOTAL FM JUL 1 1661 CLOUDY (SCALE 8-10) 8
DPTR FM NORMAL M
[CDD (BASE 65) ]
TOTAL THIS MO. 298
DPTR FM NORMAL M [PRESSURE DATA]
TOTAL FM JAN 1 538 HIGHEST SLP 30.12 ON 26
DPTR FM NORMAL M LOWEST SLP 29.79 ON 29
[REMARKS]
#FINAL-05-21#