000
CXUS54 KEWX 011110
CF6HYI
PRELIMINARY LOCAL CLIMATOLOGICAL DATA (WS FORM: F-6)
STATION: SAN MARCOS
MONTH: FEBRUARY
YEAR: 2021
LATITUDE: 29 53 N
LONGITUDE: 97 52 W
TEMPERATURE IN F: :PCPN: SNOW: WIND :SUNSHINE: SKY :PK WND
================================================================================
1 2 3 4 5 6A 6B 7 8 9 10 11 12 13 14 15 16 17 18
12Z AVG MX 2MIN
DY MAX MIN AVG DEP HDD CDD WTR SNW DPTH SPD SPD DIR MIN PSBL S-S WX SPD DR
================================================================================
1 66 36 51 M 14 0 0.00 M M 9.1 14 360 M M 0 21 350
2 68 34 51 M 14 0 0.00 M M 5.8 13 190 M M 0 16 180
3 76 36 56 M 9 0 0.00 M M 8.6 18 180 M M 1 1 31 220
4 83 55 69 M 0 4 0.00 M M 14.5 23 10 M M 5 35 360
5 56 46 51 M 14 0 T M M 9.8 18 10 M M 7 23 80
6 77 45 61 M 4 0 0.00 M M 8.8 23 320 M M 5 1 32 320
7 71 32 52 M 13 0 0.00 M M 8.8 18 180 M M 0 24 180
8 78 47 63 M 2 0 0.00 M M 5.5 16 230 M M 6 12 21 200
9 65 48 57 M 8 0 0.00 M M 9.9 16 60 M M 9 1 18 50
10 48 37 43 M 22 0 T M M 14.3 18 10 M M 10 1 24 10
11 37 32 35 M 30 0 T M M 17.7 25 360 M M 10 1 35 360
12 34 30 32 M 33 0 0.00 M M 17.8 23 360 M M 10 1 33 360
13 30 27 29 M 36 0 T M M 16.5 22 360 M M 10 16 27 360
14 29 13 21 M 44 0 T M M 16.5 22 30 M M 10 16 27 30
15 22 10 16 M 49 0 T M M 15.4 18 350 M M 3 1 31 330
16 25 16 21 M 44 0 0.00 M M 8.6 14 130 M M 3 M M
17 34 24 29 M 36 0 0.00 M M 11.2 18 10 M M 3 22 20
18 33 25 29 M 36 0 0.00 M M 15.7 22 10 M M 8 24 10
19 43 17 30 M 35 0 0.00 M M M M M M M 0 M M
20 61 23 42 M 23 0 0.00 M M 0.0 M M M M 0 M M
21 74 35 55 M 10 0 0.00 M M M M M M M 5 M M
22 74 39 57 M 8 0 0.00 M M M M M M M 1 M M
23 79 38 59 M 6 0 0.00 M M 15.8 20 200 M M 1 18 28 200
24 80 61 71 M 0 6 0.00 M M 8.8 16 220 M M 6 24 200
25 66 51 59 M 6 0 T M M 11.6 16 340 M M 10 18 M M
26 60 48 54 M 11 0 0.00 M M 8.2 15 360 M M 9 1 18 350
27 80 56 68 M 0 3 0.00 M M 10.4 26 170 M M 9 12 33 170
28 80 60 70 M 0 5 0.00 M M 10.1 16 10 M M 9 1 M M
================================================================================
SM 1629 1021 507 18 T M 279.4 M 150
================================================================================
AV 58.2 36.5 11.2 FASTST M M 5 MAX(MPH)
MISC ----> 26 170 35 360
================================================================================
NOTES:
# LAST OF SEVERAL OCCURRENCES
COLUMN 17 PEAK WIND IN M.P.H.
PRELIMINARY LOCAL CLIMATOLOGICAL DATA (WS FORM: F-6) , PAGE 2
STATION: SAN MARCOS
MONTH: FEBRUARY
YEAR: 2021
LATITUDE: 29 53 N
LONGITUDE: 97 52 W
[TEMPERATURE DATA] [PRECIPITATION DATA] SYMBOLS USED IN COLUMN 16
AVERAGE MONTHLY: 47.3 TOTAL FOR MONTH: T 1 = FOG OR MIST
DPTR FM NORMAL: 0.0 DPTR FM NORMAL: -0.00 2 = FOG REDUCING VISIBILITY
HIGHEST: 83 ON 4 GRTST 24HR T ON 5- 5 TO 1/4 MILE OR LESS
LOWEST: 10 ON 15 3 = THUNDER
SNOW, ICE PELLETS, HAIL 4 = ICE PELLETS
TOTAL MONTH: M 5 = HAIL
GRTST 24HR M ON M 6 = FREEZING RAIN OR DRIZZLE
GRTST DEPTH: M ON M 7 = DUSTSTORM OR SANDSTORM:
VSBY 1/2 MILE OR LESS
8 = SMOKE OR HAZE
[NO. OF DAYS WITH] [WEATHER - DAYS WITH] 9 = BLOWING SNOW
X = TORNADO
MAX 32 OR BELOW: 4 0.01 INCH OR MORE: 0
MAX 90 OR ABOVE: 0 0.10 INCH OR MORE: 0
MIN 32 OR BELOW: 11 0.50 INCH OR MORE: 0
MIN 0 OR BELOW: 0 1.00 INCH OR MORE: 0
[HDD (BASE 65) ]
TOTAL THIS MO. 507 CLEAR (SCALE 0-3) 10
DPTR FM NORMAL M PTCLDY (SCALE 4-7) 7
TOTAL FM JUL 1 1474 CLOUDY (SCALE 8-10) 11
DPTR FM NORMAL M
[CDD (BASE 65) ]
TOTAL THIS MO. 18
DPTR FM NORMAL M [PRESSURE DATA]
TOTAL FM JAN 1 19 HIGHEST SLP 30.59 ON 19
DPTR FM NORMAL M LOWEST SLP 29.78 ON 27
[REMARKS]
#FINAL-02-21#