000
CXUS53 KTOP 010810
CF6MHK
PRELIMINARY LOCAL CLIMATOLOGICAL DATA (WS FORM: F-6)
STATION: MANHATTAN KS
MONTH: OCTOBER
YEAR: 2023
LATITUDE: 39 9 N
LONGITUDE: 96 40 W
TEMPERATURE IN F: :PCPN: SNOW: WIND :SUNSHINE: SKY :PK WND
================================================================================
1 2 3 4 5 6A 6B 7 8 9 10 11 12 13 14 15 16 17 18
12Z AVG MX 2MIN
DY MAX MIN AVG DEP HDD CDD WTR SNW DPTH SPD SPD DIR MIN PSBL S-S WX SPD DR
================================================================================
1 95 68 82 19 0 17 0.00 M M 9.2 20 170 M M 0 32 180
2 93 61 77 15 0 12 0.00 M M 7.6 18 200 M M 1 32 180
3 87 64 76 14 0 11 0.80 M M 11.4 26 170 M M 3 3 36 170
4 76 52 64 3 1 0 0.02 M M 2.2 12 30 M M 1 3 16 50
5 79 47 63 2 2 0 0.00 M M 4.2 15 30 M M 0 25 20
6 62 39 51 -9 14 0 T M M 4.4 20 360 M M 3 37 330
7 66 33 50 -10 15 0 0.00 M M 2.2 14 240 M M 0 18 250
8 84 41 63 3 2 0 0.00 M M 3.5 13 260 M M 0 18 270
9 72 41 57 -2 8 0 0.00 M M 2.6 14 40 M M 0 20 40
10 78 38 58 -1 7 0 0.00 M M 5.2 15 160 M M 0 20 170
11 86 53 70 12 0 5 0.00 M M 11.6 24 170 M M 1 34 170
12 72 64 68 10 0 3 0.28 M M 15.8 26 160 M M 9 3 36 170
13 66 49 58 1 7 0 0.00 M M 12.1 23 280 M M 7 37 290
14 56 50 53 -4 12 0 0.00 M M 6.4 14 320 M M 10 27 320
15 55 45 50 -6 15 0 0.00 M M 6.6 13 360 M M 10 21 360
16 66 35 51 -5 14 0 0.00 M M 2.5 12 280 M M 0 21 0
17 77 31 54 -2 11 0 0.00 M M 5.2 15 210 M M 0 25 210
18 71 46 59 4 6 0 T M M 6.1 20 210 M M 1 26 210
19 80 46 63 8 2 0 0.00 M M 4.2 14 270 M M 0 21 260
20 86 41 64 10 1 0 0.00 M M 3.3 12 230 M M 0 19 250
21 82 43 63 9 2 0 0.00 M M 5.0 15 50 M M 0 22 50
22 79 47 63 9 2 0 0.00 M M 10.9 21 140 M M 0 29 150
23 88 63 76 23 0 11 0.01 M M 14.2 26 210 M M 1 3 36 180
24 74 62 68 15 0 3 0.07 M M 9.6 25 200 M M 7 37 190
25 70 62 66 14 0 1 0.30 M M 4.6 16 150 M M 10 23 140
26 80 58 69 17 0 4 0.05 M M 7.1 20 210 M M 6 27 220
27 58 35 47 -4 18 0 0.00 M M 9.0 18 20 M M 5 27 10
28 43 30 37 -14 28 0 0.19 M M 10.5 18 40 M M 6 3 24 50
29 38 30 34 -16 31 0 0.00 M M 6.7 15 30 M M 8 23 10
30 46 22 34 -16 31 0 0.00 M M 3.2 13 250 M M 0 19 290
31 41 18 30 -20 35 0 0.00 M M 5.2 13 10 M M 0 24 10
================================================================================
SM 2206 1414 264 67 1.72 M 212.3 M 89
================================================================================
AV 71.2 45.6 6.8 FASTST M M 3 MAX(MPH)
MISC ----> # 26 170 # 37 330
================================================================================
NOTES:
# LAST OF SEVERAL OCCURRENCES
COLUMN 17 PEAK WIND IN M.P.H.
PRELIMINARY LOCAL CLIMATOLOGICAL DATA (WS FORM: F-6) , PAGE 2
STATION: MANHATTAN KS
MONTH: OCTOBER
YEAR: 2023
LATITUDE: 39 9 N
LONGITUDE: 96 40 W
[TEMPERATURE DATA] [PRECIPITATION DATA] SYMBOLS USED IN COLUMN 16
AVERAGE MONTHLY: 58.4 TOTAL FOR MONTH: 1.72 1 = FOG OR MIST
DPTR FM NORMAL: 2.3 DPTR FM NORMAL: -0.46 2 = FOG REDUCING VISIBILITY
HIGHEST: 95 ON 1 GRTST 24HR 0.82 ON 3- 4 TO 1/4 MILE OR LESS
LOWEST: 18 ON 31 3 = THUNDER
SNOW, ICE PELLETS, HAIL 4 = ICE PELLETS
TOTAL MONTH: M 5 = HAIL
GRTST 24HR M ON M 6 = FREEZING RAIN OR DRIZZLE
GRTST DEPTH: M ON M 7 = DUSTSTORM OR SANDSTORM:
VSBY 1/2 MILE OR LESS
8 = SMOKE OR HAZE
[NO. OF DAYS WITH] [WEATHER - DAYS WITH] 9 = BLOWING SNOW
X = TORNADO
MAX 32 OR BELOW: 0 0.01 INCH OR MORE: 8
MAX 90 OR ABOVE: 2 0.10 INCH OR MORE: 4
MIN 32 OR BELOW: 5 0.50 INCH OR MORE: 1
MIN 0 OR BELOW: 0 1.00 INCH OR MORE: 0
[HDD (BASE 65) ]
TOTAL THIS MO. 264 CLEAR (SCALE 0-3) 20
DPTR FM NORMAL -42 PTCLDY (SCALE 4-7) 6
TOTAL FM JUL 1 270 CLOUDY (SCALE 8-10) 5
DPTR FM NORMAL -98
[CDD (BASE 65) ]
TOTAL THIS MO. 67
DPTR FM NORMAL 37 [PRESSURE DATA]
TOTAL FM JAN 1 1833 HIGHEST SLP M ON M
DPTR FM NORMAL 345 LOWEST SLP 29.38 ON 12
[REMARKS]
#FINAL-10-23#