000
CXUS56 KPQR 011201
CF6SLE
PRELIMINARY LOCAL CLIMATOLOGICAL DATA (WS FORM: F-6)
STATION: SALEM OR
MONTH: AUGUST
YEAR: 2023
LATITUDE: 44 55 N
LONGITUDE: 123 0 W
TEMPERATURE IN F: :PCPN: SNOW: WIND :SUNSHINE: SKY :PK WND
================================================================================
1 2 3 4 5 6A 6B 7 8 9 10 11 12 13 14 15 16 17 18
12Z AVG MX 2MIN
DY MAX MIN AVG DEP HDD CDD WTR SNW DPTH SPD SPD DIR MIN PSBL S-S WX SPD DR
================================================================================
1 89 56 73 2 0 8 0.00 M M 5.8 15 300 M M 0 24 10
2 90 55 73 2 0 8 0.00 M M 4.4 16 290 M M 0 21 280
3 89 54 72 1 0 7 0.00 M M 5.2 15 290 M M 0 18 310
4 88 58 73 3 0 8 0.00 M M 6.0 15 50 M M 0 21 360
5 87 59 73 3 0 8 T M M 3.2 13 310 M M 5 15 310
6 84 66 75 5 0 10 T M M 4.9 12 340 M M 5 14 320
7 87 64 76 6 0 11 0.00 M M 6.3 16 280 M M 1 20 280
8 89 59 74 4 0 9 0.00 M M 7.0 17 300 M M 2 22 300
9 85 59 72 2 0 7 T M M 5.8 17 320 M M 3 21 320
10 82 63 73 3 0 8 0.00 M M 8.3 16 10 M M 4 22 20
11 87 58 73 3 0 8 0.00 M M 5.9 14 340 M M 0 18 350
12 91 59 75 5 0 10 0.00 M M 8.6 17 10 M M 0 21 360
13 102 64 83 13 0 18 0.00 M M 7.9 20 20 M M 0 25 20
14 105 65 85 15 0 20 0.00 M M 3.5 12 330 M M 0 15 340
15 102 69 86 17 0 21 0.00 M 0 4.2 10 280 M M 0 8 14 170
16 104 65 85 16 0 20 0.00 M M 3.0 12 310 M M 0 8 15 300
17 93 67 80 11 0 15 0.00 M M 2.8 15 290 M M 0 20 280
18 84 58 71 2 0 6 0.00 M M 8.3 16 360 M M 1 20 340
19 89 51 70 1 0 5 0.00 M M 7.4 13 10 M M 0 8 17 340
20 87 56 72 3 0 7 0.00 M M 4.3 13 310 M M 5 8 15 310
21 83 55 69 0 0 4 0.00 M M 5.9 16 280 M M 1 8 20 270
22 76 52 64 -4 1 0 0.00 M M 4.9 15 320 M M 3 18 320
23 80 50 65 -3 0 0 0.00 M M 5.7 16 30 M M 0 22 340
24 91 53 72 4 0 7 0.00 M M 6.0 17 150 M M 0 20 150
25 94 66 80 12 0 15 0.00 M M 5.0 16 280 M M 2 38 21 270
26 89 57 73 5 0 8 0.00 M M 3.0 12 260 M M 0 8 15 210
27 83 57 70 2 0 5 0.00 M M 4.8 13 280 M M 2 8 15 280
28 70 58 64 -4 1 0 T M M 4.1 13 310 M M 9 18 14 300
29 75 59 67 -1 0 2 0.16 M M 5.4 17 250 M M 8 1 20 240
30 80 56 68 0 0 3 0.00 M M 4.6 12 320 M M 4 14 290
31 64 58 61 -6 4 0 0.70 M M 4.6 10 190 M M 8 1 14 170
================================================================================
SM 2699 1826 6 258 0.86 M 166.8 M 63
================================================================================
AV 87.1 58.9 5.4 FASTST M M 2 MAX(MPH)
MISC ----> 20 20 25 20
================================================================================
NOTES:
# LAST OF SEVERAL OCCURRENCES
COLUMN 17 PEAK WIND IN M.P.H.
PRELIMINARY LOCAL CLIMATOLOGICAL DATA (WS FORM: F-6) , PAGE 2
STATION: SALEM OR
MONTH: AUGUST
YEAR: 2023
LATITUDE: 44 55 N
LONGITUDE: 123 0 W
[TEMPERATURE DATA] [PRECIPITATION DATA] SYMBOLS USED IN COLUMN 16
AVERAGE MONTHLY: 73.0 TOTAL FOR MONTH: 0.86 1 = FOG OR MIST
DPTR FM NORMAL: 3.8 DPTR FM NORMAL: 0.47 2 = FOG REDUCING VISIBILITY
HIGHEST: 105 ON 14 GRTST 24HR 0.70 ON 31-31 TO 1/4 MILE OR LESS
LOWEST: 50 ON 23 3 = THUNDER
SNOW, ICE PELLETS, HAIL 4 = ICE PELLETS
TOTAL MONTH: M 5 = HAIL
GRTST 24HR M ON M 6 = FREEZING RAIN OR DRIZZLE
GRTST DEPTH: 0 7 = DUSTSTORM OR SANDSTORM:
VSBY 1/2 MILE OR LESS
8 = SMOKE OR HAZE
[NO. OF DAYS WITH] [WEATHER - DAYS WITH] 9 = BLOWING SNOW
X = TORNADO
MAX 32 OR BELOW: 0 0.01 INCH OR MORE: 2
MAX 90 OR ABOVE: 9 0.10 INCH OR MORE: 2
MIN 32 OR BELOW: 0 0.50 INCH OR MORE: 1
MIN 0 OR BELOW: 0 1.00 INCH OR MORE: 0
[HDD (BASE 65) ]
TOTAL THIS MO. 6 CLEAR (SCALE 0-3) 22
DPTR FM NORMAL -10 PTCLDY (SCALE 4-7) 7
TOTAL FM JUL 1 6 CLOUDY (SCALE 8-10) 2
DPTR FM NORMAL -21
[CDD (BASE 65) ]
TOTAL THIS MO. 258
DPTR FM NORMAL 112 [PRESSURE DATA]
TOTAL FM JAN 1 579 HIGHEST SLP 30.23 ON 6
DPTR FM NORMAL 234 LOWEST SLP 29.72 ON 17
[REMARKS]
#FINAL-08-23#