000
CXUS53 KGRR 261017
CF6BIV
PRELIMINARY LOCAL CLIMATOLOGICAL DATA (WS FORM: F-6)

                                          STATION:   HOLLAND
                                          MONTH:     MAY
                                          YEAR:      2017
                                          LATITUDE:   42 49 N
                                          LONGITUDE:  86 10 W

  TEMPERATURE IN F:       :PCPN:    SNOW:  WIND      :SUNSHINE: SKY     :PK WND
================================================================================
1   2   3   4   5  6A  6B    7    8   9   10  11  12  13   14  15   16   17  18
                                     12Z  AVG MX 2MIN
DY MAX MIN AVG DEP HDD CDD  WTR  SNW DPTH SPD SPD DIR MIN PSBL S-S WX    SPD DR
================================================================================

 1  61  45  53  -1  12   0 0.57    M    M 15.6 29 240   M    M  10 13     42 230
 2  46  41  44 -10  21   0 0.02    M    M 13.9 26 270   M    M   9 1      34 250
 3  57  34  46  -8  19   0 0.00    M    M  4.0 14 320   M    M   0        16 280
 4  52  43  48  -7  17   0 0.00    M    M  7.8 18  80   M    M   3        24  60
 5  59  41  50  -5  15   0 0.00    M    M  9.5 18  30   M    M   0        27  50
 6  55  41  48  -8  17   0 0.00    M    M 10.6 22 320   M    M   1        34 330
 7  49  38  44 -12  21   0 0.00    M    M 10.4 24 300   M    M   0        33 320
 8  51  32  42 -14  23   0 0.00    M    M  6.9 16 280   M    M   0        22 280
 9  63  33  48  -8  17   0 0.00    M    M  4.8 14 280   M    M   4        18 270
10  71  47  59   2   6   0 0.13    M    M  3.7 21 120   M    M   6 1      24 120
11  68  48  58   1   7   0    T    M    M  6.7 15 100   M    M   5 1      22  90
12  69  44  57   0   8   0 0.00    M    M  5.9 15 300   M    M   2        19 270
13  73  42  58   0   7   0 0.00    M    M  6.6 25 230   M    M   3        34 230
14  70  47  59   1   6   0 0.00    M    M  5.7 14 310   M    M   1 18     19 290
15  79  49  64   6   1   0 0.09    M    M  8.5 22 110   M    M   0 3      30  70
16  85  60  73  14   0   8 0.02    M    M 11.3 28 290   M    M   1        38 300
17  84  72  78  19   0  13 0.00    M    M 18.0 32 230   M    M   1        41 210
18  77  46  62   3   3   0 0.08    M    M 17.0 36 250   M    M   4 3      46 250
19  53  41  47 -13  18   0 0.09    M    M  9.5 20  80   M    M   7        29  70
20  62  49  56  -4   9   0 0.20    M    0 13.5 26 110   M    M  10 1      33 100
21  66  50  58  -2   7   0 0.27    M    M 12.5 24 260   M    M   9 13     31 250
22  68  50  59  -2   6   0    T    M    M 16.6 26 240   M    M   6        34 240
23  64  57  61   0   4   0 0.04    M    M  8.1 20 240   M    M   9        23 220
24  72  57  65   4   0   0 0.04    M    M  8.5 22 110   M    M   7 13     27 120
25  68  50  59  -3   6   0    T  0.0    0  6.9 15 320   M    M   8        19 310
================================================================================
SM 1622 1157       250  21  1.55     0.0 242.5          M      106
================================================================================
AV 64.9 46.3                               9.7 FASTST   M    M   4    MAX(MPH)
                                 MISC ---->  # 36 250               # 46  250
================================================================================
NOTES:
# LAST OF SEVERAL OCCURRENCES

COLUMN 17 PEAK WIND IN M.P.H.

PRELIMINARY LOCAL CLIMATOLOGICAL DATA (WS FORM: F-6) , PAGE 2

                                          STATION:  HOLLAND
                                          MONTH:    MAY
                                          YEAR:     2017
                                          LATITUDE:   42 49 N
                                          LONGITUDE:  86 10 W

[TEMPERATURE DATA]      [PRECIPITATION DATA]       SYMBOLS USED IN COLUMN 16

AVERAGE MONTHLY: 55.6   TOTAL FOR MONTH:   1.55    1 = FOG OR MIST
DPTR FM NORMAL:  -2.1   DPTR FM NORMAL:   -1.12    2 = FOG REDUCING VISIBILITY
HIGHEST:    85 ON 16    GRTST 24HR  0.77 ON 30- 1      TO 1/4 MILE OR LESS
LOWEST:     32 ON  8                               3 = THUNDER
                        SNOW, ICE PELLETS, HAIL    4 = ICE PELLETS
                        TOTAL MONTH:   0.0 INCH    5 = HAIL
                        GRTST 24HR     0.0         6 = FREEZING RAIN OR DRIZZLE
                        GRTST DEPTH:   0           7 = DUSTSTORM OR SANDSTORM:
                                                       VSBY 1/2 MILE OR LESS
                                                   8 = SMOKE OR HAZE
[NO. OF DAYS WITH]      [WEATHER - DAYS WITH]      9 = BLOWING SNOW
                                                   X = TORNADO
MAX 32 OR BELOW:   0    0.01 INCH OR MORE:  11
MAX 90 OR ABOVE:   0    0.10 INCH OR MORE:   4
MIN 32 OR BELOW:   1    0.50 INCH OR MORE:   1
MIN  0 OR BELOW:   0    1.00 INCH OR MORE:   0

[HDD (BASE 65) ]
TOTAL THIS MO.   250    CLEAR  (SCALE 0-3)  10
DPTR FM NORMAL    45    PTCLDY (SCALE 4-7)  10
TOTAL FM JUL 1  5407    CLOUDY (SCALE 8-10)  5
DPTR FM NORMAL  -677

[CDD (BASE 65) ]
TOTAL THIS MO.    21
DPTR FM NORMAL    -3    [PRESSURE DATA]
TOTAL FM JAN 1    29    HIGHEST SLP M ON M
DPTR FM NORMAL     1    LOWEST  SLP 29.40 ON  1

[REMARKS]
