000
CXUS56 KLKN 251009
CF6ELY
PRELIMINARY LOCAL CLIMATOLOGICAL DATA (WS FORM: F-6)

                                          STATION:   ELY AIRPORT NV
                                          MONTH:     JULY
                                          YEAR:      2017
                                          LATITUDE:   39 16 N
                                          LONGITUDE: 114 51 W

  TEMPERATURE IN F:       :PCPN:    SNOW:  WIND      :SUNSHINE: SKY     :PK WND
================================================================================
1   2   3   4   5  6A  6B    7    8   9   10  11  12  13   14  15   16   17  18
                                     12Z  AVG MX 2MIN
DY MAX MIN AVG DEP HDD CDD  WTR  SNW DPTH SPD SPD DIR MIN PSBL S-S WX    SPD DR
================================================================================

 1  92  40  66   1   0   1 0.00  0.0    0  9.4 24 210   M    M   0        31 210
 2  92  53  73   7   0   8 0.00  0.0    0  9.9 20 200   M    M   0        27 150
 3  94  59  77  11   0  12 0.00  0.0    0  9.0 17 260   M    M   0        25 250
 4  95  47  71   5   0   6 0.00  0.0    0  9.3 21 210   M    M   0        25 170
 5  94  48  71   5   0   6 0.00  0.0    0  9.3 24 190   M    M   0        32 210
 6  96  52  74   7   0   9 0.00  0.0    0  8.7 25 270   M    M   0        33 270
 7  95  49  72   5   0   7    T  0.0    0  9.2 26 260   M    M   0        40 240
 8  91  55  73   6   0   8 0.01  0.0    0  8.1 30 140   M    M   1 3      40 140
 9  91  55  73   6   0   8    T  0.0    0  6.2 22 210   M    M   3 3      27 210
10  91  49  70   2   0   5    T  0.0    0  7.2 17 290   M    M   2        22 280
11  88  55  72   4   0   7 0.00  0.0    0  8.6 17 240   M    M   0        22 230
12  90  51  71   3   0   6 0.01  0.0    0 10.9 28 340   M    M   1 3      34 170
13  91  55  73   5   0   8 0.01  0.0    0  8.6 24 100   M    M   3 3      33 110
14  94  48  71   3   0   6 0.00  0.0    0  8.8 21 320   M    M   0        27 330
15  96  52  74   6   0   9    T  0.0    0  7.4 22  20   M    M   0        33  50
16  96  52  74   6   0   9    T  0.0    0  9.6 33 190   M    M   0        49 180
17  94  52  73   5   0   8    T  0.0    0  9.3 26 290   M    M   1        36 290
18  96  53  75   6   0  10 0.00  0.0    0 11.0 25 200   M    M   0        33 200
19  93  57  75   6   0  10 0.00  0.0    0 12.7 26 140   M    M   1        32 150
20  92  57  75   6   0  10 0.21  0.0    0  9.2 32  20   M    M   3 138    41  30
21  94  51  73   4   0   8 0.00  0.0    0  6.8 17 280   M    M   0        29 230
22  92  51  72   3   0   7    T  0.0    0  7.6 23 140   M    M   1 3      36 130
23   M   M   M   M   M   M    T  0.0    0  6.4 12 170   M    M   3 3       M  M
24   M   M   M   M   M   M    T  0.0    0   M   M   M   M    M   M 3       M  M
================================================================================
SM 2047 1141         0 168  0.24     0.0 203.2          M       19
================================================================================
AV 93.1 51.9                               8.8 FASTST   M    M   1    MAX(MPH)
                                 MISC ---->  # 33 190               # 49  180
================================================================================
NOTES:
# LAST OF SEVERAL OCCURRENCES

COLUMN 17 PEAK WIND IN M.P.H.

PRELIMINARY LOCAL CLIMATOLOGICAL DATA (WS FORM: F-6) , PAGE 2

                                          STATION:  ELY AIRPORT NV
                                          MONTH:    JULY
                                          YEAR:     2017
                                          LATITUDE:   39 16 N
                                          LONGITUDE: 114 51 W

[TEMPERATURE DATA]      [PRECIPITATION DATA]       SYMBOLS USED IN COLUMN 16

AVERAGE MONTHLY: 72.5   TOTAL FOR MONTH:   0.24    1 = FOG OR MIST
DPTR FM NORMAL:   4.8   DPTR FM NORMAL:   -0.21    2 = FOG REDUCING VISIBILITY
HIGHEST:    96 ON 18,16 GRTST 24HR  0.21 ON 20-20      TO 1/4 MILE OR LESS
LOWEST:     40 ON  1                               3 = THUNDER
                        SNOW, ICE PELLETS, HAIL    4 = ICE PELLETS
                        TOTAL MONTH:   0.0 INCH    5 = HAIL
                        GRTST 24HR     0.0         6 = FREEZING RAIN OR DRIZZLE
                        GRTST DEPTH:   0           7 = DUSTSTORM OR SANDSTORM:
                                                       VSBY 1/2 MILE OR LESS
                                                   8 = SMOKE OR HAZE
[NO. OF DAYS WITH]      [WEATHER - DAYS WITH]      9 = BLOWING SNOW
                                                   X = TORNADO
MAX 32 OR BELOW:   0    0.01 INCH OR MORE:   4
MAX 90 OR ABOVE:  21    0.10 INCH OR MORE:   1
MIN 32 OR BELOW:   0    0.50 INCH OR MORE:   0
MIN  0 OR BELOW:   0    1.00 INCH OR MORE:   0

[HDD (BASE 65) ]
TOTAL THIS MO.     0    CLEAR  (SCALE 0-3)  22
DPTR FM NORMAL   -20    PTCLDY (SCALE 4-7)   1
TOTAL FM JUL 1     0    CLOUDY (SCALE 8-10)  0
DPTR FM NORMAL   -20

[CDD (BASE 65) ]
TOTAL THIS MO.   168
DPTR FM NORMAL    86    [PRESSURE DATA]
TOTAL FM JAN 1   230    HIGHEST SLP M ON M
DPTR FM NORMAL   124    LOWEST  SLP 29.74 ON  1

[REMARKS]
