000
CXUS56 KLKN 261009
CF6ELY
PRELIMINARY LOCAL CLIMATOLOGICAL DATA (WS FORM: F-6)

                                          STATION:   ELY AIRPORT NV
                                          MONTH:     AUGUST
                                          YEAR:      2016
                                          LATITUDE:   39 16 N
                                          LONGITUDE: 114 51 W

  TEMPERATURE IN F:       :PCPN:    SNOW:  WIND      :SUNSHINE: SKY     :PK WND
================================================================================
1   2   3   4   5  6A  6B    7    8   9   10  11  12  13   14  15   16   17  18
                                     12Z  AVG MX 2MIN
DY MAX MIN AVG DEP HDD CDD  WTR  SNW DPTH SPD SPD DIR MIN PSBL S-S WX    SPD DR
================================================================================

 1  93  49  71   3   0   6 0.00  0.0    0  8.1 18 340   M    M   0        24 330
 2  94  63  79  11   0  14    T  0.0    0 12.1 28 130   M    M   1 3      36 140
 3  91  58  75   7   0  10    T  0.0    0  7.7 30 270   M    M   1 3      38 280
 4  84  50  67  -1   0   2 0.08  0.0    0  9.2 22 150   M    M   2 3      29 170
 5  83  46  65  -3   0   0 0.10  0.0    0  6.4 30 310   M    M   5 3      37 310
 6  87  44  66  -2   0   1 0.00  0.0    0 11.8 24 190   M    M   1        35 180
 7  88  46  67  -1   0   2 0.00  0.0    0 12.8 26 230   M    M   1        34 230
 8  88  39  64  -4   1   0 0.00  0.0    0 12.3 28 190   M    M   0        35 180
 9  87  50  69   1   0   4 0.00  0.0    0 13.1 29 220   M    M   0        37 200
10  85  38  62  -6   3   0 0.00  0.0    0  8.5 26 200   M    M   0        41 170
11  86  40  63  -4   2   0 0.00  0.0    0  8.9 18 280   M    M   0        32 270
12  89  40  65  -2   0   0 0.00  0.0    0  6.5 21 320   M    M   0        60 330
13  90  42  66  -1   0   1 0.00  0.0    0  8.5 17  30   M    M   0        27  10
14  93  46  70   3   0   5 0.00  0.0    0  9.1 21 250   M    M   0        32 170
15  90  50  70   3   0   5    T  0.0    0  9.7 24  20   M    M   0        31  20
16  91  42  67   1   0   2 0.00  0.0    0  7.9 18 180   M    M   0        27 180
17  89  47  68   2   0   3 0.00  0.0    0  9.0 21 210   M    M   0        28 210
18  87  47  67   1   0   2 0.00  0.0    0  8.2 18 250   M    M   0        24 250
19  90  43  67   1   0   2 0.00  0.0    0  7.4 22 330   M    M   0        38  40
20  89  42  66   0   0   1 0.00  0.0    0  9.5 20 360   M    M   0        26  10
21  88  44  66   1   0   1 0.00  0.0    0  9.0 22 130   M    M   0        29 130
22  85  47  66   1   0   1 0.15  0.0    0  9.7 26  40   M    M   1 3      36  50
23  85  43  64  -1   1   0    T    M    0  8.1 22 310   M    M   0        28 320
24  83  42  63  -2   2   0 0.00  0.0    0  6.8 20 330   M    M   0        25 300
25  81  39  60  -4   5   0 0.00  0.0    0  7.6 28 230   M    M   1        42 240
================================================================================
SM 2196 1137        14  62  0.33     0.0 227.9          M       13
================================================================================
AV 87.8 45.5                               9.1 FASTST   M    M   1    MAX(MPH)
                                 MISC ---->  # 30 270               # 60  330
================================================================================
NOTES:
# LAST OF SEVERAL OCCURRENCES

COLUMN 17 PEAK WIND IN M.P.H.

PRELIMINARY LOCAL CLIMATOLOGICAL DATA (WS FORM: F-6) , PAGE 2

                                          STATION:  ELY AIRPORT NV
                                          MONTH:    AUGUST
                                          YEAR:     2016
                                          LATITUDE:   39 16 N
                                          LONGITUDE: 114 51 W

[TEMPERATURE DATA]      [PRECIPITATION DATA]       SYMBOLS USED IN COLUMN 16

AVERAGE MONTHLY: 66.7   TOTAL FOR MONTH:   0.33    1 = FOG OR MIST
DPTR FM NORMAL:  -0.1   DPTR FM NORMAL:   -0.41    2 = FOG REDUCING VISIBILITY
HIGHEST:    94 ON  2    GRTST 24HR  0.15 ON 22-22      TO 1/4 MILE OR LESS
LOWEST:     38 ON 10                               3 = THUNDER
                        SNOW, ICE PELLETS, HAIL    4 = ICE PELLETS
                        TOTAL MONTH:   0.0 INCH    5 = HAIL
                        GRTST 24HR     0.0         6 = FREEZING RAIN OR DRIZZLE
                        GRTST DEPTH:   0           7 = DUSTSTORM OR SANDSTORM:
                                                       VSBY 1/2 MILE OR LESS
                                                   8 = SMOKE OR HAZE
[NO. OF DAYS WITH]      [WEATHER - DAYS WITH]      9 = BLOWING SNOW
                                                   X = TORNADO
MAX 32 OR BELOW:   0    0.01 INCH OR MORE:   3
MAX 90 OR ABOVE:   8    0.10 INCH OR MORE:   2
MIN 32 OR BELOW:   0    0.50 INCH OR MORE:   0
MIN  0 OR BELOW:   0    1.00 INCH OR MORE:   0

[HDD (BASE 65) ]
TOTAL THIS MO.    14    CLEAR  (SCALE 0-3)  24
DPTR FM NORMAL   -11    PTCLDY (SCALE 4-7)   1
TOTAL FM JUL 1    31    CLOUDY (SCALE 8-10)  0
DPTR FM NORMAL   -17

[CDD (BASE 65) ]
TOTAL THIS MO.    62
DPTR FM NORMAL    -9    [PRESSURE DATA]
TOTAL FM JAN 1   246    HIGHEST SLP M ON M
DPTR FM NORMAL    40    LOWEST  SLP 29.67 ON  8

[REMARKS]
