000
CXUS55 KPIH 241200
CF6LLJ

PRELIMINARY LOCAL CLIMATOLOGICAL DATA (WS FORM: F-6)

                                          STATION:   CHALLIS ID
                                          MONTH:     JUNE
                                          YEAR:      2017
                                          LATITUDE:   44 31 N
                                          LONGITUDE: 114 13 W

  TEMPERATURE IN F:       :PCPN:    SNOW:  WIND      :SUNSHINE: SKY     :PK WND
================================================================================
1   2   3   4   5  6A  6B    7    8   9   10  11  12  13   14  15   16   17  18
                                     12Z  AVG MX 2MIN
DY MAX MIN AVG DEP HDD CDD  WTR  SNW DPTH SPD SPD DIR MIN PSBL S-S WX    SPD DR
================================================================================

 1  73  50  62   6   3   0 0.02    M    M  6.4 40 240   M    M   4        51 230
 2  77  40  59   2   6   0 0.00    M    M  4.9 12 300   M    M   0        16  90
 3  84  43  64   7   1   0 0.00    M    M  3.8 12 180   M    M   3        16 180
 4   M   M   M   M   M   M    M    M    M 15.7 21 150   M    M   2 3      35 170
 5  75  40  58   1   7   0 0.00    M    M  3.9 13 320   M    M   0        17 320
 6  84  43  64   6   1   0 0.00    M    M  3.6 13 360   M    M   0        16 280
 7  89  49  69  11   0   4 0.00    M    M  3.9 25 320   M    M   0 3      38 230
 8  87  49  68  10   0   3 0.00    M    M  7.3 29 190   M    M   1        41 230
 9  70  45  58   0   7   0 0.00    M    M  6.9 23 230   M    M   1        30 220
10  60  40  50  -8  15   0 0.02    M    M  9.0 25 280   M    M   6        32 280
11  71  32  52  -7  13   0 0.13    M    M  5.6 17 100   M    M   4 3      24 130
12  60  41  51  -8  14   0 0.43    M    M  5.4 29 150   M    M   5 1      38 150
13  57  39  48 -11  17   0 0.42    M    M  4.4 12 290   M    M  10 1      14 300
14  71  39  55  -5  10   0 0.00    M    M  6.5 21 280   M    M   2        25 290
15  73  47  60   0   5   0 0.00    M    M  5.8 22 230   M    M   7        29 260
16  66  52  59  -1   6   0    T    M    M  7.9 20 240   M    M   8        25 220
17  75  49  62   2   3   0 0.00    M    M  5.7 14 300   M    M   3        19 260
18  75  47  61   0   4   0 0.00    M    M  5.2 20 360   M    M   5        24 360
19  88  45  67   6   0   2 0.00    M    M  2.3  8 300   M    M   0        10  40
20  92  54  73  12   0   8    T    M    M  7.8 24 260   M    M   0        32 230
21  89  54  72  10   0   7 0.00    M    M  7.5 22 320   M    M   0        27 280
22  79  48  64   2   1   0 0.00    M    M  8.3 18 350   M    M   0        26  30
23  80  38  59  -3   6   0 0.00    M    M  4.3 14 320   M    M   0        17  40
================================================================================
SM 1675  984       119  24  1.02    M    142.1          M       61
================================================================================
AV 76.1 44.7                               6.2 FASTST   M    M   3    MAX(MPH)
                                 MISC ---->  # 40 240               # 51  230
================================================================================
NOTES:
# LAST OF SEVERAL OCCURRENCES
PRECIPITATION SUSPECT DURING FREEZING/FROZEN EVENTS

COLUMN 17 PEAK WIND IN M.P.H.

PRELIMINARY LOCAL CLIMATOLOGICAL DATA (WS FORM: F-6) , PAGE 2

                                          STATION:  CHALLIS ID
                                          MONTH:    JUNE
                                          YEAR:     2017
                                          LATITUDE:   44 31 N
                                          LONGITUDE: 114 13 W

[TEMPERATURE DATA]      [PRECIPITATION DATA]       SYMBOLS USED IN COLUMN 16

AVERAGE MONTHLY: 60.4   TOTAL FOR MONTH:   1.02    1 = FOG OR MIST
DPTR FM NORMAL:   1.3   DPTR FM NORMAL:   -0.31    2 = FOG REDUCING VISIBILITY
HIGHEST:    92 ON 20    GRTST 24HR  0.43 ON 12-12      TO 1/4 MILE OR LESS
LOWEST:     32 ON 11                               3 = THUNDER
                        SNOW, ICE PELLETS, HAIL    4 = ICE PELLETS
                        TOTAL MONTH:    M          5 = HAIL
                        GRTST 24HR    M  ON   M    6 = FREEZING RAIN OR DRIZZLE
                        GRTST DEPTH:  M  ON   M    7 = DUSTSTORM OR SANDSTORM:
                                                       VSBY 1/2 MILE OR LESS
                                                   8 = SMOKE OR HAZE
[NO. OF DAYS WITH]      [WEATHER - DAYS WITH]      9 = BLOWING SNOW
                                                   X = TORNADO
MAX 32 OR BELOW:   0    0.01 INCH OR MORE:   5
MAX 90 OR ABOVE:   1    0.10 INCH OR MORE:   3
MIN 32 OR BELOW:   1    0.50 INCH OR MORE:   0
MIN  0 OR BELOW:   0    1.00 INCH OR MORE:   0

[HDD (BASE 65) ]
TOTAL THIS MO.   119    CLEAR  (SCALE 0-3)  15
DPTR FM NORMAL   -28    PTCLDY (SCALE 4-7)   6
TOTAL FM JUL 1  8346    CLOUDY (SCALE 8-10)  2
DPTR FM NORMAL   203

[CDD (BASE 65) ]
TOTAL THIS MO.    24
DPTR FM NORMAL    13    [PRESSURE DATA]
TOTAL FM JAN 1    26    HIGHEST SLP M ON M
DPTR FM NORMAL    13    LOWEST  SLP 29.48 ON 11

[REMARKS]
