000
CXUS54 KHGX 310709
CF6BYY
PRELIMINARY LOCAL CLIMATOLOGICAL DATA (WS FORM: F-6)
STATION: Bay City
MONTH: APRIL
YEAR: 2020
LATITUDE: 28 58 N
LONGITUDE: 95 52 W
TEMPERATURE IN F: :PCPN: SNOW: WIND :SUNSHINE: SKY :PK WND
================================================================================
1 2 3 4 5 6A 6B 7 8 9 10 11 12 13 14 15 16 17 18
12Z AVG MX 2MIN
DY MAX MIN AVG DEP HDD CDD WTR SNW DPTH SPD SPD DIR MIN PSBL S-S WX SPD DR
================================================================================
1 76 53 65 M 0 0 0.00 0.0 0 6.1 12 120 M M 2 20 120
2 79 60 70 M 0 5 0.00 0.0 0 7.8 17 130 M M 7 23 130
3 79 69 74 M 0 9 0.00 0.0 0 7.7 15 120 M M 8 18 110
4 72 55 64 M 1 0 0.17 0.0 0 9.1 15 10 M M 9 1 20 360
5 78 59 69 M 0 4 0.00 0.0 0 7.4 15 60 M M 8 1 20 40
6 81 67 74 M 0 9 0.00 0.0 0 4.2 10 110 M M 10 1 M M
7 87 73 80 M 0 15 0.01 0.0 0 5.0 12 160 M M 7 12 M M
8 89 73 81 M 0 16 0.00 0.0 0 4.4 13 160 M M 7 1 M M
9 89 72 81 M 0 16 0.01 0.0 0 4.7 14 160 M M 5 128 M M
10 80 68 74 M 0 9 0.00 0.0 0 9.4 17 90 M M 3 1 22 60
11 84 66 75 M 0 10 0.00 0.0 0 10.4 17 120 M M 7 23 120
12 95 63 79 M 0 14 0.00 0.0 0 14.5 27 290 M M 5 18 36 280
13 74 56 65 M 0 0 0.00 0.0 0 8.8 16 350 M M 0 23 350
14 74 49 62 M 3 0 0.00 0.0 0 10.2 15 10 M M 2 23 360
15 73 47 60 M 5 0 0.00 0.0 0 4.7 12 40 M M 0 20 40
16 78 49 64 M 1 0 0.00 0.0 0 6.9 15 130 M M 2 23 110
17 83 65 74 M 0 9 0.16 0.0 0 5.7 13 150 M M 9 16 170
18 75 62 69 M 0 4 0.03 0.0 0 7.7 13 360 M M 10 1 M M
19 85 68 77 M 0 12 0.02 0.0 0 6.5 18 190 M M 9 128 27 190
20 90 63 77 M 0 12 0.00 0.0 0 5.3 14 130 M M 7 12 M M
21 87 68 78 M 0 13 0.00 0.0 0 8.6 15 120 M M 6 12 20 120
22 85 73 79 M 0 14 0.00 0.0 0 12.8 22 180 M M 9 1 30 160
23 92 62 77 M 0 12 0.00 0.0 0 8.0 18 360 M M 3 12 25 360
24 90 60 75 M 0 10 0.00 0.0 0 6.7 15 180 M M 3 12 18 190
25 86 63 75 M 0 10 0.00 0.0 0 6.2 16 350 M M 2 1 23 350
26 88 60 74 M 0 9 0.00 0.0 0 5.6 13 120 M M 3 16 70
27 85 58 72 M 0 7 0.00 0.0 0 10.0 18 130 M M 6 24 140
28 88 75 82 M 0 17 0.00 0.0 0 13.0 22 190 M M 9 28 190
29 84 60 72 M 0 7 1.00 0.0 0 8.7 17 60 M M 5 1 28 60
30 83 54 69 M 0 4 0.00 0.0 0 2.1 7 300 M M 0 M M
================================================================================
SM 2489 1870 10 247 1.40 0.0 228.2 M 163
================================================================================
AV 83.0 62.3 7.6 FASTST M M 5 MAX(MPH)
MISC ----> # 27 290 # 36 280
================================================================================
NOTES:
# LAST OF SEVERAL OCCURRENCES
COLUMN 17 PEAK WIND IN M.P.H.
PRELIMINARY LOCAL CLIMATOLOGICAL DATA (WS FORM: F-6) , PAGE 2
STATION: Bay City
MONTH: APRIL
YEAR: 2020
LATITUDE: 28 58 N
LONGITUDE: 95 52 W
[TEMPERATURE DATA] [PRECIPITATION DATA] SYMBOLS USED IN COLUMN 16
AVERAGE MONTHLY: 72.7 TOTAL FOR MONTH: 1.40 1 = FOG OR MIST
DPTR FM NORMAL: M DPTR FM NORMAL: M 2 = FOG REDUCING VISIBILITY
HIGHEST: 95 ON 12 GRTST 24HR 1.00 ON 29-29 TO 1/4 MILE OR LESS
LOWEST: 47 ON 15 3 = THUNDER
SNOW, ICE PELLETS, HAIL 4 = ICE PELLETS
TOTAL MONTH: 0.0 INCH 5 = HAIL
GRTST 24HR 0.0 6 = FREEZING RAIN OR DRIZZLE
GRTST DEPTH: 0 7 = DUSTSTORM OR SANDSTORM:
VSBY 1/2 MILE OR LESS
8 = SMOKE OR HAZE
[NO. OF DAYS WITH] [WEATHER - DAYS WITH] 9 = BLOWING SNOW
X = TORNADO
MAX 32 OR BELOW: 0 0.01 INCH OR MORE: 7
MAX 90 OR ABOVE: 4 0.10 INCH OR MORE: 3
MIN 32 OR BELOW: 0 0.50 INCH OR MORE: 1
MIN 0 OR BELOW: 0 1.00 INCH OR MORE: 1
[HDD (BASE 65) ]
TOTAL THIS MO. 10 CLEAR (SCALE 0-3) 11
DPTR FM NORMAL M PTCLDY (SCALE 4-7) 12
TOTAL FM JUL 1 756 CLOUDY (SCALE 8-10) 7
DPTR FM NORMAL M
[CDD (BASE 65) ]
TOTAL THIS MO. 247
DPTR FM NORMAL M [PRESSURE DATA]
TOTAL FM JAN 1 607 HIGHEST SLP M ON M
DPTR FM NORMAL M LOWEST SLP M ON M
[REMARKS]
#FINAL-04-20#