000
CXUS56 KFGZ 010910
CF6GCN
PRELIMINARY LOCAL CLIMATOLOGICAL DATA (WS FORM: F-6)
STATION: GRAND CANYON AZ AIRPORT
MONTH: JUNE
YEAR: 2021
LATITUDE: 35 57 N
LONGITUDE: 112 9 W
TEMPERATURE IN F: :PCPN: SNOW: WIND :SUNSHINE: SKY :PK WND
================================================================================
1 2 3 4 5 6A 6B 7 8 9 10 11 12 13 14 15 16 17 18
12Z AVG MX 2MIN
DY MAX MIN AVG DEP HDD CDD WTR SNW DPTH SPD SPD DIR MIN PSBL S-S WX SPD DR
================================================================================
1 83 36 60 4 5 0 0.00 M M 3.7 16 340 M M 0 25 310
2 83 37 60 4 5 0 0.00 M M 4.0 18 230 M M 0 32 290
3 89 43 66 9 0 1 0.00 M M 5.8 17 230 M M 0 24 260
4 90 41 66 9 0 1 0.00 M M 5.8 20 360 M M 0 26 10
5 89 44 67 10 0 2 0.00 0.0 0 6.9 21 240 M M 0 29 250
6 85 41 63 5 2 0 0.00 M M 9.2 26 220 M M 0 31 240
7 80 33 57 -1 8 0 0.00 M M 9.3 24 220 M M 0 30 220
8 80 37 59 1 6 0 0.00 M M 10.7 24 210 M M 0 34 190
9 81 34 58 0 7 0 0.00 M M 9.4 25 210 M M 0 40 200
10 81 36 59 0 6 0 0.00 M M 10.9 31 220 M M 0 40 220
11 86 29 58 -1 7 0 0.00 M M 5.0 21 230 M M 0 27 220
12 90 31 61 2 4 0 0.00 M M 4.3 20 220 M M 0 27 220
13 93 34 64 4 1 0 0.00 M M 7.0 31 210 M M 0 39 210
14 95 37 66 6 0 1 0.00 M M 4.0 18 260 M M 0 30 320
15 96 46 71 11 0 6 0.00 M M 3.5 17 30 M M 0 22 210
16 98 50 74 14 0 9 T M M 4.7 18 140 M M 0 31 110
17 96 52 74 13 0 9 0.00 M M 5.2 24 220 M M 0 8 37 250
18 95 49 72 11 0 7 0.03 M M 3.9 17 160 M M 1 25 160
19 95 48 72 11 0 7 0.00 M M 5.2 22 220 M M 0 29 220
20 95 49 72 10 0 7 0.00 M M 7.4 25 220 M M 0 36 220
21 91 44 68 6 0 3 0.00 M M 6.7 22 220 M M 0 30 220
22 87 41 64 2 1 0 0.00 M M 8.1 22 240 M M 1 34 240
23 78 51 65 3 0 0 0.07 M M 5.0 26 220 M M 6 18 37 220
24 77 47 62 -1 3 0 0.07 M M 5.1 24 220 M M 2 1 34 220
25 81 41 61 -2 4 0 0.00 M M 4.5 15 270 M M 1 27 270
26 85 42 64 1 1 0 0.00 M M 5.0 18 10 M M 1 25 30
27 86 53 70 7 0 5 0.00 M M 9.6 22 50 M M 0 30 50
28 83 55 69 5 0 4 0.00 M M 9.9 21 30 M M 1 27 40
29 79 52 66 2 0 1 0.05 M M 9.1 22 60 M M 3 26 60
30 78 46 62 -2 3 0 T M M 4.5 25 210 M M 3 30 210
================================================================================
SM 2605 1279 63 63 0.22 0.0 193.4 M 19
================================================================================
AV 86.8 42.6 6.4 FASTST M M 1 MAX(MPH)
MISC ----> # 31 220 # 40 200
================================================================================
NOTES:
# LAST OF SEVERAL OCCURRENCES
COLUMN 17 PEAK WIND IN M.P.H.
PRELIMINARY LOCAL CLIMATOLOGICAL DATA (WS FORM: F-6) , PAGE 2
STATION: GRAND CANYON AZ AIRPORT
MONTH: JUNE
YEAR: 2021
LATITUDE: 35 57 N
LONGITUDE: 112 9 W
[TEMPERATURE DATA] [PRECIPITATION DATA] SYMBOLS USED IN COLUMN 16
AVERAGE MONTHLY: 64.7 TOTAL FOR MONTH: 0.22 1 = FOG OR MIST
DPTR FM NORMAL: 4.4 DPTR FM NORMAL: -0.18 2 = FOG REDUCING VISIBILITY
HIGHEST: 98 ON 16 GRTST 24HR 0.14 ON 23-24 TO 1/4 MILE OR LESS
LOWEST: 29 ON 11 3 = THUNDER
SNOW, ICE PELLETS, HAIL 4 = ICE PELLETS
TOTAL MONTH: 0.0 INCH 5 = HAIL
GRTST 24HR 0.0 6 = FREEZING RAIN OR DRIZZLE
GRTST DEPTH: 0 7 = DUSTSTORM OR SANDSTORM:
VSBY 1/2 MILE OR LESS
8 = SMOKE OR HAZE
[NO. OF DAYS WITH] [WEATHER - DAYS WITH] 9 = BLOWING SNOW
X = TORNADO
MAX 32 OR BELOW: 0 0.01 INCH OR MORE: 4
MAX 90 OR ABOVE: 11 0.10 INCH OR MORE: 0
MIN 32 OR BELOW: 2 0.50 INCH OR MORE: 0
MIN 0 OR BELOW: 0 1.00 INCH OR MORE: 0
[HDD (BASE 65) ]
TOTAL THIS MO. 63 CLEAR (SCALE 0-3) 27
DPTR FM NORMAL -92 PTCLDY (SCALE 4-7) 3
TOTAL FM JUL 1 6737 CLOUDY (SCALE 8-10) 0
DPTR FM NORMAL -61
[CDD (BASE 65) ]
TOTAL THIS MO. 63
DPTR FM NORMAL 50 [PRESSURE DATA]
TOTAL FM JAN 1 63 HIGHEST SLP M ON M
DPTR FM NORMAL 50 LOWEST SLP 29.67 ON 19
[REMARKS]
#FINAL-06-21#