000
CDUS43 KIND 270532
CLIHUF


CLIMATE REPORT
NATIONAL WEATHER SERVICE INDIANAPOLIS IN
132 AM EDT SUN JUL 27 2014


...................................

...THE TERRE HAUTE IN CLIMATE SUMMARY FOR JULY 26 2014...

CLIMATE NORMAL PERIOD 1981 TO 2010
CLIMATE RECORD PERIOD 9999 TO 9999


WEATHER ITEM   OBSERVED TIME   NORMAL DEPARTURE LAST
                VALUE   (LST)  VALUE  FROM      YEAR
                                      NORMAL
......................................................
TEMPERATURE (F)
 YESTERDAY
  MAXIMUM         86    349 PM  85      1       79
  MINIMUM         66   1246 AM  64      2       55
  AVERAGE         76            74      2       67

PRECIPITATION (IN)
  YESTERDAY        0.16          0.13   0.03      T
  MONTH TO DATE    2.05          4.16  -2.11     1.86
  SINCE JUN 1      9.97          8.60   1.37    10.65
  SINCE JAN 1     24.98         27.04  -2.06    31.68

DEGREE DAYS
 HEATING
  YESTERDAY        0             0      0        0
  MONTH TO DATE    6             0      6        0
  SINCE JUN 1      8            13     -5        7
  SINCE JUL 1      6             0      6        0

 COOLING
  YESTERDAY       11             9      2        2
  MONTH TO DATE  148           265   -117      258
  SINCE JUN 1    435           500    -65      487
  SINCE JAN 1    562           586    -24      601
......................................................


WIND (MPH)
  HIGHEST WIND SPEED    26   HIGHEST WIND DIRECTION     W (280)
  HIGHEST GUST SPEED    33   HIGHEST GUST DIRECTION     W (280)
  AVERAGE WIND SPEED     8.0


SKY COVER
  AVERAGE SKY COVER 0.6


WEATHER CONDITIONS
 THE FOLLOWING WEATHER WAS RECORDED YESTERDAY.
  THUNDERSTORM
  RAIN
  LIGHT RAIN


RELATIVE HUMIDITY (PERCENT)
 HIGHEST    93           900 PM
 LOWEST     65           100 PM
 AVERAGE    79

..........................................................


THE TERRE HAUTE IN CLIMATE NORMALS FOR TODAY
                         NORMAL
 MAXIMUM TEMPERATURE (F)   85
 MINIMUM TEMPERATURE (F)   64


SUNRISE AND SUNSET
JULY 27 2014..........SUNRISE   644 AM EDT   SUNSET   906 PM EDT
JULY 28 2014..........SUNRISE   645 AM EDT   SUNSET   906 PM EDT


-  INDICATES NEGATIVE NUMBERS.
R  INDICATES RECORD WAS SET OR TIED.
MM INDICATES DATA IS MISSING.
T  INDICATES TRACE AMOUNT.




$$
