000
CDUS43 KIND 300531
CLIHUF


CLIMATE REPORT
NATIONAL WEATHER SERVICE INDIANAPOLIS IN
131 AM EDT TUE JUN 30 2015


...................................

...THE TERRE HAUTE IN CLIMATE SUMMARY FOR JUNE 29 2015...

CLIMATE NORMAL PERIOD 1981 TO 2010
CLIMATE RECORD PERIOD 9999 TO 9999


WEATHER ITEM   OBSERVED TIME   NORMAL DEPARTURE LAST
                VALUE   (LST)  VALUE  FROM      YEAR
                                      NORMAL
......................................................
TEMPERATURE (F)
 YESTERDAY
  MAXIMUM         79    440 PM  86     -7       82
  MINIMUM         65    552 AM  65      0       72
  AVERAGE         72            75     -3       77

PRECIPITATION (IN)
  YESTERDAY        1.14          0.14   1.00     0.00
  MONTH TO DATE    7.63          4.31   3.32     7.07
  SINCE JUN 1      7.63          4.31   3.32     7.07
  SINCE JAN 1     22.26         22.75  -0.49    22.08

DEGREE DAYS
 HEATING
  YESTERDAY        0             0      0        0
  MONTH TO DATE   13            11      2        2
  SINCE JUN 1     13            11      2        2
  SINCE JUL 1   5850          5366    484     6039

 COOLING
  YESTERDAY        7            10     -3       12
  MONTH TO DATE  247           224     23      273
  SINCE JUN 1    247           224     23      273
  SINCE JAN 1    391           310     81      400
......................................................


WIND (MPH)
  HIGHEST WIND SPEED    15   HIGHEST WIND DIRECTION     W (270)
  HIGHEST GUST SPEED    20   HIGHEST GUST DIRECTION     W (270)
  AVERAGE WIND SPEED     7.4


SKY COVER
  AVERAGE SKY COVER 0.7


WEATHER CONDITIONS
 THE FOLLOWING WEATHER WAS RECORDED YESTERDAY.
  THUNDERSTORM
  HEAVY RAIN
  RAIN
  LIGHT RAIN
  FOG


RELATIVE HUMIDITY (PERCENT)
 HIGHEST   100           200 AM
 LOWEST     62           400 PM
 AVERAGE    81

..........................................................


THE TERRE HAUTE IN CLIMATE NORMALS FOR TODAY
                         NORMAL
 MAXIMUM TEMPERATURE (F)   86
 MINIMUM TEMPERATURE (F)   65


SUNRISE AND SUNSET
JUNE 30 2015..........SUNRISE   625 AM EDT   SUNSET   920 PM EDT
JULY  1 2015..........SUNRISE   626 AM EDT   SUNSET   920 PM EDT


-  INDICATES NEGATIVE NUMBERS.
R  INDICATES RECORD WAS SET OR TIED.
MM INDICATES DATA IS MISSING.
T  INDICATES TRACE AMOUNT.




$$
