000
CDUS43 KIND 260542
CLIHUF


CLIMATE REPORT
NATIONAL WEATHER SERVICE INDIANAPOLIS IN
141 AM EDT THU MAR 26 2015


...................................

...THE TERRE HAUTE IN CLIMATE SUMMARY FOR MARCH 25 2015...

CLIMATE NORMAL PERIOD 1981 TO 2010
CLIMATE RECORD PERIOD 9999 TO 9999


WEATHER ITEM   OBSERVED TIME   NORMAL DEPARTURE LAST
                VALUE   (LST)  VALUE  FROM      YEAR
                                      NORMAL
......................................................
TEMPERATURE (F)
 YESTERDAY
  MAXIMUM         52    533 PM  57     -5       36
  MINIMUM         43    110 AM  35      8       23
  AVERAGE         48            46      2       30

PRECIPITATION (IN)
  YESTERDAY        0.48          0.12   0.36     0.01
  MONTH TO DATE    2.90          2.64   0.26     1.07
  SINCE MAR 1      2.90          2.64   0.26     1.07
  SINCE JAN 1      5.80          6.93  -1.13     5.10

DEGREE DAYS
 HEATING
  YESTERDAY       17            19     -2       35
  MONTH TO DATE  658           584     74      724
  SINCE MAR 1    658           584     74      724
  SINCE JUL 1   5292          4747    545     5459

 COOLING
  YESTERDAY        0             0      0        0
  MONTH TO DATE    0             0      0        0
  SINCE MAR 1      0             0      0        0
  SINCE JAN 1      0             0      0        0
......................................................


WIND (MPH)
  HIGHEST WIND SPEED    20   HIGHEST WIND DIRECTION     W (290)
  HIGHEST GUST SPEED    24   HIGHEST GUST DIRECTION     W (290)
  AVERAGE WIND SPEED     8.2


SKY COVER
  AVERAGE SKY COVER 0.7


WEATHER CONDITIONS
 THE FOLLOWING WEATHER WAS RECORDED YESTERDAY.
  THUNDERSTORM
  HEAVY RAIN
  RAIN
  LIGHT RAIN
  FOG


RELATIVE HUMIDITY (PERCENT)
 HIGHEST    96           100 AM
 LOWEST     71           500 PM
 AVERAGE    84

..........................................................


THE TERRE HAUTE IN CLIMATE NORMALS FOR TODAY
                         NORMAL
 MAXIMUM TEMPERATURE (F)   57
 MINIMUM TEMPERATURE (F)   36


SUNRISE AND SUNSET
MARCH 26 2015.........SUNRISE   743 AM EDT   SUNSET   807 PM EDT
MARCH 27 2015.........SUNRISE   742 AM EDT   SUNSET   808 PM EDT


-  INDICATES NEGATIVE NUMBERS.
R  INDICATES RECORD WAS SET OR TIED.
MM INDICATES DATA IS MISSING.
T  INDICATES TRACE AMOUNT.




$$
