000
CDUS43 KIND 170534
CLIHUF


CLIMATE REPORT
NATIONAL WEATHER SERVICE INDIANAPOLIS IN
1234 AM EST WED DEC 17 2014


...................................

...THE TERRE HAUTE IN CLIMATE SUMMARY FOR DECEMBER 16 2014...

CLIMATE NORMAL PERIOD 1981 TO 2010
CLIMATE RECORD PERIOD 9999 TO 9999


WEATHER ITEM   OBSERVED TIME   NORMAL DEPARTURE LAST
                VALUE   (LST)  VALUE  FROM      YEAR
                                      NORMAL
......................................................
TEMPERATURE (F)
 YESTERDAY
  MAXIMUM         49    158 AM  39     10       31
  MINIMUM         30   1159 PM  23      7       24
  AVERAGE         40            31      9       28

PRECIPITATION (IN)
  YESTERDAY        0.20          0.08   0.12      T
  MONTH TO DATE    1.93          1.34   0.59     0.74
  SINCE DEC 1      1.93          1.34   0.59     0.74
  SINCE JAN 1     42.41         43.45  -1.04    42.10

DEGREE DAYS
 HEATING
  YESTERDAY       25            34     -9       37
  MONTH TO DATE  460           502    -42      583
  SINCE DEC 1    460           502    -42      583
  SINCE JUL 1   1760          1580    180     1705

 COOLING
  YESTERDAY        0             0      0        0
  MONTH TO DATE    0             0      0        0
  SINCE DEC 1      0             0      0        0
  SINCE JAN 1    939           993    -54     1056
......................................................


WIND (MPH)
  HIGHEST WIND SPEED    25   HIGHEST WIND DIRECTION     W (260)
  HIGHEST GUST SPEED    31   HIGHEST GUST DIRECTION     W (260)
  AVERAGE WIND SPEED    13.4


SKY COVER
  AVERAGE SKY COVER 1.0


WEATHER CONDITIONS
 THE FOLLOWING WEATHER WAS RECORDED YESTERDAY.
  RAIN
  LIGHT RAIN
  FOG


RELATIVE HUMIDITY (PERCENT)
 HIGHEST    93           800 AM
 LOWEST     78          1000 PM
 AVERAGE    86

..........................................................


THE TERRE HAUTE IN CLIMATE NORMALS FOR TODAY
                         NORMAL
 MAXIMUM TEMPERATURE (F)   39
 MINIMUM TEMPERATURE (F)   23


SUNRISE AND SUNSET
DECEMBER 17 2014......SUNRISE   803 AM EST   SUNSET   527 PM EST
DECEMBER 18 2014......SUNRISE   804 AM EST   SUNSET   528 PM EST


-  INDICATES NEGATIVE NUMBERS.
R  INDICATES RECORD WAS SET OR TIED.
MM INDICATES DATA IS MISSING.
T  INDICATES TRACE AMOUNT.




$$
