000
CDUS43 KIND 210533
CLIHUF


CLIMATE REPORT
NATIONAL WEATHER SERVICE INDIANAPOLIS IN
132 AM EDT MON JUL 21 2014


...................................

...THE TERRE HAUTE IN CLIMATE SUMMARY FOR JULY 20 2014...

CLIMATE NORMAL PERIOD 1981 TO 2010
CLIMATE RECORD PERIOD 9999 TO 9999


WEATHER ITEM   OBSERVED TIME   NORMAL DEPARTURE LAST
                VALUE   (LST)  VALUE  FROM      YEAR
                                      NORMAL
......................................................
TEMPERATURE (F)
 YESTERDAY
  MAXIMUM         81    504 PM  86     -5       85
  MINIMUM         56    215 AM  64     -8       68
  AVERAGE         69            75     -6       77

PRECIPITATION (IN)
  YESTERDAY        0.00          0.17  -0.17     0.16
  MONTH TO DATE    1.86          3.20  -1.34     1.62
  SINCE JUN 1      9.78          7.64   2.14    10.41
  SINCE JAN 1     24.79         26.08  -1.29    31.44

DEGREE DAYS
 HEATING
  YESTERDAY        0             0      0        0
  MONTH TO DATE    3             0      3        0
  SINCE JUN 1      5            13     -8        7
  SINCE JUL 1      3             0      3        0

 COOLING
  YESTERDAY        4            10     -6       12
  MONTH TO DATE  114           207    -93      217
  SINCE JUN 1    401           442    -41      446
  SINCE JAN 1    528           528      0      560
......................................................


WIND (MPH)
  HIGHEST WIND SPEED     8   HIGHEST WIND DIRECTION     E (90)
  HIGHEST GUST SPEED     9   HIGHEST GUST DIRECTION    SE (140)
  AVERAGE WIND SPEED     0.9


SKY COVER
  AVERAGE SKY COVER 0.3


WEATHER CONDITIONS
 THE FOLLOWING WEATHER WAS RECORDED YESTERDAY.
  FOG
  FOG W/VISIBILITY <= 1/4 MILE


RELATIVE HUMIDITY (PERCENT)
 HIGHEST    97           500 AM
 LOWEST     45           600 PM
 AVERAGE    71

..........................................................


THE TERRE HAUTE IN CLIMATE NORMALS FOR TODAY
                         NORMAL
 MAXIMUM TEMPERATURE (F)   86
 MINIMUM TEMPERATURE (F)   64


SUNRISE AND SUNSET
JULY 21 2014..........SUNRISE   639 AM EDT   SUNSET   911 PM EDT
JULY 22 2014..........SUNRISE   640 AM EDT   SUNSET   911 PM EDT


-  INDICATES NEGATIVE NUMBERS.
R  INDICATES RECORD WAS SET OR TIED.
MM INDICATES DATA IS MISSING.
T  INDICATES TRACE AMOUNT.




$$
