000
CDUS43 KIND 180534
CLIHUF


CLIMATE REPORT
NATIONAL WEATHER SERVICE INDIANAPOLIS IN
132 AM EDT THU MAY 18 2017


...................................

...THE TERRE HAUTE IN CLIMATE SUMMARY FOR MAY 17 2017...

CLIMATE NORMAL PERIOD 1981 TO 2010
CLIMATE RECORD PERIOD 9999 TO 9999


WEATHER ITEM   OBSERVED TIME   NORMAL DEPARTURE LAST
                VALUE   (LST)  VALUE  FROM      YEAR
                                      NORMAL
......................................................
TEMPERATURE (F)
 YESTERDAY
  MAXIMUM         85    133 PM  74     11       56
  MINIMUM         70    427 AM  52     18       50
  AVERAGE         78            63     15       53

PRECIPITATION (IN)
  YESTERDAY        T             0.24  -0.24     0.20
  MONTH TO DATE    4.42          3.89   0.53     1.61
  SINCE MAR 1     16.24         11.41   4.83    11.03
  SINCE JAN 1     20.58         15.70   4.88    13.48

DEGREE DAYS
 HEATING
  YESTERDAY        0             4     -4       12
  MONTH TO DATE  112            96     16      115
  SINCE MAR 1    894          1153   -259      932
  SINCE JUL 1   4229          5316  -1087     4394

 COOLING
  YESTERDAY       13             2     11        0
  MONTH TO DATE   35            24     11       11
  SINCE MAR 1     65            39     26       20
  SINCE JAN 1     65            39     26       20
......................................................


WIND (MPH)
  HIGHEST WIND SPEED    32   HIGHEST WIND DIRECTION    SW (210)
  HIGHEST GUST SPEED    42   HIGHEST GUST DIRECTION    SW (210)
  AVERAGE WIND SPEED    16.9


SKY COVER
  AVERAGE SKY COVER 0.1


WEATHER CONDITIONS
 THE FOLLOWING WEATHER WAS RECORDED YESTERDAY.
  THUNDERSTORM
  LIGHT RAIN


RELATIVE HUMIDITY (PERCENT)
 HIGHEST    73           400 AM
 LOWEST     40           100 PM
 AVERAGE    57

..........................................................


THE TERRE HAUTE IN CLIMATE NORMALS FOR TODAY
                         NORMAL
 MAXIMUM TEMPERATURE (F)   75
 MINIMUM TEMPERATURE (F)   53


SUNRISE AND SUNSET
MAY 18 2017...........SUNRISE   633 AM EDT   SUNSET   859 PM EDT
MAY 19 2017...........SUNRISE   632 AM EDT   SUNSET   900 PM EDT


-  INDICATES NEGATIVE NUMBERS.
R  INDICATES RECORD WAS SET OR TIED.
MM INDICATES DATA IS MISSING.
T  INDICATES TRACE AMOUNT.




$$
