000
CDUS43 KIND 150534
CLIHUF


CLIMATE REPORT
NATIONAL WEATHER SERVICE INDIANAPOLIS IN
134 AM EDT SUN OCT 15 2017


...................................

...THE TERRE HAUTE IN CLIMATE SUMMARY FOR OCTOBER 14 2017...

CLIMATE NORMAL PERIOD 1981 TO 2010
CLIMATE RECORD PERIOD 9999 TO 9999


WEATHER ITEM   OBSERVED TIME   NORMAL DEPARTURE LAST
                VALUE   (LST)  VALUE  FROM      YEAR
                                      NORMAL
......................................................
TEMPERATURE (F)
 YESTERDAY
  MAXIMUM         84    347 PM  67     17       68
  MINIMUM         56    712 AM  43     13       40
  AVERAGE         70            55     15       54

PRECIPITATION (IN)
  YESTERDAY        0.00          0.12  -0.12     0.00
  MONTH TO DATE    3.66          1.59   2.07     0.29
  SINCE SEP 1      3.97          5.01  -1.04     3.91
  SINCE JAN 1     39.81         36.29   3.52    30.87

DEGREE DAYS
 HEATING
  YESTERDAY        0            11    -11       11
  MONTH TO DATE   23           123   -100       62
  SINCE SEP 1     71           196   -125       75
  SINCE JUL 1     71           201   -130       79

 COOLING
  YESTERDAY        5             0      5        0
  MONTH TO DATE   51            12     39       17
  SINCE SEP 1    214           111    103      208
  SINCE JAN 1   1124           990    134     1356
......................................................


WIND (MPH)
  HIGHEST WIND SPEED    18   HIGHEST WIND DIRECTION     S (190)
  HIGHEST GUST SPEED    23   HIGHEST GUST DIRECTION     S (190)
  AVERAGE WIND SPEED     8.2


SKY COVER
  AVERAGE SKY COVER 0.1


WEATHER CONDITIONS
 THE FOLLOWING WEATHER WAS RECORDED YESTERDAY.
  NO SIGNIFICANT WEATHER WAS OBSERVED.


RELATIVE HUMIDITY (PERCENT)
 HIGHEST    87           300 AM
 LOWEST     45           100 PM
 AVERAGE    66

..........................................................


THE TERRE HAUTE IN CLIMATE NORMALS FOR TODAY
                         NORMAL
 MAXIMUM TEMPERATURE (F)   66
 MINIMUM TEMPERATURE (F)   43


SUNRISE AND SUNSET
OCTOBER 15 2017.......SUNRISE   759 AM EDT   SUNSET   710 PM EDT
OCTOBER 16 2017.......SUNRISE   800 AM EDT   SUNSET   708 PM EDT


-  INDICATES NEGATIVE NUMBERS.
R  INDICATES RECORD WAS SET OR TIED.
MM INDICATES DATA IS MISSING.
T  INDICATES TRACE AMOUNT.




$$
