000
CDUS43 KIND 300531
CLIHUF


CLIMATE REPORT
NATIONAL WEATHER SERVICE INDIANAPOLIS IN
130 AM EDT SAT APR 30 2016


...................................

...THE TERRE HAUTE IN CLIMATE SUMMARY FOR APRIL 29 2016...

CLIMATE NORMAL PERIOD 1981 TO 2010
CLIMATE RECORD PERIOD 9999 TO 9999


WEATHER ITEM   OBSERVED TIME   NORMAL DEPARTURE LAST
                VALUE   (LST)  VALUE  FROM      YEAR
                                      NORMAL
......................................................
TEMPERATURE (F)
 YESTERDAY
  MAXIMUM         66    526 PM  69     -3       67
  MINIMUM         46    549 AM  46      0       39
  AVERAGE         56            58     -2       53

PRECIPITATION (IN)
  YESTERDAY        0.00          0.26  -0.26     0.00
  MONTH TO DATE    4.76          3.88   0.88     4.57
  SINCE MAR 1      8.76          7.25   1.51     7.97
  SINCE JAN 1     11.21         11.54  -0.33    10.87

DEGREE DAYS
 HEATING
  YESTERDAY        9             8      1       12
  MONTH TO DATE  323           358    -35      303
  SINCE MAR 1    811          1049   -238     1106
  SINCE JUL 1   4273          5212   -939     5740

 COOLING
  YESTERDAY        0             1     -1        0
  MONTH TO DATE    9            15     -6        6
  SINCE MAR 1      9            16     -7        6
  SINCE JAN 1      9            16     -7        6
......................................................


WIND (MPH)
  HIGHEST WIND SPEED    15   HIGHEST WIND DIRECTION     E (70)
  HIGHEST GUST SPEED    18   HIGHEST GUST DIRECTION    NE (60)
  AVERAGE WIND SPEED     4.1


SKY COVER
  AVERAGE SKY COVER 0.3


WEATHER CONDITIONS
 THE FOLLOWING WEATHER WAS RECORDED YESTERDAY.
  NO SIGNIFICANT WEATHER WAS OBSERVED.


RELATIVE HUMIDITY (PERCENT)
 HIGHEST    93           300 AM
 LOWEST     52           300 PM
 AVERAGE    73

..........................................................


THE TERRE HAUTE IN CLIMATE NORMALS FOR TODAY
                         NORMAL
 MAXIMUM TEMPERATURE (F)   69
 MINIMUM TEMPERATURE (F)   47


SUNRISE AND SUNSET
APRIL 30 2016.........SUNRISE   651 AM EDT   SUNSET   842 PM EDT
MAY  1 2016...........SUNRISE   650 AM EDT   SUNSET   843 PM EDT


-  INDICATES NEGATIVE NUMBERS.
R  INDICATES RECORD WAS SET OR TIED.
MM INDICATES DATA IS MISSING.
T  INDICATES TRACE AMOUNT.




$$
