000
CDUS43 KIND 192033
CLIHUF


CLIMATE REPORT
NATIONAL WEATHER SERVICE INDIANAPOLIS IN
432 PM EDT WED APR 19 2017


...................................

...THE TERRE HAUTE IN CLIMATE SUMMARY FOR APRIL 19 2017...
VALID TODAY AS OF 0400 PM LOCAL TIME.

CLIMATE NORMAL PERIOD 1981 TO 2010
CLIMATE RECORD PERIOD 9999 TO 9999


WEATHER ITEM   OBSERVED TIME   NORMAL DEPARTURE LAST
                VALUE   (LST)  VALUE  FROM      YEAR
                                      NORMAL
......................................................
TEMPERATURE (F)
 TODAY
  MAXIMUM         81    258 PM  65     16       81
  MINIMUM         58   1202 AM  43     15       52
  AVERAGE         70            54     16       67

PRECIPITATION (IN)
  TODAY            0.00          0.13  -0.13     0.00
  MONTH TO DATE    2.62          2.07   0.55     2.09
  SINCE MAR 1      6.19          5.44   0.75     6.09
  SINCE JAN 1     10.53          9.73   0.80     8.54

......................................................


WIND (MPH)
  HIGHEST WIND SPEED    17   HIGHEST WIND DIRECTION     W (250)
  HIGHEST GUST SPEED    21   HIGHEST GUST DIRECTION     W (250)
  AVERAGE WIND SPEED     8.1


SKY COVER
  AVERAGE SKY COVER 0.1


WEATHER CONDITIONS
 THE FOLLOWING WEATHER WAS RECORDED TODAY.
  FOG


RELATIVE HUMIDITY (PERCENT)
 HIGHEST    93          1200 AM
 LOWEST     54           100 PM

..........................................................


THE TERRE HAUTE IN CLIMATE NORMALS FOR TOMORROW
                         NORMAL
 MAXIMUM TEMPERATURE (F)   66
 MINIMUM TEMPERATURE (F)   44


SUNRISE AND SUNSET
APRIL 19 2017.........SUNRISE   706 AM EDT   SUNSET   831 PM EDT
APRIL 20 2017.........SUNRISE   705 AM EDT   SUNSET   832 PM EDT


-  INDICATES NEGATIVE NUMBERS.
R  INDICATES RECORD WAS SET OR TIED.
MM INDICATES DATA IS MISSING.
T  INDICATES TRACE AMOUNT.




$$
