000
CXUS51 KCTP 010900
CF6JST
PRELIMINARY LOCAL CLIMATOLOGICAL DATA (WS FORM: F-6)
STATION: JOHNSTOWN
MONTH: NOVEMBER
YEAR: 2022
LATITUDE: 40 18 N
LONGITUDE: 78 50 W
TEMPERATURE IN F: :PCPN: SNOW: WIND :SUNSHINE: SKY :PK WND
================================================================================
1 2 3 4 5 6A 6B 7 8 9 10 11 12 13 14 15 16 17 18
12Z AVG MX 2MIN
DY MAX MIN AVG DEP HDD CDD WTR SNW DPTH SPD SPD DIR MIN PSBL S-S WX SPD DR
================================================================================
1 58 53 56 11 9 0 0.18 M M 7.8 16 300 M M 10 1 22 290
2 62 46 54 9 11 0 0.00 M M 4.2 9 320 M M 4 128 12 320
3 64 47 56 11 9 0 0.00 M M 7.1 14 170 M M 0 19 150
4 68 48 58 14 7 0 0.00 M M 9.4 21 170 M M 0 27 160
5 71 56 64 20 1 0 0.00 M M 17.0 28 180 M M 5 37 180
6 74 60 67 23 0 2 0.02 M M 9.8 23 160 M M 5 1 32 150
7 64 41 53 10 12 0 0.00 M M 10.3 21 310 M M 1 26 320
8 53 33 43 0 22 0 0.00 M M 7.0 15 40 M M 0 19 40
9 56 34 45 3 20 0 0.00 M M 8.3 18 180 M M 0 24 170
10 64 41 53 11 12 0 0.00 M M 9.0 18 170 M M 0 24 180
11 64 53 59 17 6 0 2.40 M M 11.9 25 320 M M 9 1 34 320
12 58 32 45 4 20 0 0.36 M M 11.5 25 310 M M 10 12 33 300
13 34 30 32 -9 33 0 0.01 M M 13.9 24 300 M M 10 1 32 280
14 37 27 32 -8 33 0 0.00 M M 7.1 16 310 M M 6 19 330
15 32 26 29 -11 36 0 0.43 M M 8.1 17 150 M M 5 126 22 140
16 35 29 32 -8 33 0 0.04 M M 12.9 22 240 M M 10 12 35 260
17 29 25 27 -13 38 0 0.02 M M 16.2 25 270 M M 10 18 37 260
18 29 21 25 -14 40 0 0.02 M M 14.0 24 270 M M 9 128 32 270
19 28 16 22 -17 43 0 T M M 12.7 29 260 M M 3 8 39 270
20 26 16 21 -17 44 0 T M M 18.4 31 260 M M 5 128 42 280
21 41 16 29 -9 36 0 0.00 M M 11.9 23 260 M M 0 33 260
22 46 30 38 0 27 0 0.00 M M 9.2 17 250 M M 0 23 270
23 50 35 43 6 22 0 0.00 M M 6.4 12 250 M M 0 8 16 250
24 56 34 45 8 20 0 0.00 M M 6.2 13 160 M M 0 17 150
25 49 36 43 6 22 0 0.11 M M 13.9 25 310 M M 7 1 34 320
26 49 32 41 5 24 0 0.00 M M 8.9 20 270 M M 0 24 280
27 55 40 48 12 17 0 0.41 M M 12.4 29 270 M M 8 13 42 270
28 47 35 41 5 24 0 0.06 M M 12.5 33 270 M M 10 1 47 270
29 47 36 42 6 23 0 T M M 9.3 18 160 M M 6 1 24 160
30 50 27 39 4 26 0 0.24 M M 17.5 37 250 M M 8 1 52 230
================================================================================
SM 1496 1055 670 2 4.30 M 324.8 M 141
================================================================================
AV 49.9 35.2 10.8 FASTST M M 5 MAX(MPH)
MISC ----> 37 250 52 230
================================================================================
NOTES:
# LAST OF SEVERAL OCCURRENCES
COLUMN 17 PEAK WIND IN M.P.H.
PRELIMINARY LOCAL CLIMATOLOGICAL DATA (WS FORM: F-6) , PAGE 2
STATION: JOHNSTOWN
MONTH: NOVEMBER
YEAR: 2022
LATITUDE: 40 18 N
LONGITUDE: 78 50 W
[TEMPERATURE DATA] [PRECIPITATION DATA] SYMBOLS USED IN COLUMN 16
AVERAGE MONTHLY: 42.5 TOTAL FOR MONTH: 4.30 1 = FOG OR MIST
DPTR FM NORMAL: 2.4 DPTR FM NORMAL: 1.19 2 = FOG REDUCING VISIBILITY
HIGHEST: 74 ON 6 GRTST 24HR 2.47 ON 11-12 TO 1/4 MILE OR LESS
LOWEST: 16 ON 21,20 3 = THUNDER
SNOW, ICE PELLETS, HAIL 4 = ICE PELLETS
TOTAL MONTH: M 5 = HAIL
GRTST 24HR M ON M 6 = FREEZING RAIN OR DRIZZLE
GRTST DEPTH: M ON M 7 = DUSTSTORM OR SANDSTORM:
VSBY 1/2 MILE OR LESS
8 = SMOKE OR HAZE
[NO. OF DAYS WITH] [WEATHER - DAYS WITH] 9 = BLOWING SNOW
X = TORNADO
MAX 32 OR BELOW: 5 0.01 INCH OR MORE: 13
MAX 90 OR ABOVE: 0 0.10 INCH OR MORE: 7
MIN 32 OR BELOW: 13 0.50 INCH OR MORE: 1
MIN 0 OR BELOW: 0 1.00 INCH OR MORE: 1
[HDD (BASE 65) ]
TOTAL THIS MO. 670 CLEAR (SCALE 0-3) 11
DPTR FM NORMAL -77 PTCLDY (SCALE 4-7) 11
TOTAL FM JUL 1 1303 CLOUDY (SCALE 8-10) 8
DPTR FM NORMAL -67
[CDD (BASE 65) ]
TOTAL THIS MO. 2
DPTR FM NORMAL 2 [PRESSURE DATA]
TOTAL FM JAN 1 544 HIGHEST SLP 30.65 ON 8
DPTR FM NORMAL 64 LOWEST SLP 29.32 ON 27
[REMARKS]
#FINAL-11-22#