000
CXUS52 KMLB 121404
CF6MCO
PRELIMINARY LOCAL CLIMATOLOGICAL DATA (WS FORM: F-6)
STATION: ORLANDO INTL
MONTH: APRIL
YEAR: 2023
LATITUDE: 28 25 N
LONGITUDE: 81 19 W
TEMPERATURE IN F: :PCPN: SNOW: WIND :SUNSHINE: SKY :PK WND
================================================================================
1 2 3 4 5 6A 6B 7 8 9 10 11 12 13 14 15 16 17 18
12Z AVG MX 2MIN
DY MAX MIN AVG DEP HDD CDD WTR SNW DPTH SPD SPD DIR MIN PSBL S-S WX SPD DR
================================================================================
1 92 63 78 8 0 13 0.00 0.0 0 9.2 22 280 M M 5 31 280
2 90 69 80 10 0 15 0.00 0.0 0 8.2 17 100 M M 5 28 300
3 90 70 80 10 0 15 0.00 0.0 0 4.6 16 250 M M 7 23 270
4 93 67 80 10 0 15 0.00 0.0 0 6.7 20 60 M M 3 26 60
5 91 70 81 11 0 16 0.00 0.0 0 9.1 21 120 M M 4 1 28 120
6 90 70 80 10 0 15 0.00 0.0 0 9.5 20 120 M M 6 24 110
7 90 68 79 8 0 14 0.01 0.0 0 7.4 22 110 M M 7 28 120
8 90 67 79 8 0 14 T 0.0 0 4.7 14 100 M M 7 20 220
9 75 66 71 0 0 6 0.01 0.0 0 12.5 21 360 M M 10 18 26 350
10 81 63 72 1 0 7 0.09 0.0 0 13.0 29 30 M M 7 1 37 40
11 81 61 71 0 0 6 0.00 0.0 0 14.8 26 70 M M 5 35 50
12 78 67 73 1 0 8 T 0.0 0 13.7 24 90 M M 10 1 35 100
13 90 69 80 8 0 15 T 0.0 0 7.9 17 180 M M 7 13 28 210
14 93 68 81 9 0 16 0.01 0.0 0 7.9 21 210 M M 7 28 240
15 94 69 82 10 0 17 0.12 0.0 0 5.4 21 220 M M 7 13 26 220
16 88 69 79 7 0 14 0.02 0.0 0 6.6 21 160 M M 8 3 25 170
17 77 61 69 -3 0 4 0.68 0.0 0 6.9 20 350 M M 7 13 24 340
18 83 54 69 -4 0 4 0.00 0.0 0 7.1 16 20 M M 0 23 60
19 83 59 71 -2 0 6 0.00 0.0 0 8.3 18 70 M M 6 26 80
20 85 61 73 0 0 8 0.00 0.0 0 8.6 22 70 M M 3 8 29 70
21 87 63 75 2 0 10 0.00 0.0 0 8.5 16 100 M M 4 25 100
22 89 69 79 6 0 14 0.00 0.0 0 5.4 14 280 M M 6 20 270
23 87 69 78 4 0 13 0.00 0.0 0 12.1 21 50 M M 3 26 40
24 85 66 76 2 0 11 0.07 0.0 0 9.3 20 120 M M 8 3 26 30
25 87 67 77 3 0 12 0.04 0.0 0 8.9 23 50 M M 6 3 32 50
26 88 65 77 3 0 12 0.00 0.0 0 7.4 21 60 M M 4 27 60
27 91 67 79 5 0 14 0.34 0.0 0 9.1 32 280 M M 8 13 45 280
28 88 65 77 3 0 12 T 0.0 0 8.8 21 280 M M 8 29 270
29 88 68 78 3 0 13 1.84 0.0 0 8.2 29 140 M M 9 13 39 150
30 82 67 75 0 0 10 0.41 0.0 0 17.2 32 260 M M 5 13 50 270
================================================================================
SM 2606 1977 0 349 3.64 0.0 267.0 M 182
================================================================================
AV 86.9 65.9 8.9 FASTST M M 6 MAX(MPH)
MISC ----> # 32 280 50 270
================================================================================
NOTES:
# LAST OF SEVERAL OCCURRENCES
COLUMN 17 PEAK WIND IN M.P.H.
PRELIMINARY LOCAL CLIMATOLOGICAL DATA (WS FORM: F-6) , PAGE 2
STATION: ORLANDO INTL
MONTH: APRIL
YEAR: 2023
LATITUDE: 28 25 N
LONGITUDE: 81 19 W
[TEMPERATURE DATA] [PRECIPITATION DATA] SYMBOLS USED IN COLUMN 16
AVERAGE MONTHLY: 76.4 TOTAL FOR MONTH: 3.64 1 = FOG OR MIST
DPTR FM NORMAL: 4.2 DPTR FM NORMAL: 1.06 2 = FOG REDUCING VISIBILITY
HIGHEST: 94 ON 15 GRTST 24HR 2.25 ON 29-30 TO 1/4 MILE OR LESS
LOWEST: 54 ON 18 3 = THUNDER
SNOW, ICE PELLETS, HAIL 4 = ICE PELLETS
TOTAL MONTH: 0.0 INCH 5 = HAIL
GRTST 24HR 0.0 6 = FREEZING RAIN OR DRIZZLE
GRTST DEPTH: 0 7 = DUSTSTORM OR SANDSTORM:
VSBY 1/2 MILE OR LESS
8 = SMOKE OR HAZE
[NO. OF DAYS WITH] [WEATHER - DAYS WITH] 9 = BLOWING SNOW
X = TORNADO
MAX 32 OR BELOW: 0 0.01 INCH OR MORE: 12
MAX 90 OR ABOVE: 12 0.10 INCH OR MORE: 5
MIN 32 OR BELOW: 0 0.50 INCH OR MORE: 2
MIN 0 OR BELOW: 0 1.00 INCH OR MORE: 1
[HDD (BASE 65) ]
TOTAL THIS MO. 0 CLEAR (SCALE 0-3) 3
DPTR FM NORMAL -10 PTCLDY (SCALE 4-7) 23
TOTAL FM JUL 1 282 CLOUDY (SCALE 8-10) 4
DPTR FM NORMAL -237
[CDD (BASE 65) ]
TOTAL THIS MO. 349
DPTR FM NORMAL 125 [PRESSURE DATA]
TOTAL FM JAN 1 845 HIGHEST SLP 30.21 ON 6
DPTR FM NORMAL 381 LOWEST SLP 29.59 ON 30
[REMARKS]
#FINAL-04-23#