000
CXUS53 KOAX 010930
CF6TQE
PRELIMINARY LOCAL CLIMATOLOGICAL DATA (WS FORM: F-6)
STATION: TEKAMAH NE
MONTH: MAY
YEAR: 2022
LATITUDE: 41 46 N
LONGITUDE: 96 11 W
TEMPERATURE IN F: :PCPN: SNOW: WIND :SUNSHINE: SKY :PK WND
================================================================================
1 2 3 4 5 6A 6B 7 8 9 10 11 12 13 14 15 16 17 18
12Z AVG MX 2MIN
DY MAX MIN AVG DEP HDD CDD WTR SNW DPTH SPD SPD DIR MIN PSBL S-S WX SPD DR
================================================================================
1 60 38 49 -7 16 0 0.00 M M 16.6 33 320 M M 6 41 310
2 47 37 42 -15 23 0 0.74 M M 10.7 21 360 M M 9 1 27 360
3 54 40 47 -10 18 0 0.06 M M 11.7 22 360 M M 9 28 350
4 55 45 50 -7 15 0 0.03 M M 5.6 13 60 M M 10 1 16 60
5 58 50 54 -4 11 0 0.05 M M 7.7 16 350 M M 10 1 19 350
6 68 50 59 1 6 0 0.00 M M 5.9 13 180 M M 8 1 17 190
7 76 48 62 3 3 0 0.00 M M 20.7 35 150 M M 1 1 43 140
8 66 55 61 2 4 0 0.35 M M 13.2 30 140 M M 8 138 38 140
9 92 64 78 18 0 13 0.00 M M 19.1 32 160 M M 5 41 160
10 82 64 73 13 0 8 0.00 M M 13.5 22 30 M M 7 29 50
11 98 64 81 21 0 16 0.00 M M 15.8 41 170 M M 3 8 49 160
12 101 62 82 21 0 17 0.47 M M 22.0 54 230 M M 2 38 71 250
13 82 58 70 9 0 5 T M M 8.7 17 250 M M 0 23 240
14 88 50 69 7 0 4 0.00 M M 10.8 26 250 M M 2 36 270
15 74 56 65 3 0 0 0.06 M M 6.8 22 330 M M 5 28 330
16 87 48 68 6 0 3 0.00 M M 6.9 18 240 M M 1 27 230
17 72 59 66 3 0 1 0.87 M M 11.3 29 330 M M 4 138 38 330
18 85 56 71 8 0 6 0.02 M M 7.3 15 350 M M 2 13 20 360
19 95 58 77 13 0 12 0.01 M M 18.2 39 290 M M 1 3 52 300
20 72 51 62 -2 3 0 T M M 15.3 29 360 M M 7 38 360
21 62 42 52 -13 13 0 0.00 M M 12.8 25 290 M M 5 39 300
22 70 35 53 -12 12 0 0.00 M M 8.5 20 320 M M 1 38 310
23 68 42 55 -10 10 0 0.00 M M 7.5 22 140 M M 3 28 140
24 66 51 59 -7 6 0 0.59 M M 11.4 25 100 M M 10 1 33 130
25 55 50 53 -13 12 0 0.24 M M 18.3 30 360 M M 10 1 39 10
26 69 50 60 -6 5 0 0.66 M M 12.2 22 350 M M 6 1 29 340
27 81 46 64 -3 1 0 0.00 M M 9.8 21 140 M M 1 12 27 140
28 90 62 76 9 0 11 0.00 M M 16.2 28 180 M M 0 35 170
29 91 69 80 12 0 15 T M M 22.0 44 150 M M 0 3 56 150
30 91 61 76 8 0 11 0.10 M M 22.6 44 180 M M 4 3 64 230
31 80 55 68 0 0 3 0.00 M M 12.3 20 320 M M 1 27 250
================================================================================
SM 2335 1616 158 125 4.25 M 401.4 M 141
================================================================================
AV 75.3 52.1 12.9 FASTST M M 5 MAX(MPH)
MISC ----> 54 230 71 250
================================================================================
NOTES:
# LAST OF SEVERAL OCCURRENCES
COLUMN 17 PEAK WIND IN M.P.H.
PRELIMINARY LOCAL CLIMATOLOGICAL DATA (WS FORM: F-6) , PAGE 2
STATION: TEKAMAH NE
MONTH: MAY
YEAR: 2022
LATITUDE: 41 46 N
LONGITUDE: 96 11 W
[TEMPERATURE DATA] [PRECIPITATION DATA] SYMBOLS USED IN COLUMN 16
AVERAGE MONTHLY: 63.7 TOTAL FOR MONTH: 4.25 1 = FOG OR MIST
DPTR FM NORMAL: 1.3 DPTR FM NORMAL: 0.30 2 = FOG REDUCING VISIBILITY
HIGHEST: 101 ON 12 GRTST 24HR 0.89 ON 17-18 TO 1/4 MILE OR LESS
LOWEST: 35 ON 22 3 = THUNDER
SNOW, ICE PELLETS, HAIL 4 = ICE PELLETS
TOTAL MONTH: M 5 = HAIL
GRTST 24HR M ON M 6 = FREEZING RAIN OR DRIZZLE
GRTST DEPTH: M ON M 7 = DUSTSTORM OR SANDSTORM:
VSBY 1/2 MILE OR LESS
8 = SMOKE OR HAZE
[NO. OF DAYS WITH] [WEATHER - DAYS WITH] 9 = BLOWING SNOW
X = TORNADO
MAX 32 OR BELOW: 0 0.01 INCH OR MORE: 14
MAX 90 OR ABOVE: 7 0.10 INCH OR MORE: 8
MIN 32 OR BELOW: 0 0.50 INCH OR MORE: 4
MIN 0 OR BELOW: 0 1.00 INCH OR MORE: 0
[HDD (BASE 65) ]
TOTAL THIS MO. 158 CLEAR (SCALE 0-3) 14
DPTR FM NORMAL 1 PTCLDY (SCALE 4-7) 11
TOTAL FM JUL 1 5821 CLOUDY (SCALE 8-10) 6
DPTR FM NORMAL -573
[CDD (BASE 65) ]
TOTAL THIS MO. 125
DPTR FM NORMAL 49 [PRESSURE DATA]
TOTAL FM JAN 1 135 HIGHEST SLP 30.43 ON 22
DPTR FM NORMAL 49 LOWEST SLP 29.17 ON 19
[REMARKS]
#FINAL-05-22#