000
CXUS53 KARX 230930
CF6ONA
PRELIMINARY LOCAL CLIMATOLOGICAL DATA (WS FORM: F-6)

                                          STATION:   WINONA_MUNI_(AWOS) MN
                                          MONTH:     AUGUST
                                          YEAR:      2016
                                          LATITUDE:   44  4 N
                                          LONGITUDE:  91 42 W

  TEMPERATURE IN F:       :PCPN:    SNOW:  WIND      :SUNSHINE: SKY     :PK WND
================================================================================
1   2   3   4   5  6A  6B    7    8   9   10  11  12  13   14  15   16   17  18
                                     12Z  AVG MX 2MIN
DY MAX MIN AVG DEP HDD CDD  WTR  SNW DPTH SPD SPD DIR MIN PSBL S-S WX    SPD DR
================================================================================

 1  82  63  73   M   0   8 0.00  0.0    0  4.7 13 120   M    M   2        17 120
 2  88  70  79   M   0  14 0.00  0.0    0  2.0  7 220   M    M   4         M  M
 3  90  70  80   M   0  15 0.00  0.0    0  1.8  8 130   M    M   2         M  M
 4  90  70  80   M   0  15 1.64  0.0    0  3.6 12 130   M    M   5 3      17  50
 5  79  61  70   M   0   5 0.00  0.0    0  7.2 15 320   M    M   1        18 330
 6  79  59  69   M   0   4 0.00  0.0    0  4.2 10 300   M    M   1         M  M
 7  79  59  69   M   0   4 0.00  0.0    0  1.1  6 110   M    M   1         M  M
 8  81  59  70   M   0   5 0.00  0.0    0  3.3 10 130   M    M   3 1       M  M
 9  86  66  76   M   0  11 0.00  0.0    0  3.0 10 220   M    M   6         M  M
10  90  70  80   M   0  15 0.00  0.0    0  3.4 10 150   M    M   2        16 150
11  82  73  78   M   0  13 1.30  0.0    0  4.9 12 280   M    M   4 3      21 160
12  81  70  76   M   0  11 1.52  0.0    0  2.8  8 140   M    M   8         M  M
13  81  64  73   M   0   8 0.00  0.0    0  6.4 12 330   M    M   5        16 330
14  79  61  70   M   0   5 0.00  0.0    0  2.3  9 320   M    M   0         M  M
15  79  57  68   M   0   3 0.00  0.0    0  1.7  6  90   M    M   2 12      M  M
16  82  63  73   M   0   8 0.23  0.0    0  2.0 13 350   M    M   6 123    28 350
17  81  63  72   M   0   7 0.00  0.0    0  1.1  6 120   M    M   2         M  M
18  86  68  77   M   0  12 0.19  0.0    0  2.0  6 160   M    M   6 13      M  M
19  77  66  72   M   0   7 1.18  0.0    0  1.9 10  40   M    M   5 3      32 300
20  70  59  65   M   0   0 0.25  0.0    0  9.0 20 310   M    M   8        25 310
21  73  55  64   M   1   0 0.00  0.0    0  5.5  9 320   M    M   2         M  M
22  79  54  67   M   0   2 0.00  0.0    0  4.7 10 190   M    M   1        21 200
================================================================================
SM 1794 1400         1 172  6.31     0.0  78.6          M       76
================================================================================
AV 81.5 63.6                               3.6 FASTST   M    M   3    MAX(MPH)
                                 MISC ---->    20   M                 32    M
================================================================================
NOTES:
# LAST OF SEVERAL OCCURRENCES

COLUMN 17 PEAK WIND IN M.P.H.

PRELIMINARY LOCAL CLIMATOLOGICAL DATA (WS FORM: F-6) , PAGE 2

                                          STATION:  WINONA_MUNI_(AWOS) MN
                                          MONTH:    AUGUST
                                          YEAR:     2016
                                          LATITUDE:   44  4 N
                                          LONGITUDE:  91 42 W

[TEMPERATURE DATA]      [PRECIPITATION DATA]       SYMBOLS USED IN COLUMN 16

AVERAGE MONTHLY: 72.6   TOTAL FOR MONTH:   6.31    1 = FOG OR MIST
DPTR FM NORMAL:     M   DPTR FM NORMAL:       M    2 = FOG REDUCING VISIBILITY
HIGHEST:    90 ON 10, 4 GRTST 24HR  1.64 ON  4- 4      TO 1/4 MILE OR LESS
LOWEST:     54 ON 22                               3 = THUNDER
                        SNOW, ICE PELLETS, HAIL    4 = ICE PELLETS
                        TOTAL MONTH:   0.0 INCH    5 = HAIL
                        GRTST 24HR     0.0         6 = FREEZING RAIN OR DRIZZLE
                        GRTST DEPTH:   0           7 = DUSTSTORM OR SANDSTORM:
                                                       VSBY 1/2 MILE OR LESS
                                                   8 = SMOKE OR HAZE
[NO. OF DAYS WITH]      [WEATHER - DAYS WITH]      9 = BLOWING SNOW
                                                   X = TORNADO
MAX 32 OR BELOW:   0    0.01 INCH OR MORE:   7
MAX 90 OR ABOVE:   3    0.10 INCH OR MORE:   7
MIN 32 OR BELOW:   0    0.50 INCH OR MORE:   4
MIN  0 OR BELOW:   0    1.00 INCH OR MORE:   4

[HDD (BASE 65) ]
TOTAL THIS MO.     1    CLEAR  (SCALE 0-3)  12
DPTR FM NORMAL     M    PTCLDY (SCALE 4-7)  10
TOTAL FM JUL 1     2    CLOUDY (SCALE 8-10)  0
DPTR FM NORMAL     M

[CDD (BASE 65) ]
TOTAL THIS MO.   172
DPTR FM NORMAL     M    [PRESSURE DATA]
TOTAL FM JAN 1   633    HIGHEST SLP M ON M
DPTR FM NORMAL     M    LOWEST  SLP M ON M

[REMARKS]
