000
CXUS53 KARX 260930
CF6ONA
PRELIMINARY LOCAL CLIMATOLOGICAL DATA (WS FORM: F-6)

                                          STATION:   WINONA_MUNI_(AWOS) MN
                                          MONTH:     JANUARY
                                          YEAR:      2015
                                          LATITUDE:   44  4 N
                                          LONGITUDE:  91 42 W

  TEMPERATURE IN F:       :PCPN:    SNOW:  WIND      :SUNSHINE: SKY     :PK WND
================================================================================
1   2   3   4   5  6A  6B    7    8   9   10  11  12  13   14  15   16   17  18
                                     12Z  AVG MX 2MIN
DY MAX MIN AVG DEP HDD CDD  WTR  SNW DPTH SPD SPD DIR MIN PSBL S-S WX    SPD DR
================================================================================

 1  30  12  21   M  44   0 0.00  0.0    M  4.4 10 260   M    M   7        18 260
 2  30  10  20   M  45   0 0.00  0.0    M  2.1  7 320   M    M   4         M  M
 3  34  23  29   M  36   0    M  0.0    M  2.8  7 130   M    M   8 18      M  M
 4  23  -2  11   M  54   0    M    M    M 15.1 23 330   M    M   3 8      30 330
 5   3  -8  -2   M  67   0    M    M    M  5.0 12 290   M    M   3        18 290
 6  14  -9   3   M  62   0    T    T    M  7.0 17 300   M    M   2        23 310
 7   3  -6  -1   M  66   0 0.00  0.0    M 12.3 22 320   M    M   1        27 320
 8  18  -6   6   M  59   0    M    M    5 10.6 25 310   M    M   7 8      32 310
 9   9   1   5   M  60   0 0.00  0.0    6 11.2 24 320   M    M   2        32 320
10  23  -4  10   M  55   0 0.00  0.0    5  2.5  7 120   M    M   5         M  M
11  21   7  14   M  51   0 0.00  0.0    M  4.9 14 320   M    M   3        21 320
12  14  -6   4   M  61   0 0.00  0.0    6  4.9 13 330   M    M   0         M  M
13  19 -13   3   M  62   0 0.00  0.0    M  0.3  4 120   M    M   0         M  M
14  27  14  21   M  44   0    M    M    M  1.9  7 210   M    M  10         M  M
15  36  25  31   M  34   0 0.00  0.0    M  5.0 12 290   M    M   5        17 290
16  34  28  31   M  34   0 0.00  0.0    M  6.8 14 120   M    M   6        22 120
17  41  25  33   M  32   0 0.00  0.0    M  7.7 16 290   M    M   5 1      27 290
18  37  25  31   M  34   0 0.00  0.0    M  5.8 12 300   M    M   4        22 290
19  34  19  27   M  38   0    M    M    M  2.7  7 120   M    M   7 1       M  M
20  34  30  32   M  33   0    M    M    M  3.1  8 140   M    M  10 1       M  M
21  32  30  31   M  34   0    M    M    M  3.6  8 340   M    M  10 13      M  M
22  30  28  29   M  36   0    T    T    0  4.0 10 230   M    M  10         M  M
23  36  27  32   M  33   0 0.00  0.0    0  6.0 10 230   M    M   4        17 230
24  41  23  32   M  33   0 0.00  0.0    0  2.4  7 300   M    M   4 1       M  M
25  36  19  28   M  37   0    M    M    M  4.2 10 100   M    M   6        17 100
================================================================================
SM  659  292      1144   0    T     T    136.3          M      126
================================================================================
AV 26.4 11.7                               5.5 FASTST   M    M   5    MAX(MPH)
                                 MISC ---->    25   M                 32    M
================================================================================
NOTES:
# LAST OF SEVERAL OCCURRENCES

COLUMN 17 PEAK WIND IN M.P.H.

PRELIMINARY LOCAL CLIMATOLOGICAL DATA (WS FORM: F-6) , PAGE 2

                                          STATION:  WINONA_MUNI_(AWOS) MN
                                          MONTH:    JANUARY
                                          YEAR:     2015
                                          LATITUDE:   44  4 N
                                          LONGITUDE:  91 42 W

[TEMPERATURE DATA]      [PRECIPITATION DATA]       SYMBOLS USED IN COLUMN 16

AVERAGE MONTHLY: 19.0   TOTAL FOR MONTH:      T    1 = FOG OR MIST
DPTR FM NORMAL:     M   DPTR FM NORMAL:       M    2 = FOG REDUCING VISIBILITY
HIGHEST:    41 ON 24,17 GRTST 24HR    T  ON 22-22      TO 1/4 MILE OR LESS
LOWEST:    -13 ON 13                               3 = THUNDER
                        SNOW, ICE PELLETS, HAIL    4 = ICE PELLETS
                        TOTAL MONTH:    T          5 = HAIL
                        GRTST 24HR    T  ON 22-22  6 = FREEZING RAIN OR DRIZZLE
                        GRTST DEPTH:   6 ON 12, 9  7 = DUSTSTORM OR SANDSTORM:
                                                       VSBY 1/2 MILE OR LESS
                                                   8 = SMOKE OR HAZE
[NO. OF DAYS WITH]      [WEATHER - DAYS WITH]      9 = BLOWING SNOW
                                                   X = TORNADO
MAX 32 OR BELOW:  15    0.01 INCH OR MORE:   0
MAX 90 OR ABOVE:   0    0.10 INCH OR MORE:   0
MIN 32 OR BELOW:  25    0.50 INCH OR MORE:   0
MIN  0 OR BELOW:   8    1.00 INCH OR MORE:   0

[HDD (BASE 65) ]
TOTAL THIS MO.  1144    CLEAR  (SCALE 0-3)   6
DPTR FM NORMAL     M    PTCLDY (SCALE 4-7)  15
TOTAL FM JUL 1  4018    CLOUDY (SCALE 8-10)  4
DPTR FM NORMAL     M

[CDD (BASE 65) ]
TOTAL THIS MO.     0
DPTR FM NORMAL     M    [PRESSURE DATA]
TOTAL FM JAN 1     0    HIGHEST SLP M ON M
DPTR FM NORMAL     M    LOWEST  SLP M ON M

[REMARKS]
