000
CXUS53 KARX 280930
CF6ONA
PRELIMINARY LOCAL CLIMATOLOGICAL DATA (WS FORM: F-6)

                                          STATION:   WINONA_MUNI_(AWOS) MN
                                          MONTH:     MARCH
                                          YEAR:      2015
                                          LATITUDE:   44  4 N
                                          LONGITUDE:  91 42 W

  TEMPERATURE IN F:       :PCPN:    SNOW:  WIND      :SUNSHINE: SKY     :PK WND
================================================================================
1   2   3   4   5  6A  6B    7    8   9   10  11  12  13   14  15   16   17  18
                                     12Z  AVG MX 2MIN
DY MAX MIN AVG DEP HDD CDD  WTR  SNW DPTH SPD SPD DIR MIN PSBL S-S WX    SPD DR
================================================================================

 1  28  10  19   M  46   0    T    T    5  6.5 13 300   M    M   4 1      21 290
 2  30   9  20   M  45   0 0.00  0.0    4  3.5 10 290   M    M   4        17 290
 3  34  14  24   M  41   0    T    T    4  9.6 17 290   M    M   8 1      25 290
 4  18   3  11   M  54   0 0.00  0.0    4 11.3 17 310   M    M   0        24 310
 5  14  -8   3   M  62   0 0.00  0.0    4  3.5  8 220   M    M   0         M  M
 6  37   5  21   M  44   0 0.00  0.0    4  5.1 12 210   M    M   2         M  M
 7  43  21  32   M  33   0 0.00  0.0    3  7.6 20 330   M    M   3        25 330
 8  50  28  39   M  26   0 0.00  0.0    3  3.7 10 300   M    M   2        17 300
 9  54  27  41   M  24   0 0.00  0.0    2  4.5 13 220   M    M   2        18 250
10  61  34  48   M  17   0 0.00  0.0    2  3.5  8 240   M    M   0         M  M
11  57  28  43   M  22   0 0.00  0.0    0  0.7  6 120   M    M   0         M  M
12  61  30  46   M  19   0 0.00  0.0    0  6.4 10 150   M    M   0        23 200
13  68  41  55   M  10   0 0.00  0.0    0  8.0 15 310   M    M   0        20 310
14  59  34  47   M  18   0 0.00  0.0    0  7.0 16 310   M    M   0        24 310
15  64  28  46   M  19   0 0.00  0.0    0  4.3 14 210   M    M   0        25 210
16  66  41  54   M  11   0 0.00  0.0    0  5.8 13 350   M    M   2        27 350
17  45  28  37   M  28   0 0.00  0.0    0  8.5 17 330   M    M   0        24   0
18  50  28  39   M  26   0 0.00  0.0    0  1.1  5  50   M    M   1         M  M
19  50  37  44   M  21   0 0.00  0.0    0  4.3 10 180   M    M   9        21 180
20  55  34  45   M  20   0 0.00  0.0    0  4.4  9 280   M    M   4        16  10
21  45  32  39   M  26   0 0.00  0.0    0  7.1 13 330   M    M   2        21 330
22  34  28  31   M  34   0    T    T    0  5.8 12 130   M    M   9         M  M
23  34  27  31   M  34   0    M    M    6  6.6 10 130   M    M   9         M  M
24  41  21  31   M  34   0    M    M    4  7.8 15 110   M    M   4        16 140
25  39  32  36   M  29   0    M    M    5  9.2 21 290   M    M  10        36 290
26  37  30  34   M  31   0 0.00  0.0    M  9.6 17 330   M    M   8        23 320
27  34  18  26   M  39   0 0.00  0.0    M  2.5  7 240   M    M   0         M  M
================================================================================
SM 1208  660       813   0    T     T    157.9          M       83
================================================================================
AV 44.7 24.4                               5.8 FASTST   M    M   3    MAX(MPH)
                                 MISC ---->    21   M                 36    M
================================================================================
NOTES:
# LAST OF SEVERAL OCCURRENCES

COLUMN 17 PEAK WIND IN M.P.H.

PRELIMINARY LOCAL CLIMATOLOGICAL DATA (WS FORM: F-6) , PAGE 2

                                          STATION:  WINONA_MUNI_(AWOS) MN
                                          MONTH:    MARCH
                                          YEAR:     2015
                                          LATITUDE:   44  4 N
                                          LONGITUDE:  91 42 W

[TEMPERATURE DATA]      [PRECIPITATION DATA]       SYMBOLS USED IN COLUMN 16

AVERAGE MONTHLY: 34.6   TOTAL FOR MONTH:      T    1 = FOG OR MIST
DPTR FM NORMAL:     M   DPTR FM NORMAL:       M    2 = FOG REDUCING VISIBILITY
HIGHEST:    68 ON 13    GRTST 24HR    T  ON 22-22      TO 1/4 MILE OR LESS
LOWEST:     -8 ON  5                               3 = THUNDER
                        SNOW, ICE PELLETS, HAIL    4 = ICE PELLETS
                        TOTAL MONTH:    T          5 = HAIL
                        GRTST 24HR    T  ON 22-22  6 = FREEZING RAIN OR DRIZZLE
                        GRTST DEPTH:   6 ON 23     7 = DUSTSTORM OR SANDSTORM:
                                                       VSBY 1/2 MILE OR LESS
                                                   8 = SMOKE OR HAZE
[NO. OF DAYS WITH]      [WEATHER - DAYS WITH]      9 = BLOWING SNOW
                                                   X = TORNADO
MAX 32 OR BELOW:   4    0.01 INCH OR MORE:   0
MAX 90 OR ABOVE:   0    0.10 INCH OR MORE:   0
MIN 32 OR BELOW:  21    0.50 INCH OR MORE:   0
MIN  0 OR BELOW:   1    1.00 INCH OR MORE:   0

[HDD (BASE 65) ]
TOTAL THIS MO.   813    CLEAR  (SCALE 0-3)  16
DPTR FM NORMAL     M    PTCLDY (SCALE 4-7)   7
TOTAL FM JUL 1  6540    CLOUDY (SCALE 8-10)  4
DPTR FM NORMAL     M

[CDD (BASE 65) ]
TOTAL THIS MO.     0
DPTR FM NORMAL     M    [PRESSURE DATA]
TOTAL FM JAN 1     0    HIGHEST SLP M ON M
DPTR FM NORMAL     M    LOWEST  SLP M ON M

[REMARKS]
