000
CXUS56 KMTR 251000
CF6SNS
PRELIMINARY LOCAL CLIMATOLOGICAL DATA (WS FORM: F-6)

                                          STATION:   SALINAS AIRPORT
                                          MONTH:     OCTOBER
                                          YEAR:      2014
                                          LATITUDE:   36 40 N
                                          LONGITUDE: 121 36 W

  TEMPERATURE IN F:       :PCPN:    SNOW:  WIND      :SUNSHINE: SKY     :PK WND
================================================================================
1   2   3   4   5  6A  6B    7    8   9   10  11  12  13   14  15   16   17  18
                                     12Z  AVG MX 2MIN
DY MAX MIN AVG DEP HDD CDD  WTR  SNW DPTH SPD SPD DIR MIN PSBL S-S WX    SPD DR
================================================================================

 1  86  50  68   5   0   3 0.00  0.0    0  3.5 17 260   M    M   0        20 280
 2  96  53  75  12   0  10 0.00  0.0    0  9.0 23 110   M    M   0        26 100
 3  97  57  77  14   0  12 0.00  0.0    0  6.9 18 100   M    M   0        21 260
 4  95  58  77  14   0  12 0.00  0.0    0  6.3 15 260   M    M   0        18 270
 5  89  55  72   9   0   7 0.00  0.0    0  6.5 16 110   M    M   0 128    18 110
 6  88  49  69   7   0   4 0.00  0.0    0  5.1 13 290   M    M   3 12     15 300
 7  79  54  67   5   0   2 0.00  0.0    0  5.8 17 290   M    M   5 128    21 280
 8  75  56  66   4   0   1 0.00  0.0    0  7.0 16 280   M    M   5 128    20 280
 9  74  57  66   4   0   1 0.00  0.0    0  7.2 17 290   M    M   6 18     21 280
10  69  58  64   2   1   0 0.00  0.0    0  5.8 16 270   M    M   7        20 270
11  72  54  63   1   2   0 0.00  0.0    0  5.5 14 320   M    M   4 18     18 280
12  94  53  74  12   0   9 0.00  0.0    0  4.6 17 270   M    M   3 12     21 280
13  82  56  69   7   0   4 0.00  0.0    0  7.6 20 330   M    M   4        24 290
14  78  59  69   7   0   4 0.00  0.0    0  5.5 21 290   M    M   4        30 100
15  75  56  66   5   0   1    T  0.0    0  4.2 16 280   M    M   3        20 260
16  73  53  63   2   2   0 0.00  0.0    0  3.8 15 260   M    M   0 1      18 270
17  75  49  62   1   3   0 0.00  0.0    0  4.5 18 270   M    M   0        22 260
18  82  51  67   6   0   2 0.00  0.0    0  4.0 17 260   M    M   0        21 260
19  79  53  66   5   0   1 0.00  0.0    0  6.1 17 290   M    M   0        22 290
20  74  57  66   5   0   1    T  0.0    0  5.0 18 280   M    M   6 1      24 290
21  72  50  61   0   4   0 0.00  0.0    0  6.4 18 250   M    M   0        23 250
22  75  48  62   2   3   0 0.00  0.0    0  4.6 16 260   M    M   0        21 250
23  78  51  65   5   0   0 0.00  0.0    0  3.8 15 260   M    M   0        18 280
24  70  49  60   0   5   0 0.00  0.0    0  5.0 17 280   M    M   1 1      23 290
================================================================================
SM 1927 1286        20  74    T      0.0 133.7          M       51
================================================================================
AV 80.3 53.6                               5.6 FASTST   M    M   2    MAX(MPH)
                                 MISC ---->  # 23 110               # 30  100
================================================================================
NOTES:
# LAST OF SEVERAL OCCURRENCES

COLUMN 17 PEAK WIND IN M.P.H.

PRELIMINARY LOCAL CLIMATOLOGICAL DATA (WS FORM: F-6) , PAGE 2

                                          STATION:  SALINAS AIRPORT
                                          MONTH:    OCTOBER
                                          YEAR:     2014
                                          LATITUDE:   36 40 N
                                          LONGITUDE: 121 36 W

[TEMPERATURE DATA]      [PRECIPITATION DATA]       SYMBOLS USED IN COLUMN 16

AVERAGE MONTHLY: 66.9   TOTAL FOR MONTH:      T    1 = FOG OR MIST
DPTR FM NORMAL:   5.3   DPTR FM NORMAL:   -0.39    2 = FOG REDUCING VISIBILITY
HIGHEST:    97 ON  3    GRTST 24HR    T  ON 20-20      TO 1/4 MILE OR LESS
LOWEST:     48 ON 22                               3 = THUNDER
                        SNOW, ICE PELLETS, HAIL    4 = ICE PELLETS
                        TOTAL MONTH:   0.0 INCH    5 = HAIL
                        GRTST 24HR     0.0         6 = FREEZING RAIN OR DRIZZLE
                        GRTST DEPTH:   0           7 = DUSTSTORM OR SANDSTORM:
                                                       VSBY 1/2 MILE OR LESS
                                                   8 = SMOKE OR HAZE
[NO. OF DAYS WITH]      [WEATHER - DAYS WITH]      9 = BLOWING SNOW
                                                   X = TORNADO
MAX 32 OR BELOW:   0    0.01 INCH OR MORE:   0
MAX 90 OR ABOVE:   4    0.10 INCH OR MORE:   0
MIN 32 OR BELOW:   0    0.50 INCH OR MORE:   0
MIN  0 OR BELOW:   0    1.00 INCH OR MORE:   0

[HDD (BASE 65) ]
TOTAL THIS MO.    20    CLEAR  (SCALE 0-3)  15
DPTR FM NORMAL   -76    PTCLDY (SCALE 4-7)   9
TOTAL FM JUL 1    72    CLOUDY (SCALE 8-10)  0
DPTR FM NORMAL  -219

[CDD (BASE 65) ]
TOTAL THIS MO.    74
DPTR FM NORMAL    51    [PRESSURE DATA]
TOTAL FM JAN 1   254    HIGHEST SLP M ON M
DPTR FM NORMAL   126    LOWEST  SLP 29.81 ON 14

[REMARKS]
