000
CXUS52 KGSP 011306
CF6AND
PRELIMINARY LOCAL CLIMATOLOGICAL DATA (WS FORM: F-6)
STATION: ANDERSON SC
MONTH: MAY
YEAR: 2022
LATITUDE: 34 30 N
LONGITUDE: 82 43 W
TEMPERATURE IN F: :PCPN: SNOW: WIND :SUNSHINE: SKY :PK WND
================================================================================
1 2 3 4 5 6A 6B 7 8 9 10 11 12 13 14 15 16 17 18
12Z AVG MX 2MIN
DY MAX MIN AVG DEP HDD CDD WTR SNW DPTH SPD SPD DIR MIN PSBL S-S WX SPD DR
================================================================================
1 81 60 71 6 0 6 0.01 M M 8.1 17 220 M M 4 22 210
2 86 63 75 9 0 10 0.00 M M 6.2 17 230 M M 1 25 210
3 88 62 75 9 0 10 0.00 M M 7.5 20 210 M M 1 24 210
4 86 64 75 9 0 10 0.10 M M 8.3 17 260 M M 1 13 23 240
5 85 58 72 6 0 7 0.00 M M 4.8 13 260 M M 1 1 16 220
6 84 66 75 8 0 10 0.06 M M 12.2 30 220 M M 5 1 40 220
7 76 58 67 0 0 2 T M M 12.3 24 260 M M 4 32 250
8 70 55 63 -4 2 0 0.00 M M 9.3 18 60 M M 10 25 90
9 74 52 63 -5 2 0 0.00 M M 6.4 15 70 M M 4 19 120
10 84 50 67 -1 0 2 0.00 M M 3.7 13 30 M M 0 16 40
11 83 54 69 1 0 4 0.00 M M 3.7 12 290 M M 0 19 290
12 83 60 72 4 0 7 0.00 M M 11.2 23 70 M M 2 29 80
13 81 62 72 3 0 7 0.01 M M 6.9 16 60 M M 7 13 22 50
14 83 58 71 2 0 6 0.00 M M 2.5 12 290 M M 4 15 280
15 86 63 75 6 0 10 0.06 M M 4.2 15 260 M M 4 20 220
16 90 61 76 6 0 11 0.00 M M 6.2 18 250 M M 1 1 25 240
17 84 57 71 1 0 6 0.00 M M 3.6 13 300 M M 0 17 320
18 89 55 72 2 0 7 0.00 M M 4.8 16 200 M M 0 22 210
19 94 64 79 9 0 14 0.00 M M 7.9 20 240 M M 0 24 280
20 93 68 81 11 0 16 0.00 M M 8.2 22 200 M M 0 32 230
21 90 67 79 8 0 14 0.00 M M 7.2 20 170 M M 1 24 170
22 89 68 79 8 0 14 0.09 M M 8.0 18 230 M M 4 1 27 240
23 78 68 73 2 0 8 0.52 M M 9.2 23 230 M M 7 13 33 230
24 86 64 75 3 0 10 0.63 M M 6.0 23 190 M M 3 13 28 170
25 72 62 67 -5 0 2 0.13 M M 12.8 18 70 M M 9 13 22 70
26 78 68 73 1 0 8 0.99 M M 9.1 29 180 M M 9 13 42 170
27 82 68 75 3 0 10 0.06 M M 9.7 20 210 M M 6 1 27 230
28 83 57 70 -3 0 5 0.00 M M 2.5 10 290 M M 1 13 300
29 87 61 74 1 0 9 0.00 M M 2.8 12 210 M M 1 15 210
30 89 69 79 6 0 14 0.01 M M 4.5 18 180 M M 6 22 190
31 89 65 77 4 0 12 0.00 M M 2.4 9 210 M M 1 13 170
================================================================================
SM 2603 1907 4 251 2.67 M 212.2 M 97
================================================================================
AV 84.0 61.5 6.8 FASTST M M 3 MAX(MPH)
MISC ----> 30 220 42 170
================================================================================
NOTES:
# LAST OF SEVERAL OCCURRENCES
COLUMN 17 PEAK WIND IN M.P.H.
PRELIMINARY LOCAL CLIMATOLOGICAL DATA (WS FORM: F-6) , PAGE 2
STATION: ANDERSON SC
MONTH: MAY
YEAR: 2022
LATITUDE: 34 30 N
LONGITUDE: 82 43 W
[TEMPERATURE DATA] [PRECIPITATION DATA] SYMBOLS USED IN COLUMN 16
AVERAGE MONTHLY: 72.7 TOTAL FOR MONTH: 2.67 1 = FOG OR MIST
DPTR FM NORMAL: 3.2 DPTR FM NORMAL: -1.07 2 = FOG REDUCING VISIBILITY
HIGHEST: 94 ON 19 GRTST 24HR 1.05 ON 26-27 TO 1/4 MILE OR LESS
LOWEST: 50 ON 10 3 = THUNDER
SNOW, ICE PELLETS, HAIL 4 = ICE PELLETS
TOTAL MONTH: M 5 = HAIL
GRTST 24HR M ON M 6 = FREEZING RAIN OR DRIZZLE
GRTST DEPTH: M ON M 7 = DUSTSTORM OR SANDSTORM:
VSBY 1/2 MILE OR LESS
8 = SMOKE OR HAZE
[NO. OF DAYS WITH] [WEATHER - DAYS WITH] 9 = BLOWING SNOW
X = TORNADO
MAX 32 OR BELOW: 0 0.01 INCH OR MORE: 12
MAX 90 OR ABOVE: 4 0.10 INCH OR MORE: 5
MIN 32 OR BELOW: 0 0.50 INCH OR MORE: 3
MIN 0 OR BELOW: 0 1.00 INCH OR MORE: 0
[HDD (BASE 65) ]
TOTAL THIS MO. 4 CLEAR (SCALE 0-3) 17
DPTR FM NORMAL -28 PTCLDY (SCALE 4-7) 11
TOTAL FM JUL 1 2422 CLOUDY (SCALE 8-10) 3
DPTR FM NORMAL -486
[CDD (BASE 65) ]
TOTAL THIS MO. 251
DPTR FM NORMAL 81 [PRESSURE DATA]
TOTAL FM JAN 1 289 HIGHEST SLP 30.29 ON 10
DPTR FM NORMAL 69 LOWEST SLP 29.54 ON 6
[REMARKS]
#FINAL-05-22#