000
CXUS55 KCYS 111702 RRA
CF6CYS
PRELIMINARY LOCAL CLIMATOLOGICAL DATA (WS FORM: F-6) ...CORRECTED...
STATION: CHEYENNE WYOMING AIRPORT
MONTH: AUGUST
YEAR: 2020
LATITUDE: 41 9 N
LONGITUDE: 104 49 W
TEMPERATURE IN F: :PCPN: SNOW: WIND :SUNSHINE: SKY :PK WND
================================================================================
1 2 3 4 5 6A 6B 7 8 9 10 11 12 13 14 15 16 17 18
12Z AVG MX 2MIN
DY MAX MIN AVG DEP HDD CDD WTR SNW DPTH SPD SPD DIR MIN PSBL S-S WX SPD DR
================================================================================
1 83 53 68 -2 0 3 0.00 0.0 0 8.0 16 80 M M 1 25 10
2 82 54 68 -2 0 3 T 0.0 0 8.2 18 210 M M 0 3 25 140
3 86 53 70 0 0 5 T 0.0 0 10.6 26 50 M M 3 123 38 60
4 85 57 71 1 0 6 T 0.0 0 8.6 26 340 M M 1 3 46 350
5 84 59 72 3 0 7 T 0.0 0 7.6 24 210 M M 1 3 32 220
6 91 54 73 4 0 8 T 0.0 0 10.0 25 290 0 0 0 37 300
7 95 54 75 6 0 10 0.00 0.0 0 10.8 23 30 M M 0 36 240
8 88 60 74 5 0 9 T 0.0 0 8.8 17 40 M M 0 26 30
9 93 59 76 7 0 11 0.00 0.0 0 9.1 23 280 M M 0 32 280
10 84 54 69 0 0 4 T 0.0 0 10.2 24 190 M M 0 33 190
11 90 57 74 5 0 9 T 0.0 0 8.6 26 210 M M 0 3 33 200
12 88 54 71 3 0 6 T 0.0 0 9.5 32 190 M M 2 57 160
13 92 55 74 6 0 9 0.00 0.0 0 8.1 16 250 M M 0 24 300
14 84 58 71 3 0 6 0.00 0.0 0 10.7 21 360 M M 0 31 360
15 91 58 75 7 0 10 0.00 0.0 0 9.6 20 330 M M 0 27 350
16 91 58 75 7 0 10 0.00 0.0 0 8.2 17 80 M M 1 24 50
17 93 56 75 7 0 10 0.00 0.0 0 7.8 20 110 M M 1 26 40
18 95 61 78 10 0 13 0.00 0.0 0 9.3 20 20 M M 0 28 80
19 89 57 73 6 0 8 0.04 0.0 0 8.6 20 260 M M 1 3 32 260
20 87 60 74 7 0 9 0.04 0.0 0 9.4 26 310 M M 2 3 42 300
21 91 60 76 9 0 11 0.00 0.0 0 9.2 18 280 M M 0 8 29 310
22 93 58 76 9 0 11 0.00 0.0 0 9.2 21 340 M M 0 8 30 280
23 92 58 75 8 0 10 0.00 0.0 0 9.0 32 170 M M 0 52 160
24 94 67 81 15 0 16 T 0.0 0 7.2 23 20 M M 1 3 36 30
25 94 64 79 13 0 14 T 0.0 0 11.2 25 260 M M 1 3 36 330
26 91 61 76 10 0 11 0.01 0.0 0 8.7 25 240 M M 1 37 10
27 91 56 74 8 0 9 0.10 0.0 0 9.2 31 300 M M 0 3 49 290
28 76 57 67 2 0 2 0.00 0.0 0 11.0 24 340 M M 0 38 330
29 78 52 65 0 0 0 0.01 0.0 0 11.6 30 310 M M 3 13 44 310
30 87 45 66 1 0 1 0.00 0.0 0 18.9 32 20 M M 1 46 360
31 71 43 57 -7 8 0 0.00 0.0 0 11.0 25 180 M M 3 33 180
================================================================================
SM 2729 1752 8 241 0.20 0.0 297.9 0 23
================================================================================
AV 88.0 56.5 9.6 FASTST 0 0 1 MAX(MPH)
MISC ----> # 32 190 # 57 160
================================================================================
NOTES:
# LAST OF SEVERAL OCCURRENCES
COLUMN 17 PEAK WIND IN M.P.H.
PRELIMINARY LOCAL CLIMATOLOGICAL DATA (WS FORM: F-6) , PAGE 2
STATION: CHEYENNE WYOMING AIRPORT
MONTH: AUGUST
YEAR: 2020
LATITUDE: 41 9 N
LONGITUDE: 104 49 W
[TEMPERATURE DATA] [PRECIPITATION DATA] SYMBOLS USED IN COLUMN 16
AVERAGE MONTHLY: 72.3 TOTAL FOR MONTH: 0.20 1 = FOG OR MIST
DPTR FM NORMAL: 4.7 DPTR FM NORMAL: -1.75 2 = FOG REDUCING VISIBILITY
HIGHEST: 95 ON 18, 7 GRTST 24HR 0.10 ON 27-27 TO 1/4 MILE OR LESS
LOWEST: 43 ON 31 3 = THUNDER
SNOW, ICE PELLETS, HAIL 4 = ICE PELLETS
TOTAL MONTH: 0.0 INCH 5 = HAIL
GRTST 24HR 0.0 6 = FREEZING RAIN OR DRIZZLE
GRTST DEPTH: 0 7 = DUSTSTORM OR SANDSTORM:
VSBY 1/2 MILE OR LESS
8 = SMOKE OR HAZE
[NO. OF DAYS WITH] [WEATHER - DAYS WITH] 9 = BLOWING SNOW
X = TORNADO
MAX 32 OR BELOW: 0 0.01 INCH OR MORE: 5
MAX 90 OR ABOVE: 16 0.10 INCH OR MORE: 1
MIN 32 OR BELOW: 0 0.50 INCH OR MORE: 0
MIN 0 OR BELOW: 0 1.00 INCH OR MORE: 0
[HDD (BASE 65) ]
TOTAL THIS MO. 8 CLEAR (SCALE 0-3) 31
DPTR FM NORMAL -26 PTCLDY (SCALE 4-7) 0
TOTAL FM JUL 1 13 CLOUDY (SCALE 8-10) 0
DPTR FM NORMAL -43
[CDD (BASE 65) ]
TOTAL THIS MO. 241
DPTR FM NORMAL 125 [PRESSURE DATA]
TOTAL FM JAN 1 561 HIGHEST SLP 30.17 ON 17
DPTR FM NORMAL 235 LOWEST SLP 29.54 ON 30
[REMARKS]
AVERAGE MONTHLY TEMPERATURE 72.3 DEGREES IS WARMEST FOR AUGUST.
MONTHLY PRECIPITATION 0.20 INCH IS 3RD DRIEST FOR AUGUST.
#FINAL-08-20#