000
CXUS55 KVEF 010910
CF6IGM
PRELIMINARY LOCAL CLIMATOLOGICAL DATA (WS FORM: F-6)
STATION: KINGMAN AZ
MONTH: OCTOBER
YEAR: 2021
LATITUDE: 35 16 N
LONGITUDE: 113 57 W
TEMPERATURE IN F: :PCPN: SNOW: WIND :SUNSHINE: SKY :PK WND
================================================================================
1 2 3 4 5 6A 6B 7 8 9 10 11 12 13 14 15 16 17 18
12Z AVG MX 2MIN
DY MAX MIN AVG DEP HDD CDD WTR SNW DPTH SPD SPD DIR MIN PSBL S-S WX SPD DR
================================================================================
1 81 51 66 -4 0 1 0.00 M M 6.3 15 220 M M 0 21 220
2 87 48 68 -1 0 3 0.00 M M 2.9 17 250 M M 0 23 250
3 89 52 71 2 0 6 0.00 M M 5.4 17 270 M M 2 22 270
4 88 60 74 6 0 9 0.00 M M 7.2 16 130 M M 0 20 130
5 75 55 65 -3 0 0 0.54 M M 11.7 52 190 M M 4 13 67 200
6 78 50 64 -4 1 0 0.00 M M 5.0 14 230 M M 0 17 240
7 79 56 68 1 0 3 0.00 M M 6.9 21 240 M M 0 27 260
8 73 60 67 0 0 2 0.03 M M 9.4 29 220 M M 6 34 220
9 73 45 59 -7 6 0 0.00 M M 7.5 24 360 M M 0 30 350
10 73 47 60 -6 5 0 0.00 M M 7.4 13 10 M M 0 16 20
11 74 43 59 -7 6 0 0.02 M M 18.3 39 190 M M 2 8 53 220
12 57 40 49 -16 16 0 0.03 M M 9.0 26 250 M M 6 1 37 250
13 65 34 50 -15 15 0 0.00 M M 3.6 10 360 M M 0 15 350
14 70 35 53 -11 12 0 0.00 M M 7.8 23 360 M M 0 8 28 350
15 70 42 56 -8 9 0 0.00 M M 12.7 24 360 M M 0 30 360
16 79 39 59 -5 6 0 0.00 M M 5.6 13 30 M M 0 19 20
17 79 45 62 -1 3 0 0.00 M M 11.6 29 220 M M 0 37 210
18 68 48 58 -5 7 0 0.00 M M 17.1 37 210 M M 3 48 200
19 70 37 54 -8 11 0 0.00 M M 4.5 12 260 M M 0 14 250
20 74 40 57 -5 8 0 0.00 M M 3.2 12 200 M M 0 13 70
21 80 41 61 -1 4 0 0.00 M M 2.9 9 230 M M 0 12 20
22 79 43 61 0 4 0 0.00 M M 8.5 25 240 M M 0 32 230
23 75 53 64 3 1 0 0.00 M M 11.6 26 230 M M 0 34 230
24 75 49 62 2 3 0 0.00 M M 11.0 22 230 M M 0 28 220
25 78 49 64 4 1 0 0.17 M M 17.3 38 230 M M 2 18 53 210
26 62 41 52 -8 13 0 0.00 M M 10.0 26 230 M M 1 34 240
27 71 37 54 -5 11 0 0.00 M M 6.5 22 360 M M 0 25 10
28 76 48 62 3 3 0 0.00 M M 11.5 21 10 M M 0 27 10
29 81 48 65 7 0 0 0.00 M M 3.5 12 150 M M 0 13 250
30 80 46 63 5 2 0 0.00 M M 8.1 20 240 M M 0 25 240
31 78 55 67 9 0 2 0.00 M M 11.1 25 230 M M 0 32 220
================================================================================
SM 2337 1437 147 26 0.79 M 265.1 M 26
================================================================================
AV 75.4 46.4 8.6 FASTST M M 1 MAX(MPH)
MISC ----> 52 190 67 200
================================================================================
NOTES:
# LAST OF SEVERAL OCCURRENCES
COLUMN 17 PEAK WIND IN M.P.H.
PRELIMINARY LOCAL CLIMATOLOGICAL DATA (WS FORM: F-6) , PAGE 2
STATION: KINGMAN AZ
MONTH: OCTOBER
YEAR: 2021
LATITUDE: 35 16 N
LONGITUDE: 113 57 W
[TEMPERATURE DATA] [PRECIPITATION DATA] SYMBOLS USED IN COLUMN 16
AVERAGE MONTHLY: 60.9 TOTAL FOR MONTH: 0.79 1 = FOG OR MIST
DPTR FM NORMAL: -2.7 DPTR FM NORMAL: 0.05 2 = FOG REDUCING VISIBILITY
HIGHEST: 89 ON 3 GRTST 24HR 0.54 ON 5- 5 TO 1/4 MILE OR LESS
LOWEST: 34 ON 13 3 = THUNDER
SNOW, ICE PELLETS, HAIL 4 = ICE PELLETS
TOTAL MONTH: M 5 = HAIL
GRTST 24HR M ON M 6 = FREEZING RAIN OR DRIZZLE
GRTST DEPTH: M ON M 7 = DUSTSTORM OR SANDSTORM:
VSBY 1/2 MILE OR LESS
8 = SMOKE OR HAZE
[NO. OF DAYS WITH] [WEATHER - DAYS WITH] 9 = BLOWING SNOW
X = TORNADO
MAX 32 OR BELOW: 0 0.01 INCH OR MORE: 5
MAX 90 OR ABOVE: 0 0.10 INCH OR MORE: 2
MIN 32 OR BELOW: 0 0.50 INCH OR MORE: 1
MIN 0 OR BELOW: 0 1.00 INCH OR MORE: 0
[HDD (BASE 65) ]
TOTAL THIS MO. 147 CLEAR (SCALE 0-3) 28
DPTR FM NORMAL 31 PTCLDY (SCALE 4-7) 3
TOTAL FM JUL 1 147 CLOUDY (SCALE 8-10) 0
DPTR FM NORMAL 25
[CDD (BASE 65) ]
TOTAL THIS MO. 26
DPTR FM NORMAL -46 [PRESSURE DATA]
TOTAL FM JAN 1 2489 HIGHEST SLP 30.21 ON 27
DPTR FM NORMAL 318 LOWEST SLP 29.27 ON 11
[REMARKS]
#FINAL-10-21#