000
CXUS56 KMFR 010930
CF6MHS
PRELIMINARY LOCAL CLIMATOLOGICAL DATA (WS FORM: F-6)
STATION: MT SHASTA CITY CA
MONTH: JULY
YEAR: 2022
LATITUDE: 41 19 N
LONGITUDE: 122 19 W
TEMPERATURE IN F: :PCPN: SNOW: WIND :SUNSHINE: SKY :PK WND
================================================================================
1 2 3 4 5 6A 6B 7 8 9 10 11 12 13 14 15 16 17 18
12Z AVG MX 2MIN
DY MAX MIN AVG DEP HDD CDD WTR SNW DPTH SPD SPD DIR MIN PSBL S-S WX SPD DR
================================================================================
1 86 47 67 1 0 2 0.00 M M 0.4 6 130 M M 0 8 21 120
2 82 49 66 0 0 1 0.01 M M 0.8 7 80 M M 2 15 290
3 75 47 61 -5 4 0 0.07 M M 1.2 7 70 M M 5 17 130
4 70 51 61 -6 4 0 0.09 M M 0.3 8 80 M M 9 18 17 70
5 70 55 63 -4 2 0 0.15 M M 0.2 8 80 M M 8 1 15 90
6 79 51 65 -2 0 0 0.00 M M 0.8 7 90 M M 3 17 80
7 82 48 65 -2 0 0 0.00 M M 1.1 6 60 M M 1 15 140
8 85 48 67 -1 0 2 0.00 M M 0.5 6 110 M M 0 13 90
9 87 49 68 0 0 3 0.00 M M 0.9 6 340 M M 2 14 140
10 89 56 73 5 0 8 0.00 M M 2.2 9 290 M M 0 19 310
11 99 55 77 9 0 12 0.00 M M 1.2 7 300 M M 0 11 300
12 94 56 75 7 0 10 0.00 M M 0.6 7 90 M M 0 8 14 130
13 90 54 72 3 0 7 0.00 M M 0.7 6 120 M M 0 17 140
14 92 52 72 3 0 7 0.00 M M 0.7 6 100 M M 0 13 70
15 93 54 74 5 0 9 0.00 M M 0.6 6 80 M M 0 14 90
16 96 52 74 5 0 9 0.00 M M 1.2 6 120 M M 0 17 140
17 95 54 75 6 0 10 0.00 M M 0.6 6 120 M M 0 18 130
18 95 52 74 5 0 9 0.00 M M 0.9 6 80 M M 0 14 160
19 94 51 73 4 0 8 0.00 M M 0.9 6 90 M M 0 17 140
20 96 50 73 4 0 8 0.00 M M 0.2 6 130 M M 0 16 140
21 97 49 73 4 0 8 0.00 M M 0.3 6 90 M M 0 14 140
22 92 51 72 2 0 7 0.00 M M 1.2 6 330 M M 0 17 340
23 93 51 72 2 0 7 0.00 M M 2.2 8 280 M M 0 17 300
24 98 53 76 6 0 11 0.00 M M 1.5 7 280 M M 0 14 320
25 100 54 77 7 0 12 0.00 M M 0.2 6 80 M M 0 12 130
26 97 55 76 6 0 11 0.00 M M 0.2 6 80 M M 0 8 17 120
27 100 58 79 10 0 14 0.00 M M 0.4 5 70 M M 0 9 150
28 105 61 83 14 0 18 0.00 M M 0.3 6 80 M M 0 9 190
29 106 60 83 14 0 18 0.00 M M 0.7 8 340 M M 0 17 360
30 100 61 81 12 0 16 0.00 M M 0.2 6 120 M M 0 16 150
31 97 62 80 11 0 15 0.00 M M 0.7 6 70 M M 0 16 150
================================================================================
SM 2834 1646 10 242 0.32 M 23.9 M 30
================================================================================
AV 91.4 53.1 0.8 FASTST M M 1 MAX(MPH)
MISC ----> 9 290 21 120
================================================================================
NOTES:
# LAST OF SEVERAL OCCURRENCES
COLUMN 17 PEAK WIND IN M.P.H.
PRELIMINARY LOCAL CLIMATOLOGICAL DATA (WS FORM: F-6) , PAGE 2
STATION: MT SHASTA CITY CA
MONTH: JULY
YEAR: 2022
LATITUDE: 41 19 N
LONGITUDE: 122 19 W
[TEMPERATURE DATA] [PRECIPITATION DATA] SYMBOLS USED IN COLUMN 16
AVERAGE MONTHLY: 72.3 TOTAL FOR MONTH: 0.32 1 = FOG OR MIST
DPTR FM NORMAL: 3.9 DPTR FM NORMAL: 0.04 2 = FOG REDUCING VISIBILITY
HIGHEST: 106 ON 29 GRTST 24HR 0.22 ON 4- 5 TO 1/4 MILE OR LESS
LOWEST: 47 ON 3, 1 3 = THUNDER
SNOW, ICE PELLETS, HAIL 4 = ICE PELLETS
TOTAL MONTH: M 5 = HAIL
GRTST 24HR M ON M 6 = FREEZING RAIN OR DRIZZLE
GRTST DEPTH: M ON M 7 = DUSTSTORM OR SANDSTORM:
VSBY 1/2 MILE OR LESS
8 = SMOKE OR HAZE
[NO. OF DAYS WITH] [WEATHER - DAYS WITH] 9 = BLOWING SNOW
X = TORNADO
MAX 32 OR BELOW: 0 0.01 INCH OR MORE: 4
MAX 90 OR ABOVE: 21 0.10 INCH OR MORE: 1
MIN 32 OR BELOW: 0 0.50 INCH OR MORE: 0
MIN 0 OR BELOW: 0 1.00 INCH OR MORE: 0
[HDD (BASE 65) ]
TOTAL THIS MO. 10 CLEAR (SCALE 0-3) 28
DPTR FM NORMAL -13 PTCLDY (SCALE 4-7) 1
TOTAL FM JUL 1 10 CLOUDY (SCALE 8-10) 2
DPTR FM NORMAL -9
[CDD (BASE 65) ]
TOTAL THIS MO. 242
DPTR FM NORMAL 112 [PRESSURE DATA]
TOTAL FM JAN 1 320 HIGHEST SLP M ON M
DPTR FM NORMAL 144 LOWEST SLP 29.84 ON 17
[REMARKS]
#FINAL-07-22#