000
CXUS53 KGRB 250748
CF6OSH
PRELIMINARY LOCAL CLIMATOLOGICAL DATA (WS FORM: F-6)

                                          STATION:   OSHKOSH WI
                                          MONTH:     APRIL
                                          YEAR:      2014
                                          LATITUDE:   44  0 N
                                          LONGITUDE:  88 34 W

  TEMPERATURE IN F:       :PCPN:    SNOW:  WIND      :SUNSHINE: SKY     :PK WND
================================================================================
1   2   3   4   5  6A  6B    7    8   9   10  11  12  13   14  15   16   17  18
                                     12Z  AVG MX 2MIN
DY MAX MIN AVG DEP HDD CDD  WTR  SNW DPTH SPD SPD DIR MIN PSBL S-S WX    SPD DR
================================================================================

 1  51  28  40   0  25   0    T    T    0 12.5 26 200   M    M   5        36 200
 2  44  24  34  -6  31   0 0.00  0.0    0  7.7 14 100   M    M   1        19 100
 3  37  31  34  -6  31   0 0.02    T    0 12.8 20  50   M    M  10        27  50
 4  36  30  33  -8  32   0 0.22    T    0 12.8 29 310   M    M  10 18     38 320
 5  51  27  39  -2  26   0 0.00  0.0    0  7.0 14 220   M    M   1        22 220
 6  59  29  44   2  21   0 0.00  0.0    0 12.2 23 180   M    M   2        29 200
 7  60  34  47   5  18   0 0.07  0.0    0  6.8 15 350   M    M   7 1      18 350
 8  58  34  46   3  19   0 0.02  0.0    0  6.6 22 340   M    M   7 1      27 350
 9  62  30  46   3  19   0 0.00  0.0    0 11.6 24 200   M    M   2        33 200
10  63  41  52   8  13   0 0.00  0.0    0 12.4 24 290   M    M   1        34 200
11  63  37  50   6  15   0    T  0.0    0  6.4 17 320   M    M   3        29 260
12  47  37  42  -2  23   0 1.72  0.0    0  9.8 28 100   M    M   8 123    34 110
13  45  38  42  -3  23   0 2.16  0.0    0  9.6 30  20   M    M  10 13     38  20
14  40  23  32 -13  33   0 0.46  0.8    1 15.1 25 340   M    M   9 18     32 340
15  33  19  26 -20  39   0 0.08  0.3    1  5.7 14 270   M    M   3 8      20 260
16  45  23  34 -12  31   0 0.00  0.0    0 13.1 25 120   M    M   6        32 120
17  55  34  45  -2  20   0 0.00  0.0    0 10.5 20 140   M    M   7        26 140
18  49  31  40  -7  25   0 0.00  0.0    0  6.7 13 100   M    M   3        16 100
19  60  33  47   0  18   0 0.00  0.0    0 11.0 20 150   M    M   0        25 150
20  65  48  57   9   8   0 0.06  0.0    0  5.9 23 190   M    M   9 18     29 190
21  69  45  57   9   8   0 0.13  0.0    0  6.9 24 350   M    M   4 138    32 350
22  54  34  44  -4  21   0 0.00  0.0    0 12.9 22 320   M    M   0        30 340
23  51  30  41  -8  24   0    T  0.0    0  6.6 15 100   M    M   2        18 100
24  47  39  43  -6  22   0 0.26  0.0    0  9.2 20 120   M    M  10        26 110
================================================================================
SM 1244  779       545   0  5.20     1.1 231.8          M      120
================================================================================
AV 51.8 32.5                               9.7 FASTST   M    M   5    MAX(MPH)
                                 MISC ---->  # 30  20               # 38  320
================================================================================
NOTES:
# LAST OF SEVERAL OCCURRENCES

COLUMN 17 PEAK WIND IN M.P.H.

PRELIMINARY LOCAL CLIMATOLOGICAL DATA (WS FORM: F-6) , PAGE 2

                                          STATION:  OSHKOSH WI
                                          MONTH:    APRIL
                                          YEAR:     2014
                                          LATITUDE:   44  0 N
                                          LONGITUDE:  88 34 W

[TEMPERATURE DATA]      [PRECIPITATION DATA]       SYMBOLS USED IN COLUMN 16

AVERAGE MONTHLY: 42.1   TOTAL FOR MONTH:   5.20    1 = FOG OR MIST
DPTR FM NORMAL:  -2.4   DPTR FM NORMAL:    3.18    2 = FOG REDUCING VISIBILITY
HIGHEST:    69 ON 21    GRTST 24HR  2.40 ON 12-13      TO 1/4 MILE OR LESS
LOWEST:     19 ON 15                               3 = THUNDER
                        SNOW, ICE PELLETS, HAIL    4 = ICE PELLETS
                        TOTAL MONTH:   1.1 INCHES  5 = HAIL
                        GRTST 24HR   0.8 ON   M    6 = FREEZING RAIN OR DRIZZLE
                        GRTST DEPTH:   1 ON 15,14  7 = DUSTSTORM OR SANDSTORM:
                                                       VSBY 1/2 MILE OR LESS
                                                   8 = SMOKE OR HAZE
[NO. OF DAYS WITH]      [WEATHER - DAYS WITH]      9 = BLOWING SNOW
                                                   X = TORNADO
MAX 32 OR BELOW:   0    0.01 INCH OR MORE:  11
MAX 90 OR ABOVE:   0    0.10 INCH OR MORE:   6
MIN 32 OR BELOW:  12    0.50 INCH OR MORE:   2
MIN  0 OR BELOW:   0    1.00 INCH OR MORE:   2

[HDD (BASE 65) ]
TOTAL THIS MO.   545    CLEAR  (SCALE 0-3)  10
DPTR FM NORMAL    55    PTCLDY (SCALE 4-7)   7
TOTAL FM JUL 1  8047    CLOUDY (SCALE 8-10)  7
DPTR FM NORMAL  1014

[CDD (BASE 65) ]
TOTAL THIS MO.     0
DPTR FM NORMAL     0    [PRESSURE DATA]
TOTAL FM JAN 1     0    HIGHEST SLP M ON M
DPTR FM NORMAL     0    LOWEST  SLP 29.47 ON  4

[REMARKS]
