000
CXUS55 KRIW 190800
CF6WRL
PRELIMINARY LOCAL CLIMATOLOGICAL DATA (WS FORM: F-6)

                                          STATION:   WORLAND WY
                                          MONTH:     DECEMBER
                                          YEAR:      2014
                                          LATITUDE:   43 58 N
                                          LONGITUDE: 107 57 W

  TEMPERATURE IN F:       :PCPN:    SNOW:  WIND      :SUNSHINE: SKY     :PK WND
================================================================================
1   2   3   4   5  6A  6B    7    8   9   10  11  12  13   14  15   16   17  18
                                     12Z  AVG MX 2MIN
DY MAX MIN AVG DEP HDD CDD  WTR  SNW DPTH SPD SPD DIR MIN PSBL S-S WX    SPD DR
================================================================================

 1  21  -7   7 -15  58   0 0.00  0.0    M  3.0 10 170   M    M   0 1      12 180
 2  34   8  21   0  44   0 0.00  0.0    M  4.6 13 160   M    M   1        15 160
 3  27   7  17  -4  48   0 0.00  0.0    M  1.8  9 170   M    M   3 1      10 170
 4  38  13  26   6  39   0 0.00  0.0    M  3.6 12 200   M    M   2 1      12 210
 5  43  20  32  12  33   0 0.00  0.0    M  4.0 10 170   M    M   4 1      11 170
 6  37  18  28   8  37   0 0.00  0.0    M  2.8 13 340   M    M   1 1      17 350
 7  45  14  30  11  35   0 0.00  0.0    M  4.8 12 180   M    M   0        14  80
 8  36  16  26   7  39   0 0.00  0.0    M  2.4  9 180   M    M   0        11 160
 9  41  14  28  10  37   0 0.00  0.0    M  3.5 13 170   M    M   0        13 160
10  40  18  29  11  36   0 0.00  0.0    M  3.5 15 160   M    M   0 1      17 160
11  47  17  32  14  33   0 0.00  0.0    M  6.3 17 150   M    M   0        20 150
12  53  32  43  25  22   0 0.00  0.0    M  9.2 18 180   M    M   0        22 160
13  56  37  47  30  18   0 0.00  0.0    M  6.9 17 180   M    M   2        19 340
14  38  28  33  16  32   0 0.17    M    M 12.7 21 340   M    M  10 1      27 320
15  33  11  22   5  43   0 0.15    M    M  6.1 17 330   M    M   9 128    23 330
16  20   4  12  -5  53   0 0.00  0.0    M  3.8  9 160   M    M   5 128    10 180
17  18  -2   8  -9  57   0 0.00  0.0    M  4.8 10 180   M    M   2 1      12 190
18  22  -5   9  -7  56   0 0.00  0.0    M  3.6 12 180   M    M   0 1      12 180
================================================================================
SM  649  243       720   0  0.32     0.0  87.4          M       39
================================================================================
AV 36.1 13.5                               4.9 FASTST   M    M   2    MAX(MPH)
                                 MISC ---->  # 21 340               # 27  320
================================================================================
NOTES:
# LAST OF SEVERAL OCCURRENCES

COLUMN 17 PEAK WIND IN M.P.H.

PRELIMINARY LOCAL CLIMATOLOGICAL DATA (WS FORM: F-6) , PAGE 2

                                          STATION:  WORLAND WY
                                          MONTH:    DECEMBER
                                          YEAR:     2014
                                          LATITUDE:   43 58 N
                                          LONGITUDE: 107 57 W

[TEMPERATURE DATA]      [PRECIPITATION DATA]       SYMBOLS USED IN COLUMN 16

AVERAGE MONTHLY: 24.8   TOTAL FOR MONTH:   0.32    1 = FOG OR MIST
DPTR FM NORMAL:   6.2   DPTR FM NORMAL:    0.18    2 = FOG REDUCING VISIBILITY
HIGHEST:    56 ON 13    GRTST 24HR  0.27 ON 14-15      TO 1/4 MILE OR LESS
LOWEST:     -7 ON  1                               3 = THUNDER
                        SNOW, ICE PELLETS, HAIL    4 = ICE PELLETS
                        TOTAL MONTH:   0.0 INCH    5 = HAIL
                        GRTST 24HR     0.0         6 = FREEZING RAIN OR DRIZZLE
                        GRTST DEPTH:  M  ON   M    7 = DUSTSTORM OR SANDSTORM:
                                                       VSBY 1/2 MILE OR LESS
                                                   8 = SMOKE OR HAZE
[NO. OF DAYS WITH]      [WEATHER - DAYS WITH]      9 = BLOWING SNOW
                                                   X = TORNADO
MAX 32 OR BELOW:   5    0.01 INCH OR MORE:   2
MAX 90 OR ABOVE:   0    0.10 INCH OR MORE:   2
MIN 32 OR BELOW:  17    0.50 INCH OR MORE:   0
MIN  0 OR BELOW:   3    1.00 INCH OR MORE:   0

[HDD (BASE 65) ]
TOTAL THIS MO.   720    CLEAR  (SCALE 0-3)  14
DPTR FM NORMAL  -113    PTCLDY (SCALE 4-7)   2
TOTAL FM JUL 1  2636    CLOUDY (SCALE 8-10)  2
DPTR FM NORMAL   -89

[CDD (BASE 65) ]
TOTAL THIS MO.     0
DPTR FM NORMAL     0    [PRESSURE DATA]
TOTAL FM JAN 1   543    HIGHEST SLP M ON M
DPTR FM NORMAL     8    LOWEST  SLP 29.83 ON 13

[REMARKS]
