000
CXUS55 KJKL 011410
CF6LOZ
PRELIMINARY LOCAL CLIMATOLOGICAL DATA (WS FORM: F-6)
STATION: LONDON KY
MONTH: FEBRUARY
YEAR: 2022
LATITUDE: 37 4 N
LONGITUDE: 84 5 W
TEMPERATURE IN F: :PCPN: SNOW: WIND :SUNSHINE: SKY :PK WND
================================================================================
1 2 3 4 5 6A 6B 7 8 9 10 11 12 13 14 15 16 17 18
12Z AVG MX 2MIN
DY MAX MIN AVG DEP HDD CDD WTR SNW DPTH SPD SPD DIR MIN PSBL S-S WX SPD DR
================================================================================
1 60 24 42 5 23 0 0.00 M M 3.8 15 190 M M 0 22 180
2 50 39 45 8 20 0 0.35 M M 5.4 13 130 M M 7 1 18 130
3 58 34 46 9 19 0 1.10 M M 5.9 18 330 M M 10 1 27 330
4 34 25 30 -7 35 0 0.06 M M 7.4 13 310 M M 10 16 18 300
5 32 19 26 -12 39 0 0.00 M M 4.2 15 280 M M 3 21 300
6 48 18 33 -5 32 0 0.00 M M 2.5 13 260 M M 0 16 180
7 49 22 36 -2 29 0 0.00 M M 4.0 14 270 M M 0 19 280
8 51 21 36 -2 29 0 0.00 M M 3.7 13 240 M M 0 8 16 210
9 57 27 42 4 23 0 0.00 M M 8.4 22 240 M M 3 31 250
10 55 30 43 4 22 0 0.00 M M 5.9 23 270 M M 1 33 270
11 67 27 47 8 18 0 0.00 M M 9.9 31 250 M M 3 47 250
12 59 28 44 5 21 0 T M M 7.1 17 320 M M 10 31 320
13 36 23 30 -9 35 0 0.00 M M 6.8 15 310 M M 7 24 300
14 41 20 31 -9 34 0 0.00 M M 4.2 14 280 M M 3 19 270
15 62 20 41 1 24 0 0.00 M M 4.0 16 230 M M 0 21 240
16 66 39 53 13 12 0 0.00 M M 12.0 30 200 M M 2 46 220
17 64 42 53 13 12 0 1.85 M M 14.1 35 290 M M 7 13 46 280
18 42 25 34 -6 31 0 T M M 8.1 22 270 M M 7 1 31 290
19 42 24 33 -8 32 0 0.00 M M 7.0 17 340 M M 0 26 350
20 58 20 39 -2 26 0 0.00 M M 4.0 16 190 M M 0 20 190
21 65 29 47 6 18 0 0.00 M M 6.4 20 190 M M 2 29 190
22 66 53 60 19 5 0 1.75 M M 9.8 39 240 M M 10 13 55 250
23 57 33 45 3 20 0 0.17 M M 7.8 17 10 M M 10 1 23 360
24 60 33 47 5 18 0 0.89 M M 4.7 13 10 M M 10 1 21 140
25 60 31 46 4 19 0 0.29 M M 9.8 24 280 M M 10 1 35 290
26 39 30 35 -7 30 0 0.00 M M 3.4 9 30 M M 6 12 30
27 54 31 43 0 22 0 0.00 M M 4.3 12 360 M M 5 18 350
28 56 25 41 -2 24 0 0.00 M M 1.7 8 280 M M 0 11 240
================================================================================
SM 1488 792 672 0 6.46 M 176.3 M 126
================================================================================
AV 53.1 28.3 6.3 FASTST M M 5 MAX(MPH)
MISC ----> 39 240 55 250
================================================================================
NOTES:
# LAST OF SEVERAL OCCURRENCES
COLUMN 17 PEAK WIND IN M.P.H.
PRELIMINARY LOCAL CLIMATOLOGICAL DATA (WS FORM: F-6) , PAGE 2
STATION: LONDON KY
MONTH: FEBRUARY
YEAR: 2022
LATITUDE: 37 4 N
LONGITUDE: 84 5 W
[TEMPERATURE DATA] [PRECIPITATION DATA] SYMBOLS USED IN COLUMN 16
AVERAGE MONTHLY: 40.7 TOTAL FOR MONTH: 6.46 1 = FOG OR MIST
DPTR FM NORMAL: 1.0 DPTR FM NORMAL: 2.44 2 = FOG REDUCING VISIBILITY
HIGHEST: 67 ON 11 GRTST 24HR 1.85 ON 17-17 TO 1/4 MILE OR LESS
LOWEST: 18 ON 6 3 = THUNDER
SNOW, ICE PELLETS, HAIL 4 = ICE PELLETS
TOTAL MONTH: M 5 = HAIL
GRTST 24HR M ON M 6 = FREEZING RAIN OR DRIZZLE
GRTST DEPTH: M ON M 7 = DUSTSTORM OR SANDSTORM:
VSBY 1/2 MILE OR LESS
8 = SMOKE OR HAZE
[NO. OF DAYS WITH] [WEATHER - DAYS WITH] 9 = BLOWING SNOW
X = TORNADO
MAX 32 OR BELOW: 1 0.01 INCH OR MORE: 8
MAX 90 OR ABOVE: 0 0.10 INCH OR MORE: 7
MIN 32 OR BELOW: 21 0.50 INCH OR MORE: 4
MIN 0 OR BELOW: 0 1.00 INCH OR MORE: 3
[HDD (BASE 65) ]
TOTAL THIS MO. 672 CLEAR (SCALE 0-3) 13
DPTR FM NORMAL -37 PTCLDY (SCALE 4-7) 8
TOTAL FM JUL 1 2965 CLOUDY (SCALE 8-10) 7
DPTR FM NORMAL -286
[CDD (BASE 65) ]
TOTAL THIS MO. 0
DPTR FM NORMAL 0 [PRESSURE DATA]
TOTAL FM JAN 1 0 HIGHEST SLP 30.52 ON 26
DPTR FM NORMAL 0 LOWEST SLP 29.56 ON 17
[REMARKS]
#FINAL-02-22#