000
CDUS44 KJAN 132124
CLIGLH


CLIMATE REPORT
NATIONAL WEATHER SERVICE JACKSON MS
421 PM CDT SAT SEP 13 2014


...................................

...THE GREENVILLE CLIMATE SUMMARY FOR SEPTEMBER 13 2014...
VALID TODAY AS OF 0400 PM LOCAL TIME.

CLIMATE NORMAL PERIOD 1981 TO 2010
CLIMATE RECORD PERIOD 1920 TO 2014


WEATHER ITEM   OBSERVED TIME   RECORD YEAR NORMAL DEPARTURE LAST
                VALUE   (LST)  VALUE       VALUE  FROM      YEAR
                                                  NORMAL
..................................................................
TEMPERATURE (F)
 TODAY
  MAXIMUM         73    117 PM 101    1939  88    -15       91
  MINIMUM         60    706 AM  51    1940  64     -4       67
  AVERAGE         67                        76     -9       79

PRECIPITATION (IN)
  TODAY            0.00          2.00 1945   0.12  -0.12     0.00
  MONTH TO DATE    0.77                      1.35  -0.58     2.56
  SINCE SEP 1      0.77                      1.35  -0.58     2.56
  SINCE JAN 1     40.49                     35.91   4.58    31.54

SNOWFALL (IN)
  TODAY            0.0

DEGREE DAYS
 HEATING
  TODAY            0                         0      0        0
  MONTH TO DATE    0                         0      0        0
  SINCE SEP 1      0                         0      0        0
  SINCE JUL 1      0                         0      0        0

 COOLING
  TODAY            2                        11     -9       14
  MONTH TO DATE  193                       165     28      223
  SINCE SEP 1    193                       165     28      223
  SINCE JAN 1   1860                      1944    -84     1950
..................................................................


WIND (MPH)
  HIGHEST WIND SPEED    21   HIGHEST WIND DIRECTION     N (10)
  HIGHEST GUST SPEED    25   HIGHEST GUST DIRECTION    NE (30)
  AVERAGE WIND SPEED    14.0


SKY COVER
  POSSIBLE SUNSHINE  MM
  AVERAGE SKY COVER 1.0


WEATHER CONDITIONS
 THE FOLLOWING WEATHER WAS RECORDED TODAY.
  NO SIGNIFICANT WEATHER WAS OBSERVED.


RELATIVE HUMIDITY (PERCENT)
 HIGHEST    84          1200 AM
 LOWEST     61           200 PM
 AVERAGE    73

..........................................................


THE GREENVILLE CLIMATE NORMALS FOR TOMORROW
                         NORMAL    RECORD    YEAR
 MAXIMUM TEMPERATURE (F)   87       103      1980
 MINIMUM TEMPERATURE (F)   64        50      1975
                                             1964
                                             1940


SUNRISE AND SUNSET
SEPTEMBER 13 2014.....SUNRISE   646 AM CDT   SUNSET   713 PM CDT
SEPTEMBER 14 2014.....SUNRISE   647 AM CDT   SUNSET   712 PM CDT


-  INDICATES NEGATIVE NUMBERS.
R  INDICATES RECORD WAS SET OR TIED.
MM INDICATES DATA IS MISSING.
T  INDICATES TRACE AMOUNT.




$$
