000
CDUS44 KJAN 180754
CLIGLH


CLIMATE REPORT
NATIONAL WEATHER SERVICE JACKSON MS
250 AM CDT MON JUL 18 2016


...................................

...THE GREENVILLE CLIMATE SUMMARY FOR JULY 17 2016...

CLIMATE NORMAL PERIOD 1981 TO 2010
CLIMATE RECORD PERIOD 1920 TO 2016


WEATHER ITEM   OBSERVED TIME   RECORD YEAR NORMAL DEPARTURE LAST
                VALUE   (LST)  VALUE       VALUE  FROM      YEAR
                                                  NORMAL
..................................................................
TEMPERATURE (F)
 YESTERDAY
  MAXIMUM         95    318 PM 104    1954  92      3       96
  MINIMUM         72    425 AM  60    1926  72      0       76
  AVERAGE         84                        82      2       86

PRECIPITATION (IN)
  YESTERDAY        T             2.32 1963   0.12  -0.12     0.00
  MONTH TO DATE    1.92                      2.37  -0.45     2.62
  SINCE JUN 1      3.17                      6.41  -3.24     4.14
  SINCE JAN 1     31.70                     30.67   1.03    24.11

SNOWFALL (IN)
  YESTERDAY        0.0

DEGREE DAYS
 HEATING
  YESTERDAY        0                         0      0        0
  MONTH TO DATE    0                         0      0        0
  SINCE JUN 1      0                         0      0        0
  SINCE JUL 1      0                         0      0        0

 COOLING
  YESTERDAY       19                        17      2       21
  MONTH TO DATE  324                       287     37      297
  SINCE JUN 1    824                       707    117      773
  SINCE JAN 1   1166                      1029    137     1154
..................................................................


WIND (MPH)
  HIGHEST WIND SPEED    12   HIGHEST WIND DIRECTION    SE (140)
  HIGHEST GUST SPEED    16   HIGHEST GUST DIRECTION    SE (150)
  AVERAGE WIND SPEED     3.6


SKY COVER
  POSSIBLE SUNSHINE  MM
  AVERAGE SKY COVER 0.0


WEATHER CONDITIONS
 THE FOLLOWING WEATHER WAS RECORDED YESTERDAY.
  LIGHT RAIN
  FOG
  HAZE


RELATIVE HUMIDITY (PERCENT)
 HIGHEST    88          1100 PM
 LOWEST     49          1200 PM
 AVERAGE    69

..........................................................


THE GREENVILLE CLIMATE NORMALS FOR TODAY
                         NORMAL    RECORD    YEAR
 MAXIMUM TEMPERATURE (F)   92       105      1980
 MINIMUM TEMPERATURE (F)   72        60      1987


SUNRISE AND SUNSET
JULY 18 2016..........SUNRISE   607 AM CDT   SUNSET   813 PM CDT
JULY 19 2016..........SUNRISE   608 AM CDT   SUNSET   812 PM CDT


-  INDICATES NEGATIVE NUMBERS.
R  INDICATES RECORD WAS SET OR TIED.
MM INDICATES DATA IS MISSING.
T  INDICATES TRACE AMOUNT.




$$
