103
CDUS44 KJAN 282206
CLIGLH


CLIMATE REPORT
NATIONAL WEATHER SERVICE JACKSON MS
405 PM CST THU JAN 28 2016


...................................

...THE GREENVILLE CLIMATE SUMMARY FOR JANUARY 28 2016...
VALID TODAY AS OF 0400 PM LOCAL TIME.

CLIMATE NORMAL PERIOD 1981 TO 2010
CLIMATE RECORD PERIOD 1920 TO 2016


WEATHER ITEM   OBSERVED TIME   RECORD YEAR NORMAL DEPARTURE LAST
                VALUE   (LST)  VALUE       VALUE  FROM      YEAR
                                                  NORMAL
..................................................................
TEMPERATURE (F)
 TODAY
  MAXIMUM         59    359 PM  77    1975  53      6       64
  MINIMUM         26    619 AM  10    1963  33     -7       35
  AVERAGE         43                        43      0       50

PRECIPITATION (IN)
  TODAY            0.00          2.00 1994   0.18  -0.18     0.00
  MONTH TO DATE    3.07                      4.43  -1.36     3.37
  SINCE DEC 1      6.88                     10.05  -3.17     7.48
  SINCE JAN 1      3.07                      4.43  -1.36     3.37

SNOWFALL (IN)
  TODAY            0.0

DEGREE DAYS
 HEATING
  TODAY           22                        22      0       15
  MONTH TO DATE  649                       640      9      652
  SINCE DEC 1    983                      1262   -279     1179
  SINCE JUL 1   1233                      1724   -491     1719

 COOLING
  TODAY            0                         0      0        0
  MONTH TO DATE    0                         0      0        0
  SINCE DEC 1     35                         3     32        0
  SINCE JAN 1      0                         0      0        0
..................................................................


WIND (MPH)
  HIGHEST WIND SPEED    15   HIGHEST WIND DIRECTION    SW (240)
  HIGHEST GUST SPEED    19   HIGHEST GUST DIRECTION    SW (240)
  AVERAGE WIND SPEED     5.6


SKY COVER
  POSSIBLE SUNSHINE  MM
  AVERAGE SKY COVER 0.0


WEATHER CONDITIONS
 THE FOLLOWING WEATHER WAS RECORDED TODAY.
  FOG
  FOG W/VISIBILITY <= 1/4 MILE
  HAZE


RELATIVE HUMIDITY (PERCENT)
 HIGHEST    92           200 AM
 LOWEST     33           300 PM
 AVERAGE    63

..........................................................


THE GREENVILLE CLIMATE NORMALS FOR TOMORROW
                         NORMAL    RECORD    YEAR
 MAXIMUM TEMPERATURE (F)   53        82      1950
 MINIMUM TEMPERATURE (F)   33         8      2014


SUNRISE AND SUNSET
JANUARY 28 2016.......SUNRISE   703 AM CST   SUNSET   531 PM CST
JANUARY 29 2016.......SUNRISE   702 AM CST   SUNSET   532 PM CST


-  INDICATES NEGATIVE NUMBERS.
R  INDICATES RECORD WAS SET OR TIED.
MM INDICATES DATA IS MISSING.
T  INDICATES TRACE AMOUNT.




$$
