000
CDUS44 KJAN 142111
CLIGLH


CLIMATE REPORT
NATIONAL WEATHER SERVICE JACKSON MS
410 PM CDT SAT OCT 14 2017


...................................

...THE GREENVILLE CLIMATE SUMMARY FOR OCTOBER 14 2017...
VALID TODAY AS OF 0400 PM LOCAL TIME.

CLIMATE NORMAL PERIOD 1981 TO 2010
CLIMATE RECORD PERIOD 1903 TO 2017


WEATHER ITEM   OBSERVED TIME   RECORD YEAR NORMAL DEPARTURE LAST
                VALUE   (LST)  VALUE       VALUE  FROM      YEAR
                                                  NORMAL
..................................................................
TEMPERATURE (F)
 TODAY
  MAXIMUM         91    220 PM  92    1972  78     13       67
                                      1963
  MINIMUM         59    312 AM  31    1917  53      6       62
  AVERAGE         75                        65     10       65

PRECIPITATION (IN)
  TODAY            0.00          1.76 1925   0.15  -0.15     0.10
  MONTH TO DATE    0.31                      2.02  -1.71     0.10
  SINCE SEP 1      2.03                      5.10  -3.07     0.78
  SINCE JAN 1     31.22                     39.66  -8.44    42.67

SNOWFALL (IN)
  TODAY            0.0

DEGREE DAYS
 HEATING
  TODAY            0                         3     -3        0
  MONTH TO DATE    0                        25    -25        0
  SINCE SEP 1      3                        31    -28        0
  SINCE JUL 1      3                        31    -28        0

 COOLING
  TODAY           10                         3      7        0
  MONTH TO DATE  127                        56     71       89
  SINCE SEP 1    437                       357     80      543
  SINCE JAN 1   2180                      2136     44     2555
..................................................................


WIND (MPH)
  HIGHEST WIND SPEED    14   HIGHEST WIND DIRECTION    SW (210)
  HIGHEST GUST SPEED    17   HIGHEST GUST DIRECTION    SW (210)
  AVERAGE WIND SPEED     4.2


SKY COVER
  POSSIBLE SUNSHINE  MM
  AVERAGE SKY COVER 0.1


WEATHER CONDITIONS
 THE FOLLOWING WEATHER WAS RECORDED TODAY.
  NO SIGNIFICANT WEATHER WAS OBSERVED.


RELATIVE HUMIDITY (PERCENT)
 HIGHEST    87           200 AM
 LOWEST     47           100 PM
 AVERAGE    67

..........................................................


THE GREENVILLE CLIMATE NORMALS FOR TOMORROW
                         NORMAL    RECORD    YEAR
 MAXIMUM TEMPERATURE (F)   77        95      2015
 MINIMUM TEMPERATURE (F)   53        34      1937


SUNRISE AND SUNSET
OCTOBER 14 2017.......SUNRISE   708 AM CDT   SUNSET   631 PM CDT
OCTOBER 15 2017.......SUNRISE   709 AM CDT   SUNSET   630 PM CDT


-  INDICATES NEGATIVE NUMBERS.
R  INDICATES RECORD WAS SET OR TIED.
MM INDICATES DATA IS MISSING.
T  INDICATES TRACE AMOUNT.




$$
