000
CDUS44 KJAN 132140
CLIGLH


CLIMATE REPORT
NATIONAL WEATHER SERVICE JACKSON MS
437 PM CDT MON OCT 13 2014


...................................

...THE GREENVILLE CLIMATE SUMMARY FOR OCTOBER 13 2014...
VALID TODAY AS OF 0400 PM LOCAL TIME.

CLIMATE NORMAL PERIOD 1981 TO 2010
CLIMATE RECORD PERIOD 1920 TO 2014


WEATHER ITEM   OBSERVED TIME   RECORD YEAR NORMAL DEPARTURE LAST
                VALUE   (LST)  VALUE       VALUE  FROM      YEAR
                                                  NORMAL
..................................................................
TEMPERATURE (F)
 TODAY
  MAXIMUM         81   1059 AM  93    1963  78      3       79
  MINIMUM         63    259 PM  35    2006  53     10       64
  AVERAGE         72                        66      6       72

PRECIPITATION (IN)
  TODAY            1.54          2.16 2009   0.14   1.40     0.00
  MONTH TO DATE    5.39                      1.87   3.52     4.92
  SINCE SEP 1      6.16                      4.95   1.21    12.65
  SINCE JAN 1     45.88                     39.51   6.37    41.63

SNOWFALL (IN)
  TODAY            0.0

DEGREE DAYS
 HEATING
  TODAY            0                         3     -3        0
  MONTH TO DATE    7                        22    -15        4
  SINCE SEP 1      7                        28    -21        4
  SINCE JUL 1      7                        28    -21        4

 COOLING
  TODAY            7                         3      4        7
  MONTH TO DATE  102                        53     49       90
  SINCE SEP 1    483                       354    129      482
  SINCE JAN 1   2150                      2133     17     2209
..................................................................


WIND (MPH)
  HIGHEST WIND SPEED    30   HIGHEST WIND DIRECTION     S (170)
  HIGHEST GUST SPEED    37   HIGHEST GUST DIRECTION     S (170)
  AVERAGE WIND SPEED    15.1


SKY COVER
  POSSIBLE SUNSHINE  MM
  AVERAGE SKY COVER 0.7


WEATHER CONDITIONS
 THE FOLLOWING WEATHER WAS RECORDED TODAY.
  THUNDERSTORM
  HEAVY RAIN
  RAIN
  LIGHT RAIN
  FOG


RELATIVE HUMIDITY (PERCENT)
 HIGHEST    93           300 AM
 LOWEST     74           900 AM
 AVERAGE    84

..........................................................


THE GREENVILLE CLIMATE NORMALS FOR TOMORROW
                         NORMAL    RECORD    YEAR
 MAXIMUM TEMPERATURE (F)   78        92      1972
                                             1963
 MINIMUM TEMPERATURE (F)   53        37      1977


SUNRISE AND SUNSET
OCTOBER 13 2014.......SUNRISE   707 AM CDT   SUNSET   633 PM CDT
OCTOBER 14 2014.......SUNRISE   708 AM CDT   SUNSET   631 PM CDT


-  INDICATES NEGATIVE NUMBERS.
R  INDICATES RECORD WAS SET OR TIED.
MM INDICATES DATA IS MISSING.
T  INDICATES TRACE AMOUNT.




$$
