000
CDUS44 KJAN 132111
CLIGLH


CLIMATE REPORT
NATIONAL WEATHER SERVICE JACKSON MS
410 PM CDT SUN JUL 13 2014


...................................

...THE GREENVILLE CLIMATE SUMMARY FOR JULY 13 2014...
VALID TODAY AS OF 0400 PM LOCAL TIME.

CLIMATE NORMAL PERIOD 1981 TO 2010
CLIMATE RECORD PERIOD 1920 TO 2014


WEATHER ITEM   OBSERVED TIME   RECORD YEAR NORMAL DEPARTURE LAST
                VALUE   (LST)  VALUE       VALUE  FROM      YEAR
                                                  NORMAL
..................................................................
TEMPERATURE (F)
 TODAY
  MAXIMUM         93    259 PM 106    1930  92      1       87
  MINIMUM         71    459 AM  63    1990  72     -1       66
  AVERAGE         82                        82      0       77

PRECIPITATION (IN)
  TODAY            0.00          2.60 1998   0.12  -0.12     0.00
  MONTH TO DATE    0.03                      1.88  -1.85     0.64
  SINCE JUN 1      6.40                      5.92   0.48     1.89
  SINCE JAN 1     30.53                     30.18   0.35    26.85

SNOWFALL (IN)
  TODAY            0.0

DEGREE DAYS
 HEATING
  TODAY            0                         0      0        0
  MONTH TO DATE    0                         0      0        0
  SINCE JUN 1      0                         0      0        0
  SINCE JUL 1      0                         0      0        0

 COOLING
  TODAY           17                        17      0       12
  MONTH TO DATE  189                       219    -30      194
  SINCE JUN 1    651                       639     12      653
  SINCE JAN 1    966                       961      5      936
..................................................................


WIND (MPH)
  HIGHEST WIND SPEED     8   HIGHEST WIND DIRECTION     S (160)
  HIGHEST GUST SPEED     9   HIGHEST GUST DIRECTION     S (170)
  AVERAGE WIND SPEED     1.2


SKY COVER
  POSSIBLE SUNSHINE  MM
  AVERAGE SKY COVER 0.1


WEATHER CONDITIONS
 THE FOLLOWING WEATHER WAS RECORDED TODAY.
  FOG
  FOG W/VISIBILITY <= 1/4 MILE


RELATIVE HUMIDITY (PERCENT)
 HIGHEST    94           100 AM
 LOWEST     49           100 PM
 AVERAGE    72

..........................................................


THE GREENVILLE CLIMATE NORMALS FOR TOMORROW
                         NORMAL    RECORD    YEAR
 MAXIMUM TEMPERATURE (F)   92       102      1971
 MINIMUM TEMPERATURE (F)   72        58      1990


SUNRISE AND SUNSET
JULY 13 2014..........SUNRISE   604 AM CDT   SUNSET   815 PM CDT
JULY 14 2014..........SUNRISE   604 AM CDT   SUNSET   815 PM CDT


-  INDICATES NEGATIVE NUMBERS.
R  INDICATES RECORD WAS SET OR TIED.
MM INDICATES DATA IS MISSING.
T  INDICATES TRACE AMOUNT.




$$
