895
CDUS44 KJAN 122232
CLIGLH


CLIMATE REPORT
NATIONAL WEATHER SERVICE JACKSON MS
429 PM CST FRI JAN 12 2018


...................................

...THE GREENVILLE CLIMATE SUMMARY FOR JANUARY 12 2018...
VALID TODAY AS OF 0400 PM LOCAL TIME.

CLIMATE NORMAL PERIOD 1981 TO 2010
CLIMATE RECORD PERIOD 1903 TO 2018


WEATHER ITEM   OBSERVED TIME   RECORD YEAR NORMAL DEPARTURE LAST
                VALUE   (LST)  VALUE       VALUE  FROM      YEAR
                                                  NORMAL
..................................................................
TEMPERATURE (F)
 TODAY
  MAXIMUM         46   1210 AM  79    2017  51     -5       79
  MINIMUM         28   1044 AM  -1    1918  33     -5       64
  AVERAGE         37                        42     -5       72

PRECIPITATION (IN)
  TODAY            0.25          3.21 1932   0.16   0.09      T
  MONTH TO DATE    1.23                      1.75  -0.52     1.04
  SINCE DEC 1      6.09                      7.37  -1.28     3.90
  SINCE JAN 1      1.23                      1.75  -0.52     1.04

SNOWFALL (IN)
  TODAY            0.0

DEGREE DAYS
 HEATING
  TODAY           28                        23      5        0
  MONTH TO DATE  337                       273     64      230
  SINCE DEC 1    956                       895     61      784
  SINCE JUL 1   1370                      1357     13     1053

 COOLING
  TODAY            0                         0      0        7
  MONTH TO DATE    0                         0      0       11
  SINCE DEC 1      4                         3      1       23
  SINCE JAN 1      0                         0      0       11
..................................................................


WIND (MPH)
  HIGHEST WIND SPEED    33   HIGHEST WIND DIRECTION     N (20)
  HIGHEST GUST SPEED    42   HIGHEST GUST DIRECTION     N (20)
  AVERAGE WIND SPEED    20.0


SKY COVER
  POSSIBLE SUNSHINE  MM
  AVERAGE SKY COVER 1.0


WEATHER CONDITIONS
 THE FOLLOWING WEATHER WAS RECORDED TODAY.
  HEAVY RAIN
  RAIN
  LIGHT RAIN
  FREEZING RAIN
  LT FREEZING RAIN
  LIGHT SNOW
  FOG


RELATIVE HUMIDITY (PERCENT)
 HIGHEST    93          1200 AM
 LOWEST     69           100 PM
 AVERAGE    81

..........................................................


THE GREENVILLE CLIMATE NORMALS FOR TOMORROW
                         NORMAL    RECORD    YEAR
 MAXIMUM TEMPERATURE (F)   51        80      1932
 MINIMUM TEMPERATURE (F)   33         0      1918


SUNRISE AND SUNSET
JANUARY 12 2018.......SUNRISE   708 AM CST   SUNSET   516 PM CST
JANUARY 13 2018.......SUNRISE   708 AM CST   SUNSET   517 PM CST


-  INDICATES NEGATIVE NUMBERS.
R  INDICATES RECORD WAS SET OR TIED.
MM INDICATES DATA IS MISSING.
T  INDICATES TRACE AMOUNT.




$$
