000
CDUS44 KJAN 182209
CLIGLH


CLIMATE REPORT
NATIONAL WEATHER SERVICE JACKSON MS
409 PM CST SUN JAN 18 2015


...................................

...THE GREENVILLE CLIMATE SUMMARY FOR JANUARY 18 2015...
VALID TODAY AS OF 0400 PM LOCAL TIME.

CLIMATE NORMAL PERIOD 1981 TO 2010
CLIMATE RECORD PERIOD 1920 TO 2015


WEATHER ITEM   OBSERVED TIME   RECORD YEAR NORMAL DEPARTURE LAST
                VALUE   (LST)  VALUE       VALUE  FROM      YEAR
                                                  NORMAL
..................................................................
TEMPERATURE (F)
 TODAY
  MAXIMUM         64    326 PM  77    1950  52     12       60
  MINIMUM         32    652 AM   5    1930  32      0       23
  AVERAGE         48                        42      6       42

PRECIPITATION (IN)
  TODAY            0.00          1.96 2001   0.17  -0.17     0.00
  MONTH TO DATE    2.09                      2.72  -0.63     0.84
  SINCE DEC 1      6.20                      8.34  -2.14     5.37
  SINCE JAN 1      2.09                      2.72  -0.63     0.84

SNOWFALL (IN)
  TODAY            0.0

DEGREE DAYS
 HEATING
  TODAY           17                        23     -6       23
  MONTH TO DATE  480                       411     69      440
  SINCE DEC 1   1007                      1033    -26     1082
  SINCE JUL 1   1547                      1495     52     1616

 COOLING
  TODAY            0                         0      0        0
  MONTH TO DATE    0                         0      0        0
  SINCE DEC 1      0                         3     -3        9
  SINCE JAN 1      0                         0      0        0
..................................................................


WIND (MPH)
  HIGHEST WIND SPEED    10   HIGHEST WIND DIRECTION    SW (210)
  HIGHEST GUST SPEED    20   HIGHEST GUST DIRECTION     E (100)
  AVERAGE WIND SPEED     5.5


SKY COVER
  POSSIBLE SUNSHINE  MM
  AVERAGE SKY COVER 0.0


WEATHER CONDITIONS
 THE FOLLOWING WEATHER WAS RECORDED TODAY.
  NO SIGNIFICANT WEATHER WAS OBSERVED.


RELATIVE HUMIDITY (PERCENT)
 HIGHEST    85           400 AM
 LOWEST     21           300 PM
 AVERAGE    53

..........................................................


THE GREENVILLE CLIMATE NORMALS FOR TOMORROW
                         NORMAL    RECORD    YEAR
 MAXIMUM TEMPERATURE (F)   52        78      1935
 MINIMUM TEMPERATURE (F)   32         4      1940


SUNRISE AND SUNSET
JANUARY 18 2015.......SUNRISE   707 AM CST   SUNSET   522 PM CST
JANUARY 19 2015.......SUNRISE   707 AM CST   SUNSET   523 PM CST


-  INDICATES NEGATIVE NUMBERS.
R  INDICATES RECORD WAS SET OR TIED.
MM INDICATES DATA IS MISSING.
T  INDICATES TRACE AMOUNT.




$$
