000
CDUS44 KJAN 232226
CLIGLH


CLIMATE REPORT
NATIONAL WEATHER SERVICE JACKSON MS
526 PM CDT THU JUL 23 2015


...................................

...THE GREENVILLE CLIMATE SUMMARY FOR JULY 23 2015...
VALID AS OF 0500 PM LOCAL TIME.

CLIMATE NORMAL PERIOD 1981 TO 2010
CLIMATE RECORD PERIOD 1920 TO 2015


WEATHER ITEM   OBSERVED TIME   RECORD YEAR NORMAL DEPARTURE LAST
                VALUE   (LST)  VALUE       VALUE  FROM      YEAR
                                                  NORMAL
..................................................................
TEMPERATURE (F)
 TODAY
  MAXIMUM         97    351 PM 105    1924  92      5
  MINIMUM         78    227 AM  53    1947  72      6

PRECIPITATION (IN)
  TODAY            0.00          1.40 1928   0.10  -0.10     0.05
  MONTH TO DATE    2.62                      3.05  -0.43     5.20
  SINCE JUN 1      4.14                      7.09  -2.95    11.57
  SINCE JAN 1     24.11                     31.35  -7.24    35.70

..................................................................










-  INDICATES NEGATIVE NUMBERS.
R  INDICATES RECORD WAS SET OR TIED.
MM INDICATES DATA IS MISSING.
T  INDICATES TRACE AMOUNT.




$$
