000
CDUS44 KJAN 102108
CLIGLH


CLIMATE REPORT
NATIONAL WEATHER SERVICE JACKSON MS
407 PM CDT FRI APR 10 2015


...................................

...THE GREENVILLE CLIMATE SUMMARY FOR APRIL 10 2015...
VALID TODAY AS OF 0400 PM LOCAL TIME.

CLIMATE NORMAL PERIOD 1981 TO 2010
CLIMATE RECORD PERIOD 1920 TO 2015


WEATHER ITEM   OBSERVED TIME   RECORD YEAR NORMAL DEPARTURE LAST
                VALUE   (LST)  VALUE       VALUE  FROM      YEAR
                                                  NORMAL
..................................................................
TEMPERATURE (F)
 TODAY
  MAXIMUM         73   1208 AM  90    1953  73      0       76
  MINIMUM         57    846 AM  35    1982  50      7       48
                                      1938
                                      1937
  AVERAGE         65                        61      4       62

PRECIPITATION (IN)
  TODAY            1.14          3.28 1924   0.16   0.98     0.00
  MONTH TO DATE    1.75                      1.75   0.00     3.56
  SINCE MAR 1      6.36                      6.30   0.06     9.07
  SINCE JAN 1     12.81                     16.29  -3.48    13.37

SNOWFALL (IN)
  TODAY            0.0

DEGREE DAYS
 HEATING
  TODAY            0                         5     -5        3
  MONTH TO DATE   23                        61    -38       69
  SINCE MAR 1    344                       397    -53      503
  SINCE JUL 1   2831                      2706    125     3110

 COOLING
  TODAY            0                         2     -2        0
  MONTH TO DATE   44                        11     33       19
  SINCE MAR 1     51                        28     23       24
  SINCE JAN 1     51                        33     18       24
..................................................................


WIND (MPH)
  HIGHEST WIND SPEED    23   HIGHEST WIND DIRECTION     N (360)
  HIGHEST GUST SPEED    28   HIGHEST GUST DIRECTION     N (10)
  AVERAGE WIND SPEED    15.1


SKY COVER
  POSSIBLE SUNSHINE  MM
  AVERAGE SKY COVER 0.4


WEATHER CONDITIONS
 THE FOLLOWING WEATHER WAS RECORDED TODAY.
  THUNDERSTORM
  HEAVY RAIN
  RAIN
  LIGHT RAIN
  FOG


RELATIVE HUMIDITY (PERCENT)
 HIGHEST    84           100 AM
 LOWEST     60          1200 PM
 AVERAGE    72

..........................................................


THE GREENVILLE CLIMATE NORMALS FOR TOMORROW
                         NORMAL    RECORD    YEAR
 MAXIMUM TEMPERATURE (F)   73        88      2001
                                             1959
 MINIMUM TEMPERATURE (F)   51        35      1921


SUNRISE AND SUNSET
APRIL 10 2015.........SUNRISE   640 AM CDT   SUNSET   731 PM CDT
APRIL 11 2015.........SUNRISE   639 AM CDT   SUNSET   732 PM CDT


-  INDICATES NEGATIVE NUMBERS.
R  INDICATES RECORD WAS SET OR TIED.
MM INDICATES DATA IS MISSING.
T  INDICATES TRACE AMOUNT.




$$
