000
CDUS44 KJAN 120909
CLIGLH


CLIMATE REPORT
NATIONAL WEATHER SERVICE JACKSON MS
407 AM CDT WED APR 12 2017


...................................

...THE GREENVILLE CLIMATE SUMMARY FOR APRIL 11 2017...

CLIMATE NORMAL PERIOD 1981 TO 2010
CLIMATE RECORD PERIOD 1920 TO 2017


WEATHER ITEM   OBSERVED TIME   RECORD YEAR NORMAL DEPARTURE LAST
                VALUE   (LST)  VALUE       VALUE  FROM      YEAR
                                                  NORMAL
..................................................................
TEMPERATURE (F)
 YESTERDAY
  MAXIMUM         74    329 PM  88    2001  73      1       71
                                      1959
  MINIMUM         64   1159 PM  35    1921  51     13       57
  AVERAGE         69                        62      7       64

PRECIPITATION (IN)
  YESTERDAY        T             3.11 1947   0.16  -0.16     0.99
  MONTH TO DATE    1.90                      1.91  -0.01     0.99
  SINCE MAR 1      3.76                      6.46  -2.70    18.31
  SINCE JAN 1     11.79                     16.45  -4.66    24.82

SNOWFALL (IN)
  YESTERDAY        0.0

DEGREE DAYS
 HEATING
  YESTERDAY        0                         5     -5        1
  MONTH TO DATE   26                        66    -40       37
  SINCE MAR 1    263                       402   -139      223
  SINCE JUL 1   1796                      2711   -915     1903

 COOLING
  YESTERDAY        4                         2      2        0
  MONTH TO DATE   17                        13      4        8
  SINCE MAR 1     62                        30     32       43
  SINCE JAN 1     91                        35     56       47
..................................................................


WIND (MPH)
  HIGHEST WIND SPEED    14   HIGHEST WIND DIRECTION     W (250)
  HIGHEST GUST SPEED    18   HIGHEST GUST DIRECTION     E (80)
  AVERAGE WIND SPEED     7.1


SKY COVER
  POSSIBLE SUNSHINE  MM
  AVERAGE SKY COVER 0.7


WEATHER CONDITIONS
 THE FOLLOWING WEATHER WAS RECORDED YESTERDAY.
  LIGHT RAIN


RELATIVE HUMIDITY (PERCENT)
 HIGHEST    87           500 AM
 LOWEST     61           200 PM
 AVERAGE    74

..........................................................


THE GREENVILLE CLIMATE NORMALS FOR TODAY
                         NORMAL    RECORD    YEAR
 MAXIMUM TEMPERATURE (F)   73        88      1941
                                             1925
 MINIMUM TEMPERATURE (F)   51        35      1940


SUNRISE AND SUNSET
APRIL 12 2017.........SUNRISE   637 AM CDT   SUNSET   733 PM CDT
APRIL 13 2017.........SUNRISE   636 AM CDT   SUNSET   734 PM CDT


-  INDICATES NEGATIVE NUMBERS.
R  INDICATES RECORD WAS SET OR TIED.
MM INDICATES DATA IS MISSING.
T  INDICATES TRACE AMOUNT.




$$
