000
CDUS44 KJAN 102209
CLIGLH


CLIMATE REPORT
NATIONAL WEATHER SERVICE JACKSON MS
408 PM CST WED DEC 10 2014


...................................

...THE GREENVILLE CLIMATE SUMMARY FOR DECEMBER 10 2014...
VALID TODAY AS OF 0400 PM LOCAL TIME.

CLIMATE NORMAL PERIOD 1981 TO 2010
CLIMATE RECORD PERIOD 1920 TO 2014


WEATHER ITEM   OBSERVED TIME   RECORD YEAR NORMAL DEPARTURE LAST
                VALUE   (LST)  VALUE       VALUE  FROM      YEAR
                                                  NORMAL
..................................................................
TEMPERATURE (F)
 TODAY
  MAXIMUM         49    253 PM  79    1929  55     -6       41
  MINIMUM         31    617 AM  16    1995  36     -5       29
  AVERAGE         40                        46     -6       35

PRECIPITATION (IN)
  TODAY            0.00          3.90 1932   0.22  -0.22      T
  MONTH TO DATE    1.29                      2.05  -0.76     2.57
  SINCE DEC 1      1.29                      2.05  -0.76     2.57
  SINCE JAN 1     50.21                     49.07   1.14    50.88

SNOWFALL (IN)
  TODAY            0.0

DEGREE DAYS
 HEATING
  TODAY           25                        19      6       30
  MONTH TO DATE  152                       182    -30      197
  SINCE DEC 1    152                       182    -30      197
  SINCE JUL 1    692                       644     48      731

 COOLING
  TODAY            0                         0      0        0
  MONTH TO DATE    0                         0      0        6
  SINCE DEC 1      0                         0      0        6
  SINCE JAN 1   2177                      2186     -9     2253
..................................................................


WIND (MPH)
  HIGHEST WIND SPEED    12   HIGHEST WIND DIRECTION    NE (30)
  HIGHEST GUST SPEED    14   HIGHEST GUST DIRECTION    NE (40)
  AVERAGE WIND SPEED     6.3


SKY COVER
  POSSIBLE SUNSHINE  MM
  AVERAGE SKY COVER 0.1


WEATHER CONDITIONS
 THE FOLLOWING WEATHER WAS RECORDED TODAY.
  FOG
  HAZE


RELATIVE HUMIDITY (PERCENT)
 HIGHEST    92           600 AM
 LOWEST     61           200 PM
 AVERAGE    77

..........................................................


THE GREENVILLE CLIMATE NORMALS FOR TOMORROW
                         NORMAL    RECORD    YEAR
 MAXIMUM TEMPERATURE (F)   55        80      1949
 MINIMUM TEMPERATURE (F)   36        16      1937


SUNRISE AND SUNSET
DECEMBER 10 2014......SUNRISE   657 AM CST   SUNSET   456 PM CST
DECEMBER 11 2014......SUNRISE   658 AM CST   SUNSET   456 PM CST


-  INDICATES NEGATIVE NUMBERS.
R  INDICATES RECORD WAS SET OR TIED.
MM INDICATES DATA IS MISSING.
T  INDICATES TRACE AMOUNT.




$$
