000
CDUS44 KJAN 250922
CLIGLH


CLIMATE REPORT
NATIONAL WEATHER SERVICE JACKSON MS
421 AM CDT MON AUG 25 2014


...................................

...THE GREENVILLE CLIMATE SUMMARY FOR AUGUST 24 2014...

CLIMATE NORMAL PERIOD 1981 TO 2010
CLIMATE RECORD PERIOD 1920 TO 2014


WEATHER ITEM   OBSERVED TIME   RECORD YEAR NORMAL DEPARTURE LAST
                VALUE   (LST)  VALUE       VALUE  FROM      YEAR
                                                  NORMAL
..................................................................
TEMPERATURE (F)
 YESTERDAY
  MAXIMUM         96    232 PM 102    1983  92      4       95
  MINIMUM         71    605 AM  57    2009  70      1       70
  AVERAGE         84                        81      3       83

PRECIPITATION (IN)
  YESTERDAY        0.00          1.18 2004   0.10  -0.10      T
  MONTH TO DATE    2.71                      1.76   0.95     0.78
  SINCE JUN 1     14.40                      9.60   4.80     4.02
  SINCE JAN 1     38.53                     33.86   4.67    28.98

SNOWFALL (IN)
  YESTERDAY        0.0

DEGREE DAYS
 HEATING
  YESTERDAY        0                         0      0        0
  MONTH TO DATE    0                         0      0        0
  SINCE JUN 1      0                         0      0        0
  SINCE JUL 1      0                         0      0        0

 COOLING
  YESTERDAY       19                        16      3       18
  MONTH TO DATE  372                       403    -31      397
  SINCE JUN 1   1236                      1350   -114     1333
  SINCE JAN 1   1551                      1672   -121     1616
..................................................................


WIND (MPH)
  HIGHEST WIND SPEED    10   HIGHEST WIND DIRECTION    NW (320)
  HIGHEST GUST SPEED    13   HIGHEST GUST DIRECTION     N (350)
  AVERAGE WIND SPEED     2.3


SKY COVER
  POSSIBLE SUNSHINE  MM
  AVERAGE SKY COVER 0.0


WEATHER CONDITIONS
 THE FOLLOWING WEATHER WAS RECORDED YESTERDAY.
  FOG


RELATIVE HUMIDITY (PERCENT)
 HIGHEST    94           700 AM
 LOWEST     39           200 PM
 AVERAGE    67

..........................................................


THE GREENVILLE CLIMATE NORMALS FOR TODAY
                         NORMAL    RECORD    YEAR
 MAXIMUM TEMPERATURE (F)   92       102      1938
 MINIMUM TEMPERATURE (F)   70        57      1923


SUNRISE AND SUNSET
AUGUST 25 2014........SUNRISE   633 AM CDT   SUNSET   738 PM CDT
AUGUST 26 2014........SUNRISE   634 AM CDT   SUNSET   737 PM CDT


-  INDICATES NEGATIVE NUMBERS.
R  INDICATES RECORD WAS SET OR TIED.
MM INDICATES DATA IS MISSING.
T  INDICATES TRACE AMOUNT.




$$
