000
CDUS44 KJAN 130641
CLIGLH


CLIMATE REPORT
NATIONAL WEATHER SERVICE JACKSON MS
137 AM CDT WED APR 13 2016


...................................

...THE GREENVILLE CLIMATE SUMMARY FOR APRIL 12 2016...

CLIMATE NORMAL PERIOD 1981 TO 2010
CLIMATE RECORD PERIOD 1920 TO 2016


WEATHER ITEM   OBSERVED TIME   RECORD YEAR NORMAL DEPARTURE LAST
                VALUE   (LST)  VALUE       VALUE  FROM      YEAR
                                                  NORMAL
..................................................................
TEMPERATURE (F)
 YESTERDAY
  MAXIMUM         67    511 PM  88    1941  73     -6       82
                                      1925
  MINIMUM         54    646 AM  35    1940  51      3       56
  AVERAGE         61                        62     -1       69

PRECIPITATION (IN)
  YESTERDAY        0.00          3.12 1974   0.17  -0.17     0.00
  MONTH TO DATE    0.99                      2.08  -1.09     1.75
  SINCE MAR 1     18.31                      6.63  11.68     6.36
  SINCE JAN 1     24.82                     16.62   8.20    12.81

SNOWFALL (IN)
  YESTERDAY        0.0

DEGREE DAYS
 HEATING
  YESTERDAY        4                         5     -1        0
  MONTH TO DATE   41                        71    -30       30
  SINCE MAR 1    227                       407   -180      351
  SINCE JUL 1   1907                      2716   -809     2838

 COOLING
  YESTERDAY        0                         2     -2        4
  MONTH TO DATE    8                        15     -7       48
  SINCE MAR 1     43                        32     11       55
  SINCE JAN 1     47                        37     10       55
..................................................................


WIND (MPH)
  HIGHEST WIND SPEED    20   HIGHEST WIND DIRECTION    NE (40)
  HIGHEST GUST SPEED    24   HIGHEST GUST DIRECTION     N (20)
  AVERAGE WIND SPEED    12.3


SKY COVER
  POSSIBLE SUNSHINE  MM
  AVERAGE SKY COVER 0.5


WEATHER CONDITIONS
 THE FOLLOWING WEATHER WAS RECORDED YESTERDAY.
  FOG


RELATIVE HUMIDITY (PERCENT)
 HIGHEST    93           300 AM
 LOWEST     45           200 PM
 AVERAGE    69

..........................................................


THE GREENVILLE CLIMATE NORMALS FOR TODAY
                         NORMAL    RECORD    YEAR
 MAXIMUM TEMPERATURE (F)   74        89      1965
                                             1936
 MINIMUM TEMPERATURE (F)   51        31      1940


SUNRISE AND SUNSET
APRIL 13 2016.........SUNRISE   635 AM CDT   SUNSET   734 PM CDT
APRIL 14 2016.........SUNRISE   634 AM CDT   SUNSET   734 PM CDT


-  INDICATES NEGATIVE NUMBERS.
R  INDICATES RECORD WAS SET OR TIED.
MM INDICATES DATA IS MISSING.
T  INDICATES TRACE AMOUNT.




$$
