000
CDUS44 KJAN 122218
CLIGLH


CLIMATE REPORT
NATIONAL WEATHER SERVICE JACKSON MS
518 PM CDT MON SEP 12 2016


...................................

...THE GREENVILLE CLIMATE SUMMARY FOR SEPTEMBER 12 2016...
VALID AS OF 0500 PM LOCAL TIME.

CLIMATE NORMAL PERIOD 1981 TO 2010
CLIMATE RECORD PERIOD 1920 TO 2016


WEATHER ITEM   OBSERVED TIME   RECORD YEAR NORMAL DEPARTURE LAST
                VALUE   (LST)  VALUE       VALUE  FROM      YEAR
                                                  NORMAL
..................................................................
TEMPERATURE (F)
 TODAY
  MAXIMUM         94    311 PM 100    1980  88      6
                                      1939
  MINIMUM         66    600 AM  50    1976  65      1
                                      1940
  AVERAGE         80                        76      4       66

PRECIPITATION (IN)
  TODAY            0.00          3.60 1982   0.13  -0.13     0.00
  MONTH TO DATE    0.20                      1.23  -1.03     0.48
  SINCE SEP 1      0.20                      1.23  -1.03     0.48
  SINCE JAN 1     42.09                     35.79   6.30    27.81

DEGREE DAYS
 HEATING
  TODAY            0                         0      0        0
  MONTH TO DATE    0                         0      0        0
  SINCE SEP 1      0                         0      0        0
  SINCE JUL 1      0                         0      0        0

 COOLING
  TODAY           15                        11      4        1
  MONTH TO DATE  201                       154     47      191
  SINCE SEP 1    201                       154     47      191
  SINCE JAN 1   2213                      1933    280     2155
..................................................................


WIND (MPH)
  HIGHEST WIND SPEED    10   HIGHEST WIND DIRECTION     S (160)
  HIGHEST GUST SPEED    15   HIGHEST GUST DIRECTION     E (100)
  AVERAGE WIND SPEED     2.4


SKY COVER
  POSSIBLE SUNSHINE  MM
  AVERAGE SKY COVER 0.1


WEATHER CONDITIONS
 THE FOLLOWING WEATHER WAS RECORDED TODAY.
  NO SIGNIFICANT WEATHER WAS OBSERVED.


RELATIVE HUMIDITY (PERCENT)
 HIGHEST    87           100 AM
 LOWEST     38           400 PM
 AVERAGE    63

..........................................................


THE GREENVILLE CLIMATE NORMALS FOR TOMORROW
                         NORMAL    RECORD    YEAR
 MAXIMUM TEMPERATURE (F)   88       101      1939
 MINIMUM TEMPERATURE (F)   64        50      2015


SUNRISE AND SUNSET
SEPTEMBER 12 2016.....SUNRISE   646 AM CDT   SUNSET   714 PM CDT
SEPTEMBER 13 2016.....SUNRISE   646 AM CDT   SUNSET   712 PM CDT


-  INDICATES NEGATIVE NUMBERS.
R  INDICATES RECORD WAS SET OR TIED.
MM INDICATES DATA IS MISSING.
T  INDICATES TRACE AMOUNT.




$$
