767
CDUS44 KJAN 142206
CLIGLH


CLIMATE REPORT
NATIONAL WEATHER SERVICE JACKSON MS
404 PM CST SAT JAN 14 2017


...................................

...THE GREENVILLE CLIMATE SUMMARY FOR JANUARY 14 2017...
VALID TODAY AS OF 0400 PM LOCAL TIME.

CLIMATE NORMAL PERIOD 1981 TO 2010
CLIMATE RECORD PERIOD 1920 TO 2017


WEATHER ITEM   OBSERVED TIME   RECORD YEAR NORMAL DEPARTURE LAST
                VALUE   (LST)  VALUE       VALUE  FROM      YEAR
                                                  NORMAL
..................................................................
TEMPERATURE (F)
 TODAY
  MAXIMUM         69    139 PM  82    1947  51     18       61
  MINIMUM         47    754 AM  11    1964  33     14       35
                                      1962
  AVERAGE         58                        42     16       48

PRECIPITATION (IN)
  TODAY            0.00          1.15 1974   0.15  -0.15     0.00
  MONTH TO DATE    1.04                      2.06  -1.02     1.23
  SINCE DEC 1      3.90                      7.68  -3.78     5.04
  SINCE JAN 1      1.04                      2.06  -1.02     1.23

SNOWFALL (IN)
  TODAY            0.0

DEGREE DAYS
 HEATING
  TODAY            7                        23    -16       17
  MONTH TO DATE  244                       319    -75      314
  SINCE DEC 1    798                       941   -143      648
  SINCE JUL 1   1067                      1403   -336      898

 COOLING
  TODAY            0                         0      0        0
  MONTH TO DATE   11                         0     11        0
  SINCE DEC 1     23                         3     20       35
  SINCE JAN 1     11                         0     11        0
..................................................................


WIND (MPH)
  HIGHEST WIND SPEED    10   HIGHEST WIND DIRECTION     N (350)
  HIGHEST GUST SPEED    11   HIGHEST GUST DIRECTION     N (350)
  AVERAGE WIND SPEED     3.7


SKY COVER
  POSSIBLE SUNSHINE  MM
  AVERAGE SKY COVER 0.8


WEATHER CONDITIONS
 THE FOLLOWING WEATHER WAS RECORDED TODAY.
  FOG
  FOG W/VISIBILITY <= 1/4 MILE
  HAZE


RELATIVE HUMIDITY (PERCENT)
 HIGHEST    93          1200 AM
 LOWEST     67           100 PM
 AVERAGE    80

..........................................................


THE GREENVILLE CLIMATE NORMALS FOR TOMORROW
                         NORMAL    RECORD    YEAR
 MAXIMUM TEMPERATURE (F)   51        81      1947
 MINIMUM TEMPERATURE (F)   33        11      1982


SUNRISE AND SUNSET
JANUARY 14 2017.......SUNRISE   708 AM CST   SUNSET   518 PM CST
JANUARY 15 2017.......SUNRISE   708 AM CST   SUNSET   519 PM CST


-  INDICATES NEGATIVE NUMBERS.
R  INDICATES RECORD WAS SET OR TIED.
MM INDICATES DATA IS MISSING.
T  INDICATES TRACE AMOUNT.




$$
