000
CDUS44 KJAN 210725
CLIGLH


CLIMATE REPORT
NATIONAL WEATHER SERVICE JACKSON MS
223 AM CDT THU MAY 21 2015


...................................

...THE GREENVILLE CLIMATE SUMMARY FOR MAY 20 2015...

CLIMATE NORMAL PERIOD 1981 TO 2010
CLIMATE RECORD PERIOD 1920 TO 2015


WEATHER ITEM   OBSERVED TIME   RECORD YEAR NORMAL DEPARTURE LAST
                VALUE   (LST)  VALUE       VALUE  FROM      YEAR
                                                  NORMAL
..................................................................
TEMPERATURE (F)
 YESTERDAY
  MAXIMUM         86    309 PM  95    1956  83      3       85
  MINIMUM         67   1116 PM  48    2002  63      4       65
  AVERAGE         77                        73      4       75

PRECIPITATION (IN)
  YESTERDAY        0.00          2.23 1958   0.15  -0.15     0.00
  MONTH TO DATE    2.78                      3.47  -0.69     1.69
  SINCE MAR 1     11.67                     12.83  -1.16    16.27
  SINCE JAN 1     18.12                     22.82  -4.70    20.57

SNOWFALL (IN)
  YESTERDAY        0.0

DEGREE DAYS
 HEATING
  YESTERDAY        0                         0      0        0
  MONTH TO DATE    3                        10     -7       32
  SINCE MAR 1    377                       462    -85      600
  SINCE JUL 1   2864                      2771     93     3207

 COOLING
  YESTERDAY       12                         8      4       10
  MONTH TO DATE  192                       129     63      113
  SINCE MAR 1    290                       210     80      187
  SINCE JAN 1    290                       215     75      187
..................................................................


WIND (MPH)
  HIGHEST WIND SPEED    20   HIGHEST WIND DIRECTION     W (260)
  HIGHEST GUST SPEED    24   HIGHEST GUST DIRECTION     W (260)
  AVERAGE WIND SPEED     6.6


SKY COVER
  POSSIBLE SUNSHINE  MM
  AVERAGE SKY COVER 0.3


WEATHER CONDITIONS
 THE FOLLOWING WEATHER WAS RECORDED YESTERDAY.
  FOG


RELATIVE HUMIDITY (PERCENT)
 HIGHEST   100           200 AM
 LOWEST     61           400 PM
 AVERAGE    81

..........................................................


THE GREENVILLE CLIMATE NORMALS FOR TODAY
                         NORMAL    RECORD    YEAR
 MAXIMUM TEMPERATURE (F)   84        95      1987
 MINIMUM TEMPERATURE (F)   64        48      1993


SUNRISE AND SUNSET
MAY 21 2015...........SUNRISE   600 AM CDT   SUNSET   802 PM CDT
MAY 22 2015...........SUNRISE   559 AM CDT   SUNSET   802 PM CDT


-  INDICATES NEGATIVE NUMBERS.
R  INDICATES RECORD WAS SET OR TIED.
MM INDICATES DATA IS MISSING.
T  INDICATES TRACE AMOUNT.




$$
