000
CDUS44 KJAN 190958
CLIGLH


CLIMATE REPORT
NATIONAL WEATHER SERVICE JACKSON MS
356 AM CST WED NOV 19 2014


...................................

...THE GREENVILLE CLIMATE SUMMARY FOR NOVEMBER 18 2014...

CLIMATE NORMAL PERIOD 1981 TO 2010
CLIMATE RECORD PERIOD 1920 TO 2014


WEATHER ITEM   OBSERVED TIME   RECORD YEAR NORMAL DEPARTURE LAST
                VALUE   (LST)  VALUE       VALUE  FROM      YEAR
                                                  NORMAL
..................................................................
TEMPERATURE (F)
 YESTERDAY
  MAXIMUM         42    308 PM  84    1921  64    -22       67
  MINIMUM         22    645 AM  18    1959  42    -20       50
  AVERAGE         32                        53    -21       59

PRECIPITATION (IN)
  YESTERDAY        0.00          4.10 1969   0.16  -0.16     0.00
  MONTH TO DATE    1.88                      2.65  -0.77     0.94
  SINCE SEP 1      8.69                     10.05  -1.36    16.74
  SINCE JAN 1     48.41                     44.61   3.80    45.72

SNOWFALL (IN)
  YESTERDAY        0.0

DEGREE DAYS
 HEATING
  YESTERDAY       33                        12     21        6
  MONTH TO DATE  318                       172    146      183
  SINCE SEP 1    387                       286    101      274
  SINCE JUL 1    387                       286    101      274

 COOLING
  YESTERDAY        0                         0      0        0
  MONTH TO DATE    0                         9     -9       10
  SINCE SEP 1    507                       404    103      520
  SINCE JAN 1   2174                      2183     -9     2247
..................................................................


WIND (MPH)
  HIGHEST WIND SPEED    16   HIGHEST WIND DIRECTION     N (350)
  HIGHEST GUST SPEED    21   HIGHEST GUST DIRECTION     N (350)
  AVERAGE WIND SPEED     5.2


SKY COVER
  POSSIBLE SUNSHINE  MM
  AVERAGE SKY COVER 0.0


WEATHER CONDITIONS
 THE FOLLOWING WEATHER WAS RECORDED YESTERDAY.
  NO SIGNIFICANT WEATHER WAS OBSERVED.


RELATIVE HUMIDITY (PERCENT)
 HIGHEST    85           900 PM
 LOWEST     33           300 PM
 AVERAGE    59

..........................................................


THE GREENVILLE CLIMATE NORMALS FOR TODAY
                         NORMAL    RECORD    YEAR
 MAXIMUM TEMPERATURE (F)   63        85      1991
                                             1942
 MINIMUM TEMPERATURE (F)   42        21      1951


SUNRISE AND SUNSET
NOVEMBER 19 2014......SUNRISE   639 AM CST   SUNSET   459 PM CST
NOVEMBER 20 2014......SUNRISE   640 AM CST   SUNSET   459 PM CST


-  INDICATES NEGATIVE NUMBERS.
R  INDICATES RECORD WAS SET OR TIED.
MM INDICATES DATA IS MISSING.
T  INDICATES TRACE AMOUNT.




$$
