433
CDUS44 KJAN 172131
CLIGLH


CLIMATE REPORT
NATIONAL WEATHER SERVICE JACKSON MS
429 PM CDT TUE MAY 17 2016


...................................

...THE GREENVILLE CLIMATE SUMMARY FOR MAY 17 2016...
VALID TODAY AS OF 0400 PM LOCAL TIME.

CLIMATE NORMAL PERIOD 1981 TO 2010
CLIMATE RECORD PERIOD 1920 TO 2016


WEATHER ITEM   OBSERVED TIME   RECORD YEAR NORMAL DEPARTURE LAST
                VALUE   (LST)  VALUE       VALUE  FROM      YEAR
                                                  NORMAL
..................................................................
TEMPERATURE (F)
 TODAY
  MAXIMUM         82    259 PM  93    1962  83     -1       87
  MINIMUM         63    210 AM  43    2011  63      0       69
  AVERAGE         73                        73      0       78

PRECIPITATION (IN)
  TODAY            0.00          3.77 1920   0.17  -0.17     1.15
  MONTH TO DATE    0.26                      3.00  -2.74     2.26
  SINCE MAR 1     20.55                     12.36   8.19    11.15
  SINCE JAN 1     27.06                     22.35   4.71    17.60

SNOWFALL (IN)
  TODAY            0.0

DEGREE DAYS
 HEATING
  TODAY            0                         0      0        0
  MONTH TO DATE    7                        10     -3        3
  SINCE MAR 1    245                       462   -217      377
  SINCE JUL 1   1925                      2771   -846     2864

 COOLING
  TODAY            8                         8      0       13
  MONTH TO DATE   75                       105    -30      164
  SINCE MAR 1    197                       186     11      262
  SINCE JAN 1    201                       191     10      262
..................................................................


WIND (MPH)
  HIGHEST WIND SPEED    10   HIGHEST WIND DIRECTION    SW (220)
  HIGHEST GUST SPEED    14   HIGHEST GUST DIRECTION    SE (120)
  AVERAGE WIND SPEED     5.0


SKY COVER
  POSSIBLE SUNSHINE  MM
  AVERAGE SKY COVER 0.8


WEATHER CONDITIONS
 THE FOLLOWING WEATHER WAS RECORDED TODAY.
  NO SIGNIFICANT WEATHER WAS OBSERVED.


RELATIVE HUMIDITY (PERCENT)
 HIGHEST    93           200 AM
 LOWEST     54           300 PM
 AVERAGE    74

..........................................................


THE GREENVILLE CLIMATE NORMALS FOR TOMORROW
                         NORMAL    RECORD    YEAR
 MAXIMUM TEMPERATURE (F)   83        95      1962
 MINIMUM TEMPERATURE (F)   63        45      2011


SUNRISE AND SUNSET
MAY 17 2016...........SUNRISE   602 AM CDT   SUNSET   759 PM CDT
MAY 18 2016...........SUNRISE   601 AM CDT   SUNSET   800 PM CDT


-  INDICATES NEGATIVE NUMBERS.
R  INDICATES RECORD WAS SET OR TIED.
MM INDICATES DATA IS MISSING.
T  INDICATES TRACE AMOUNT.




$$
