000
CDUS44 KJAN 072107
CLIGLH


CLIMATE REPORT
NATIONAL WEATHER SERVICE JACKSON MS
405 PM CDT WED JUN 7 2017


...................................

...THE GREENVILLE CLIMATE SUMMARY FOR JUNE 7 2017...
VALID TODAY AS OF 0400 PM LOCAL TIME.

CLIMATE NORMAL PERIOD 1981 TO 2010
CLIMATE RECORD PERIOD 1903 TO 2017


WEATHER ITEM   OBSERVED TIME   RECORD YEAR NORMAL DEPARTURE LAST
                VALUE   (LST)  VALUE       VALUE  FROM      YEAR
                                                  NORMAL
..................................................................
TEMPERATURE (F)
 TODAY
  MAXIMUM         84    230 PM 100    1977  88     -4       92
                                      1911
  MINIMUM         68    559 AM  57    2000  67      1       62
                                      1970
  AVERAGE         76                        77     -1       77

PRECIPITATION (IN)
  TODAY            0.00          1.05 1961   0.11  -0.11     0.00
  MONTH TO DATE    0.28                      0.75  -0.47     0.85
  SINCE JUN 1      0.28                      0.75  -0.47     0.85
  SINCE JAN 1     16.66                     25.01  -8.35    29.38

SNOWFALL (IN)
  TODAY            0.0

DEGREE DAYS
 HEATING
  TODAY            0                         0      0        0
  MONTH TO DATE    0                         0      0        0
  SINCE JUN 1      0                         0      0        0
  SINCE JUL 1   1830                      2774   -944     1925

 COOLING
  TODAY           11                        12     -1       12
  MONTH TO DATE   81                        82     -1       89
  SINCE JUN 1     81                        82     -1       89
  SINCE JAN 1    478                       404     74      431
..................................................................


WIND (MPH)
  HIGHEST WIND SPEED    23   HIGHEST WIND DIRECTION     N (20)
  HIGHEST GUST SPEED    28   HIGHEST GUST DIRECTION     N (20)
  AVERAGE WIND SPEED    11.7


SKY COVER
  POSSIBLE SUNSHINE  MM
  AVERAGE SKY COVER 0.0


WEATHER CONDITIONS
 THE FOLLOWING WEATHER WAS RECORDED TODAY.
  NO SIGNIFICANT WEATHER WAS OBSERVED.


RELATIVE HUMIDITY (PERCENT)
 HIGHEST    90           200 AM
 LOWEST     37          1200 PM
 AVERAGE    64

..........................................................


THE GREENVILLE CLIMATE NORMALS FOR TOMORROW
                         NORMAL    RECORD    YEAR
 MAXIMUM TEMPERATURE (F)   88        99      1953
                                             1911
 MINIMUM TEMPERATURE (F)   68        54      1977


SUNRISE AND SUNSET
JUNE  7 2017..........SUNRISE   554 AM CDT   SUNSET   812 PM CDT
JUNE  8 2017..........SUNRISE   554 AM CDT   SUNSET   813 PM CDT


-  INDICATES NEGATIVE NUMBERS.
R  INDICATES RECORD WAS SET OR TIED.
MM INDICATES DATA IS MISSING.
T  INDICATES TRACE AMOUNT.




$$
