000
CDUS44 KJAN 112206
CLIGLH


CLIMATE REPORT
NATIONAL WEATHER SERVICE JACKSON MS
505 PM CDT FRI AUG 11 2017


...................................

...THE GREENVILLE CLIMATE SUMMARY FOR AUGUST 11 2017...
VALID AS OF 0500 PM LOCAL TIME.

CLIMATE NORMAL PERIOD 1981 TO 2010
CLIMATE RECORD PERIOD 1903 TO 2017


WEATHER ITEM   OBSERVED TIME   RECORD YEAR NORMAL DEPARTURE LAST
                VALUE   (LST)  VALUE       VALUE  FROM      YEAR
                                                  NORMAL
..................................................................
TEMPERATURE (F)
 TODAY
  MAXIMUM         92    130 PM 102    2007  93     -1
                                      1936
                                      1935
  MINIMUM         72    504 AM  60    1986  72      0
  AVERAGE         82                        82      0       85

PRECIPITATION (IN)
  TODAY            T             2.48 1923   0.07  -0.07     0.50
  MONTH TO DATE    2.11                      0.72   1.39     0.83
  SINCE JUN 1      8.94                      8.56   0.38     7.23
  SINCE JAN 1     25.32                     32.82  -7.50    35.76

DEGREE DAYS
 HEATING
  TODAY            0                         0      0        0
  MONTH TO DATE    0                         0      0        0
  SINCE JUN 1      0                         0      0        0
  SINCE JUL 1      0                         0      0        0

 COOLING
  TODAY           17                        17      0       20
  MONTH TO DATE  157                       187    -30      227
  SINCE JUN 1   1039                      1134    -95     1322
  SINCE JAN 1   1436                      1456    -20     1664
..................................................................


WIND (MPH)
  HIGHEST WIND SPEED    13   HIGHEST WIND DIRECTION     W (260)
  HIGHEST GUST SPEED    16   HIGHEST GUST DIRECTION     W (270)
  AVERAGE WIND SPEED     3.8


SKY COVER
  POSSIBLE SUNSHINE  MM
  AVERAGE SKY COVER 0.5


WEATHER CONDITIONS
 THE FOLLOWING WEATHER WAS RECORDED TODAY.
  THUNDERSTORM
  FOG


RELATIVE HUMIDITY (PERCENT)
 HIGHEST   100          1200 AM
 LOWEST     56           200 PM
 AVERAGE    78

..........................................................


THE GREENVILLE CLIMATE NORMALS FOR TOMORROW
                         NORMAL    RECORD    YEAR
 MAXIMUM TEMPERATURE (F)   93       103      2007
                                             1954
 MINIMUM TEMPERATURE (F)   72        57      2004


SUNRISE AND SUNSET
AUGUST 11 2017........SUNRISE   624 AM CDT   SUNSET   754 PM CDT
AUGUST 12 2017........SUNRISE   624 AM CDT   SUNSET   753 PM CDT


-  INDICATES NEGATIVE NUMBERS.
R  INDICATES RECORD WAS SET OR TIED.
MM INDICATES DATA IS MISSING.
T  INDICATES TRACE AMOUNT.




$$
