000
CDUS44 KJAN 310950
CLIGLH


CLIMATE REPORT
NATIONAL WEATHER SERVICE JACKSON MS
445 AM CDT MON MAR 31 2014


...................................

...THE GREENVILLE CLIMATE SUMMARY FOR MARCH 30 2014...

CLIMATE NORMAL PERIOD 1981 TO 2010
CLIMATE RECORD PERIOD 1920 TO 2014


WEATHER ITEM   OBSERVED TIME   RECORD YEAR NORMAL DEPARTURE LAST
                VALUE   (LST)  VALUE       VALUE  FROM      YEAR
                                                  NORMAL
..................................................................
TEMPERATURE (F)
 YESTERDAY
  MAXIMUM         65    459 PM  89    1946  69     -4       65
  MINIMUM         43    607 AM  27    1964  47     -4       54
  AVERAGE         54                        58     -4       60

PRECIPITATION (IN)
  YESTERDAY        0.00          1.89 1940   0.19  -0.19     0.44
  MONTH TO DATE    5.50                      4.36   1.14     4.38
  SINCE MAR 1      5.50                      4.36   1.14     4.38
  SINCE JAN 1      9.80                     14.35  -4.55    16.84

SNOWFALL (IN)
  YESTERDAY        0.0

DEGREE DAYS
 HEATING
  YESTERDAY       11                         8      3        5
  MONTH TO DATE  430                       329    101      469
  SINCE MAR 1    430                       329    101      469
  SINCE JUL 1   3037                      2638    399     2472

 COOLING
  YESTERDAY        0                         1     -1        0
  MONTH TO DATE    5                        16    -11        2
  SINCE MAR 1      5                        16    -11        2
  SINCE JAN 1      5                        21    -16       12
..................................................................


WIND (MPH)
  HIGHEST WIND SPEED    12   HIGHEST WIND DIRECTION    NE (40)
  HIGHEST GUST SPEED    21   HIGHEST GUST DIRECTION     S (160)
  AVERAGE WIND SPEED     4.0


SKY COVER
  POSSIBLE SUNSHINE  MM
  AVERAGE SKY COVER 0.0


WEATHER CONDITIONS
 THE FOLLOWING WEATHER WAS RECORDED YESTERDAY.
  FOG
  HAZE


RELATIVE HUMIDITY (PERCENT)
 HIGHEST    89           400 AM
 LOWEST     43           300 PM
 AVERAGE    66

..........................................................


THE GREENVILLE CLIMATE NORMALS FOR TODAY
                         NORMAL    RECORD    YEAR
 MAXIMUM TEMPERATURE (F)   70        88      1963
 MINIMUM TEMPERATURE (F)   47        28      1964


SUNRISE AND SUNSET
MARCH 31 2014.........SUNRISE   653 AM CDT   SUNSET   724 PM CDT
APRIL  1 2014.........SUNRISE   652 AM CDT   SUNSET   724 PM CDT


-  INDICATES NEGATIVE NUMBERS.
R  INDICATES RECORD WAS SET OR TIED.
MM INDICATES DATA IS MISSING.
T  INDICATES TRACE AMOUNT.




$$
