000
CDUS44 KJAN 130746
CLIGLH


CLIMATE REPORT
NATIONAL WEATHER SERVICE JACKSON MS
242 AM CDT MON OCT 13 2014


...................................

...THE GREENVILLE CLIMATE SUMMARY FOR OCTOBER 12 2014...

CLIMATE NORMAL PERIOD 1981 TO 2010
CLIMATE RECORD PERIOD 1920 TO 2014


WEATHER ITEM   OBSERVED TIME   RECORD YEAR NORMAL DEPARTURE LAST
                VALUE   (LST)  VALUE       VALUE  FROM      YEAR
                                                  NORMAL
..................................................................
TEMPERATURE (F)
 YESTERDAY
  MAXIMUM         80    358 PM  93    1928  78      2       79
  MINIMUM         63    209 AM  38    2000  53     10       61
                                      1964
  AVERAGE         72                        66      6       70

PRECIPITATION (IN)
  YESTERDAY        0.53          3.52 2009   0.14   0.39     0.44
  MONTH TO DATE    3.85                      1.73   2.12     4.92
  SINCE SEP 1      4.62                      4.81  -0.19    12.65
  SINCE JAN 1     44.34                     39.37   4.97    41.63

SNOWFALL (IN)
  YESTERDAY        0.0

DEGREE DAYS
 HEATING
  YESTERDAY        0                         2     -2        0
  MONTH TO DATE    7                        19    -12        4
  SINCE SEP 1      7                        25    -18        4
  SINCE JUL 1      7                        25    -18        4

 COOLING
  YESTERDAY        7                         3      4        5
  MONTH TO DATE   95                        50     45       83
  SINCE SEP 1    476                       351    125      475
  SINCE JAN 1   2143                      2130     13     2202
..................................................................


WIND (MPH)
  HIGHEST WIND SPEED    35   HIGHEST WIND DIRECTION     S (170)
  HIGHEST GUST SPEED    45   HIGHEST GUST DIRECTION     S (180)
  AVERAGE WIND SPEED     5.3


SKY COVER
  POSSIBLE SUNSHINE  MM
  AVERAGE SKY COVER 0.7


WEATHER CONDITIONS
 THE FOLLOWING WEATHER WAS RECORDED YESTERDAY.
  THUNDERSTORM
  RAIN
  LIGHT RAIN
  FOG


RELATIVE HUMIDITY (PERCENT)
 HIGHEST    93          1200 AM
 LOWEST     74           200 PM
 AVERAGE    84

..........................................................


THE GREENVILLE CLIMATE NORMALS FOR TODAY
                         NORMAL    RECORD    YEAR
 MAXIMUM TEMPERATURE (F)   78        93      1963
 MINIMUM TEMPERATURE (F)   53        35      2006


SUNRISE AND SUNSET
OCTOBER 13 2014.......SUNRISE   707 AM CDT   SUNSET   633 PM CDT
OCTOBER 14 2014.......SUNRISE   708 AM CDT   SUNSET   631 PM CDT


-  INDICATES NEGATIVE NUMBERS.
R  INDICATES RECORD WAS SET OR TIED.
MM INDICATES DATA IS MISSING.
T  INDICATES TRACE AMOUNT.




$$
