992
CDUS44 KJAN 102205
CLIGLH


CLIMATE REPORT
NATIONAL WEATHER SERVICE JACKSON MS
404 PM CST FRI FEB 10 2017


...................................

...THE GREENVILLE CLIMATE SUMMARY FOR FEBRUARY 10 2017...
VALID TODAY AS OF 0400 PM LOCAL TIME.

CLIMATE NORMAL PERIOD 1981 TO 2010
CLIMATE RECORD PERIOD 1920 TO 2017


WEATHER ITEM   OBSERVED TIME   RECORD YEAR NORMAL DEPARTURE LAST
                VALUE   (LST)  VALUE       VALUE  FROM      YEAR
                                                  NORMAL
..................................................................
TEMPERATURE (F)
 TODAY
  MAXIMUM         69    259 PM  83    1954  56     13       51
                                      1932
  MINIMUM         34    232 AM  13    2011  35     -1       24
  AVERAGE         52                        45      7       38

PRECIPITATION (IN)
  TODAY            0.00          6.48 1966   0.19  -0.19     0.00
  MONTH TO DATE    2.00                      2.06  -0.06     1.43
  SINCE DEC 1      9.97                     12.65  -2.68     8.31
  SINCE JAN 1      7.11                      7.03   0.08     4.50

SNOWFALL (IN)
  TODAY            0.0

DEGREE DAYS
 HEATING
  TODAY           13                        20     -7       27
  MONTH TO DATE  133                       210    -77      183
  SINCE DEC 1   1113                      1537   -424     1190
  SINCE JUL 1   1382                      1999   -617     1440

 COOLING
  TODAY            0                         0      0        0
  MONTH TO DATE    4                         0      4        2
  SINCE DEC 1     27                         4     23       37
  SINCE JAN 1     15                         1     14        2
..................................................................


WIND (MPH)
  HIGHEST WIND SPEED    23   HIGHEST WIND DIRECTION     S (190)
  HIGHEST GUST SPEED    29   HIGHEST GUST DIRECTION     S (180)
  AVERAGE WIND SPEED    10.4


SKY COVER
  POSSIBLE SUNSHINE  MM
  AVERAGE SKY COVER 0.0


WEATHER CONDITIONS
 THE FOLLOWING WEATHER WAS RECORDED TODAY.
  NO SIGNIFICANT WEATHER WAS OBSERVED.


RELATIVE HUMIDITY (PERCENT)
 HIGHEST    82          1200 AM
 LOWEST     28           100 PM
 AVERAGE    55

..........................................................


THE GREENVILLE CLIMATE NORMALS FOR TOMORROW
                         NORMAL    RECORD    YEAR
 MAXIMUM TEMPERATURE (F)   56        80      1922
 MINIMUM TEMPERATURE (F)   35        10      2011


SUNRISE AND SUNSET
FEBRUARY 10 2017......SUNRISE   652 AM CST   SUNSET   544 PM CST
FEBRUARY 11 2017......SUNRISE   652 AM CST   SUNSET   545 PM CST


-  INDICATES NEGATIVE NUMBERS.
R  INDICATES RECORD WAS SET OR TIED.
MM INDICATES DATA IS MISSING.
T  INDICATES TRACE AMOUNT.




$$
