000
CDUS44 KJAN 170856
CLIGLH


CLIMATE REPORT
NATIONAL WEATHER SERVICE JACKSON MS
253 AM CST TUE FEB 17 2015


...................................

...THE GREENVILLE CLIMATE SUMMARY FOR FEBRUARY 16 2015...

CLIMATE NORMAL PERIOD 1981 TO 2010
CLIMATE RECORD PERIOD 1920 TO 2015


WEATHER ITEM   OBSERVED TIME   RECORD YEAR NORMAL DEPARTURE LAST
                VALUE   (LST)  VALUE       VALUE  FROM      YEAR
                                                  NORMAL
..................................................................
TEMPERATURE (F)
 YESTERDAY
  MAXIMUM         44    119 AM  80    1932  57    -13       63
  MINIMUM         27   1159 PM  10    1958  37    -10       33
  AVERAGE         36                        47    -11       48

PRECIPITATION (IN)
  YESTERDAY        0.73          4.40 1995   0.18   0.55     0.00
  MONTH TO DATE    0.90                      3.20  -2.30     2.98
  SINCE DEC 1      8.38                     13.79  -5.41     8.35
  SINCE JAN 1      4.27                      8.17  -3.90     3.82

SNOWFALL (IN)
  YESTERDAY       MM

DEGREE DAYS
 HEATING
  YESTERDAY       29                        18     11       17
  MONTH TO DATE  357                       324     33      437
  SINCE DEC 1   1586                      1651    -65     1899
  SINCE JUL 1   2126                      2113     13     2433

 COOLING
  YESTERDAY        0                         0      0        0
  MONTH TO DATE    0                         0      0        0
  SINCE DEC 1      0                         4     -4        9
  SINCE JAN 1      0                         1     -1        0
..................................................................


WIND (MPH)
  HIGHEST WIND SPEED    24   HIGHEST WIND DIRECTION     N (350)
  HIGHEST GUST SPEED    29   HIGHEST GUST DIRECTION     N (350)
  AVERAGE WIND SPEED    15.2


SKY COVER
  POSSIBLE SUNSHINE  MM
  AVERAGE SKY COVER 1.0


WEATHER CONDITIONS
 THE FOLLOWING WEATHER WAS RECORDED YESTERDAY.
  RAIN
  LIGHT RAIN
  FREEZING RAIN
  LT FREEZING RAIN
  LIGHT SNOW
  FOG


RELATIVE HUMIDITY (PERCENT)
 HIGHEST    96           700 AM
 LOWEST     30          1200 AM
 AVERAGE    63

..........................................................


THE GREENVILLE CLIMATE NORMALS FOR TODAY
                         NORMAL    RECORD    YEAR
 MAXIMUM TEMPERATURE (F)   57        78      1961
                                             1956
 MINIMUM TEMPERATURE (F)   37        16      1958


SUNRISE AND SUNSET
FEBRUARY 17 2015......SUNRISE   646 AM CST   SUNSET   550 PM CST
FEBRUARY 18 2015......SUNRISE   645 AM CST   SUNSET   551 PM CST


-  INDICATES NEGATIVE NUMBERS.
R  INDICATES RECORD WAS SET OR TIED.
MM INDICATES DATA IS MISSING.
T  INDICATES TRACE AMOUNT.




$$
