000
CDUS44 KJAN 192127
CLIGLH


CLIMATE REPORT
NATIONAL WEATHER SERVICE JACKSON MS
424 PM CDT SAT JUL 19 2014


...................................

...THE GREENVILLE CLIMATE SUMMARY FOR JULY 19 2014...
VALID TODAY AS OF 0400 PM LOCAL TIME.

CLIMATE NORMAL PERIOD 1981 TO 2010
CLIMATE RECORD PERIOD 1920 TO 2014


WEATHER ITEM   OBSERVED TIME   RECORD YEAR NORMAL DEPARTURE LAST
                VALUE   (LST)  VALUE       VALUE  FROM      YEAR
                                                  NORMAL
..................................................................
TEMPERATURE (F)
 TODAY
  MAXIMUM         77    150 PM 103    1980  92    -15       88
  MINIMUM         67    537 AM  61    2009  72     -5       67
  AVERAGE         72                        82    -10       78

PRECIPITATION (IN)
  TODAY            0.00          1.39 1999   0.12  -0.12     0.00
  MONTH TO DATE    5.15                      2.62   2.53     1.43
  SINCE JUN 1     11.52                      6.66   4.86     2.68
  SINCE JAN 1     35.65                     30.92   4.73    27.64

SNOWFALL (IN)
  TODAY            0.0

DEGREE DAYS
 HEATING
  TODAY            0                         0      0        0
  MONTH TO DATE    0                         0      0        0
  SINCE JUN 1      0                         0      0        0
  SINCE JUL 1      0                         0      0        0

 COOLING
  TODAY            7                        17    -10       13
  MONTH TO DATE  246                       321    -75      288
  SINCE JUN 1    708                       741    -33      747
  SINCE JAN 1   1023                      1063    -40     1030
..................................................................


WIND (MPH)
  HIGHEST WIND SPEED     8   HIGHEST WIND DIRECTION    NW (330)
  HIGHEST GUST SPEED    12   HIGHEST GUST DIRECTION    NW (320)
  AVERAGE WIND SPEED     2.8


SKY COVER
  POSSIBLE SUNSHINE  MM
  AVERAGE SKY COVER 1.0


WEATHER CONDITIONS
 THE FOLLOWING WEATHER WAS RECORDED TODAY.
  NO SIGNIFICANT WEATHER WAS OBSERVED.


RELATIVE HUMIDITY (PERCENT)
 HIGHEST    93          1200 AM
 LOWEST     74           200 PM
 AVERAGE    84

..........................................................


THE GREENVILLE CLIMATE NORMALS FOR TOMORROW
                         NORMAL    RECORD    YEAR
 MAXIMUM TEMPERATURE (F)   92       104      1986
 MINIMUM TEMPERATURE (F)   72        62      1947


SUNRISE AND SUNSET
JULY 19 2014..........SUNRISE   608 AM CDT   SUNSET   813 PM CDT
JULY 20 2014..........SUNRISE   608 AM CDT   SUNSET   812 PM CDT


-  INDICATES NEGATIVE NUMBERS.
R  INDICATES RECORD WAS SET OR TIED.
MM INDICATES DATA IS MISSING.
T  INDICATES TRACE AMOUNT.




$$
