000
CDUS44 KJAN 250633
CLIGLH


CLIMATE REPORT
NATIONAL WEATHER SERVICE JACKSON MS
130 AM CDT WED MAR 25 2015


...................................

...THE GREENVILLE CLIMATE SUMMARY FOR MARCH 24 2015...

CLIMATE NORMAL PERIOD 1981 TO 2010
CLIMATE RECORD PERIOD 1920 TO 2015


WEATHER ITEM   OBSERVED TIME   RECORD YEAR NORMAL DEPARTURE LAST
                VALUE   (LST)  VALUE       VALUE  FROM      YEAR
                                                  NORMAL
..................................................................
TEMPERATURE (F)
 YESTERDAY
  MAXIMUM         73    441 PM  91    1929  68      5       61
  MINIMUM         50    537 AM  28    1968  46      4       36
  AVERAGE         62                        57      5       49

PRECIPITATION (IN)
  YESTERDAY        0.00          3.03 1958   0.17  -0.17     0.00
  MONTH TO DATE    3.97                      3.28   0.69     1.96
  SINCE MAR 1      3.97                      3.28   0.69     1.96
  SINCE JAN 1     10.42                     13.27  -2.85     6.26

SNOWFALL (IN)
  YESTERDAY        0.0

DEGREE DAYS
 HEATING
  YESTERDAY        3                         9     -6       16
  MONTH TO DATE  271                       279     -8      370
  SINCE MAR 1    271                       279     -8      370
  SINCE JUL 1   2758                      2588    170     2977

 COOLING
  YESTERDAY        0                         1     -1        0
  MONTH TO DATE    1                        10     -9        0
  SINCE MAR 1      1                        10     -9        0
  SINCE JAN 1      1                        15    -14        0
..................................................................


WIND (MPH)
  HIGHEST WIND SPEED    17   HIGHEST WIND DIRECTION     S (170)
  HIGHEST GUST SPEED    21   HIGHEST GUST DIRECTION     S (180)
  AVERAGE WIND SPEED     8.8


SKY COVER
  POSSIBLE SUNSHINE  MM
  AVERAGE SKY COVER 0.0


WEATHER CONDITIONS
 THE FOLLOWING WEATHER WAS RECORDED YESTERDAY.
  NO SIGNIFICANT WEATHER WAS OBSERVED.


RELATIVE HUMIDITY (PERCENT)
 HIGHEST    96           200 AM
 LOWEST     57          1100 AM
 AVERAGE    77

..........................................................


THE GREENVILLE CLIMATE NORMALS FOR TODAY
                         NORMAL    RECORD    YEAR
 MAXIMUM TEMPERATURE (F)   68        87      1935
 MINIMUM TEMPERATURE (F)   46        27      1940


SUNRISE AND SUNSET
MARCH 25 2015.........SUNRISE   701 AM CDT   SUNSET   719 PM CDT
MARCH 26 2015.........SUNRISE   700 AM CDT   SUNSET   720 PM CDT


-  INDICATES NEGATIVE NUMBERS.
R  INDICATES RECORD WAS SET OR TIED.
MM INDICATES DATA IS MISSING.
T  INDICATES TRACE AMOUNT.




$$
