000
CDUS44 KJAN 240644
CLIGLH


CLIMATE REPORT
NATIONAL WEATHER SERVICE JACKSON MS
141 AM CDT MON AUG 24 2015


...................................

...THE GREENVILLE CLIMATE SUMMARY FOR AUGUST 23 2015...

CLIMATE NORMAL PERIOD 1981 TO 2010
CLIMATE RECORD PERIOD 1920 TO 2015


WEATHER ITEM   OBSERVED TIME   RECORD YEAR NORMAL DEPARTURE LAST
                VALUE   (LST)  VALUE       VALUE  FROM      YEAR
                                                  NORMAL
..................................................................
TEMPERATURE (F)
 YESTERDAY
  MAXIMUM         92*       MM 102    1983  92      0       95
  MINIMUM         72*       MM  55    1956  70      2       70
  AVERAGE         82                        81      1       83

PRECIPITATION (IN)
  YESTERDAY        0.00*         2.17 1970   0.11  -0.11     0.00
  MONTH TO DATE    1.64                      1.66  -0.02     2.71
  SINCE JUN 1      7.24                      9.50  -2.26    14.40
  SINCE JAN 1     27.21                     33.76  -6.55    38.53

SNOWFALL (IN)
  YESTERDAY        0.0

DEGREE DAYS
 HEATING
  YESTERDAY        0                         0      0        0
  MONTH TO DATE    0                         0      0        0
  SINCE JUN 1      0                         0      0        0
  SINCE JUL 1      0                         0      0        0

 COOLING
  YESTERDAY       17                        16      1       18
  MONTH TO DATE  411                       387     24      353
  SINCE JUN 1   1487                      1334    153     1217
  SINCE JAN 1   1868                      1656    212     1532
..................................................................


WIND (MPH)
  HIGHEST WIND SPEED    MM   HIGHEST WIND DIRECTION    MM
  HIGHEST GUST SPEED    MM   HIGHEST GUST DIRECTION    MM
  AVERAGE WIND SPEED    MM


SKY COVER
  POSSIBLE SUNSHINE  MM
  AVERAGE SKY COVER 0.5


WEATHER CONDITIONS
 THE FOLLOWING WEATHER WAS RECORDED YESTERDAY.
  NO SIGNIFICANT WEATHER WAS OBSERVED.


RELATIVE HUMIDITY (PERCENT)
 HIGHEST    MM
 LOWEST     MM
 AVERAGE    MM

..........................................................


THE GREENVILLE CLIMATE NORMALS FOR TODAY
                         NORMAL    RECORD    YEAR
 MAXIMUM TEMPERATURE (F)   92       102      1983
 MINIMUM TEMPERATURE (F)   70        57      2009


SUNRISE AND SUNSET
AUGUST 24 2015........SUNRISE   632 AM CDT   SUNSET   740 PM CDT
AUGUST 25 2015........SUNRISE   633 AM CDT   SUNSET   738 PM CDT


-  INDICATES NEGATIVE NUMBERS.
R  INDICATES RECORD WAS SET OR TIED.
MM INDICATES DATA IS MISSING.
T  INDICATES TRACE AMOUNT.


$$
*THE DAILY VALUES WERE ESTIMATED.
