000
CDUS44 KJAN 230646
CLIGLH


CLIMATE REPORT
NATIONAL WEATHER SERVICE JACKSON MS
1243 AM CST WED NOV 23 2016


...................................

...THE GREENVILLE CLIMATE SUMMARY FOR NOVEMBER 22 2016...

CLIMATE NORMAL PERIOD 1981 TO 2010
CLIMATE RECORD PERIOD 1920 TO 2016


WEATHER ITEM   OBSERVED TIME   RECORD YEAR NORMAL DEPARTURE LAST
                VALUE   (LST)  VALUE       VALUE  FROM      YEAR
                                                  NORMAL
..................................................................
TEMPERATURE (F)
 YESTERDAY
  MAXIMUM         71    311 PM  83    1921  62      9       47
  MINIMUM         36    317 AM  20    2008  41     -5       30
  AVERAGE         54                        51      3       39

PRECIPITATION (IN)
  YESTERDAY        0.00          3.25 1986   0.19  -0.19     0.00
  MONTH TO DATE    0.60                      3.35  -2.75     6.49
  SINCE SEP 1      1.48                     10.75  -9.27    12.18
  SINCE JAN 1     43.37                     45.31  -1.94    39.51

SNOWFALL (IN)
  YESTERDAY        0.0

DEGREE DAYS
 HEATING
  YESTERDAY       11                        14     -3       26
  MONTH TO DATE  146                       226    -80      140
  SINCE SEP 1    168                       340   -172      175
  SINCE JUL 1    168                       340   -172      175

 COOLING
  YESTERDAY        0                         0      0        0
  MONTH TO DATE   27                         9     18       22
  SINCE SEP 1    660                       404    256      536
  SINCE JAN 1   2672                      2183    489     2500
..................................................................


WIND (MPH)
  HIGHEST WIND SPEED    17   HIGHEST WIND DIRECTION    SE (130)
  HIGHEST GUST SPEED    22   HIGHEST GUST DIRECTION    SE (150)
  AVERAGE WIND SPEED     8.2


SKY COVER
  POSSIBLE SUNSHINE  MM
  AVERAGE SKY COVER 0.0


WEATHER CONDITIONS
 THE FOLLOWING WEATHER WAS RECORDED YESTERDAY.
  NO SIGNIFICANT WEATHER WAS OBSERVED.


RELATIVE HUMIDITY (PERCENT)
 HIGHEST    70           200 AM
 LOWEST     24           100 PM
 AVERAGE    47

..........................................................


THE GREENVILLE CLIMATE NORMALS FOR TODAY
                         NORMAL    RECORD    YEAR
 MAXIMUM TEMPERATURE (F)   61        83      1921
 MINIMUM TEMPERATURE (F)   40        21      1964


SUNRISE AND SUNSET
NOVEMBER 23 2016......SUNRISE   643 AM CST   SUNSET   457 PM CST
NOVEMBER 24 2016......SUNRISE   644 AM CST   SUNSET   457 PM CST


-  INDICATES NEGATIVE NUMBERS.
R  INDICATES RECORD WAS SET OR TIED.
MM INDICATES DATA IS MISSING.
T  INDICATES TRACE AMOUNT.




$$
