000
CXUS52 KTAE 010800
CF6DHN
PRELIMINARY LOCAL CLIMATOLOGICAL DATA (WS FORM: F-6)
STATION: DOTHAN
MONTH: SEPTEMBER
YEAR: 2020
LATITUDE: 31 19 N
LONGITUDE: 85 27 W
TEMPERATURE IN F: :PCPN: SNOW: WIND :SUNSHINE: SKY :PK WND
================================================================================
1 2 3 4 5 6A 6B 7 8 9 10 11 12 13 14 15 16 17 18
12Z AVG MX 2MIN
DY MAX MIN AVG DEP HDD CDD WTR SNW DPTH SPD SPD DIR MIN PSBL S-S WX SPD DR
================================================================================
1 92 76 84 4 0 19 0.00 0.0 0 5.3 15 250 M M 4 1 19 230
2 92 77 85 5 0 20 0.00 0.0 0 5.6 10 250 M M 3 1 14 280
3 94 72 83 4 0 18 0.00 M M 2.4 10 280 M M 0 1 15 270
4 96 72 84 5 0 19 0.00 0.0 M 2.7 9 330 M M 0 18 11 340
5 96 73 85 6 0 20 0.00 0.0 M 5.3 14 330 M M 0 16 340
6 92 68 80 1 0 15 0.00 0.0 M 6.2 14 70 M M 1 18 60
7 92 67 80 1 0 15 0.00 0.0 M 5.4 12 50 M M 1 14 50
8 93 73 83 5 0 18 0.00 0.0 M 6.7 13 50 M M 2 17 50
9 92 67 80 2 0 15 0.00 0.0 M 6.6 13 40 M M 1 18 50
10 92 73 83 5 0 18 0.26 0.0 M 4.9 15 120 M M 6 13 19 110
11 92 74 83 5 0 18 0.04 0.0 M 6.1 24 110 M M 5 123 33 120
12 92 74 83 5 0 18 0.00 0.0 M 7.8 17 120 M M 4 13 22 120
13 91 75 83 6 0 18 0.54 0.0 M 9.2 18 70 M M 8 13 25 80
14 83 77 80 3 0 15 T 0.0 M 10.0 18 90 M M 6 24 90
15 80 75 78 1 0 13 0.55 0.0 M 12.5 22 90 M M 9 1 32 80
16 77 72 75 -2 0 10 5.47 0.0 M 18.2 29 160 M M 10 1 39 70
17 78 71 75 -1 0 10 0.03 0.0 M 10.4 22 190 M M 8 1 30 200
18 87 68 78 2 0 13 0.00 0.0 M 4.3 10 10 M M 3 1 14 10
19 76 66 71 -5 0 6 0.01 0.0 M 8.4 16 50 M M 2 20 50
20 71 61 66 -10 0 1 T 0.0 M 10.5 18 70 M M 8 24 80
21 74 62 68 -7 0 3 T 0.0 M 11.5 18 60 M M 0 27 60
22 76 60 68 -7 0 3 T 0.0 M 7.4 15 100 M M 1 20 100
23 84 65 75 0 0 10 T 0.0 M 6.7 13 110 M M 2 20 110
24 82 68 75 1 0 10 0.47 0.0 M 9.0 17 160 M M 9 1 25 160
25 85 68 77 3 0 12 0.00 0.0 M 5.4 14 290 M M 4 1 17 290
26 87 64 76 2 0 11 0.00 0.0 M 2.6 8 240 M M 2 10 30
27 77 71 74 1 0 9 0.05 0.0 M 5.7 15 130 M M 8 1 20 130
28 89 71 80 7 0 15 0.02 0.0 M 3.7 21 310 M M 5 1 26 310
29 71 56 64 -9 1 0 0.17 0.0 M 7.9 17 340 M M 7 18 23 330
30 77 51 64 -8 1 0 0.00 0.0 M 2.8 12 310 M M 0 17 320
================================================================================
SM 2560 2067 2 372 7.61 0.0 211.2 M 119
================================================================================
AV 85.3 68.9 7.0 FASTST M M 4 MAX(MPH)
MISC ----> 29 160 39 70
================================================================================
NOTES:
# LAST OF SEVERAL OCCURRENCES
COLUMN 17 PEAK WIND IN M.P.H.
PRELIMINARY LOCAL CLIMATOLOGICAL DATA (WS FORM: F-6) , PAGE 2
STATION: DOTHAN
MONTH: SEPTEMBER
YEAR: 2020
LATITUDE: 31 19 N
LONGITUDE: 85 27 W
[TEMPERATURE DATA] [PRECIPITATION DATA] SYMBOLS USED IN COLUMN 16
AVERAGE MONTHLY: 77.1 TOTAL FOR MONTH: 7.61 1 = FOG OR MIST
DPTR FM NORMAL: 0.5 DPTR FM NORMAL: 4.02 2 = FOG REDUCING VISIBILITY
HIGHEST: 96 ON 5, 4 GRTST 24HR 5.47 ON 16-16 TO 1/4 MILE OR LESS
LOWEST: 51 ON 30 3 = THUNDER
SNOW, ICE PELLETS, HAIL 4 = ICE PELLETS
TOTAL MONTH: 0.0 INCH 5 = HAIL
GRTST 24HR 0.0 6 = FREEZING RAIN OR DRIZZLE
GRTST DEPTH: 0 7 = DUSTSTORM OR SANDSTORM:
VSBY 1/2 MILE OR LESS
8 = SMOKE OR HAZE
[NO. OF DAYS WITH] [WEATHER - DAYS WITH] 9 = BLOWING SNOW
X = TORNADO
MAX 32 OR BELOW: 0 0.01 INCH OR MORE: 11
MAX 90 OR ABOVE: 13 0.10 INCH OR MORE: 6
MIN 32 OR BELOW: 0 0.50 INCH OR MORE: 3
MIN 0 OR BELOW: 0 1.00 INCH OR MORE: 1
[HDD (BASE 65) ]
TOTAL THIS MO. 2 CLEAR (SCALE 0-3) 14
DPTR FM NORMAL 0 PTCLDY (SCALE 4-7) 13
TOTAL FM JUL 1 2 CLOUDY (SCALE 8-10) 3
DPTR FM NORMAL 2
[CDD (BASE 65) ]
TOTAL THIS MO. 372
DPTR FM NORMAL 24 [PRESSURE DATA]
TOTAL FM JAN 1 2690 HIGHEST SLP M ON M
DPTR FM NORMAL 462 LOWEST SLP 29.59 ON 16
[REMARKS]
#FINAL-09-20#