000
CXUS53 KAPX 010730
CF6GLR
PRELIMINARY LOCAL CLIMATOLOGICAL DATA (WS FORM: F-6)
STATION: GAYLORD
MONTH: JUNE
YEAR: 2021
LATITUDE: 45 0 N
LONGITUDE: 84 42 W
TEMPERATURE IN F: :PCPN: SNOW: WIND :SUNSHINE: SKY :PK WND
================================================================================
1 2 3 4 5 6A 6B 7 8 9 10 11 12 13 14 15 16 17 18
12Z AVG MX 2MIN
DY MAX MIN AVG DEP HDD CDD WTR SNW DPTH SPD SPD DIR MIN PSBL S-S WX SPD DR
================================================================================
1 77 43 60 1 5 0 0.00 M M 2.5 12 300 M M 3 20 290
2 78 42 60 1 5 0 0.00 M M 3.3 12 160 M M 4 17 220
3 85 53 69 10 0 4 T M M 8.9 21 230 M M 4 29 220
4 88 55 72 12 0 7 0.00 M M 6.3 22 230 M M 1 28 250
5 92 72 82 22 0 17 T M M 14.2 23 230 M M 2 3 34 240
6 92 72 82 22 0 17 0.00 M M 13.3 23 230 M M 1 35 240
7 88 71 80 20 0 15 0.00 M M 10.5 17 230 M M 2 29 230
8 92 65 79 18 0 14 0.00 M M 4.0 12 320 M M 2 1238 23 330
9 88 66 77 16 0 12 0.00 M M 5.9 17 50 M M 2 18 24 40
10 89 61 75 14 0 10 0.00 M M 4.7 15 170 M M 2 19 160
11 83 59 71 9 0 6 0.00 M M 7.6 17 50 M M 6 26 40
12 83 58 71 9 0 6 0.00 M M 3.8 10 170 M M 5 16 340
13 81 55 68 6 0 3 0.10 M M 5.9 15 310 M M 2 27 320
14 74 54 64 2 1 0 0.02 M M 6.0 14 310 M M 5 22 330
15 74 54 64 2 1 0 0.00 M M 6.2 17 40 M M 0 28 40
16 74 40 57 -6 8 0 0.00 M M 3.3 13 310 M M 0 21 290
17 85 44 65 2 0 0 T M M 9.0 20 230 M M 1 27 210
18 86 58 72 9 0 7 T M M 11.6 29 250 M M 3 43 240
19 77 51 64 1 1 0 0.00 M M 3.7 12 280 M M 1 19 340
20 77 48 63 -1 2 0 0.02 M M 4.3 10 130 M M 5 21 230
21 67 40 54 -10 11 0 0.06 M M 9.9 20 250 M M 8 1 35 290
22 65 36 51 -13 14 0 0.01 M M 6.5 29 270 M M 3 42 280
23 80 42 61 -3 4 0 0.00 M M 11.6 22 180 M M 3 32 200
24 73 64 69 5 0 4 0.05 M M 11.9 20 220 M M 5 3 29 190
25 77 66 72 7 0 7 T M M 7.0 14 180 M M 10 18 17 180
26 74 66 70 5 0 5 0.24 M M 4.3 12 180 M M 10 128 15 170
27 74 64 69 4 0 4 0.65 M M 8.3 20 260 M M 10 18 26 250
28 83 62 73 8 0 8 0.02 M M 4.1 10 250 M M 6 18 14 260
29 75 69 72 7 0 7 0.14 M M 4.7 14 250 M M 8 8 18 250
30 80 62 71 6 0 6 0.00 M M 6.0 15 270 M M 6 12 23 250
================================================================================
SM 2411 1692 52 159 1.31 M 209.3 M 120
================================================================================
AV 80.4 56.4 7.0 FASTST M M 4 MAX(MPH)
MISC ----> # 29 250 43 240
================================================================================
NOTES:
# LAST OF SEVERAL OCCURRENCES
COLUMN 17 PEAK WIND IN M.P.H.
PRELIMINARY LOCAL CLIMATOLOGICAL DATA (WS FORM: F-6) , PAGE 2
STATION: GAYLORD
MONTH: JUNE
YEAR: 2021
LATITUDE: 45 0 N
LONGITUDE: 84 42 W
[TEMPERATURE DATA] [PRECIPITATION DATA] SYMBOLS USED IN COLUMN 16
AVERAGE MONTHLY: 68.4 TOTAL FOR MONTH: 1.31 1 = FOG OR MIST
DPTR FM NORMAL: 6.0 DPTR FM NORMAL: -1.45 2 = FOG REDUCING VISIBILITY
HIGHEST: 92 ON 8, 6 GRTST 24HR 0.77 ON 26-27 TO 1/4 MILE OR LESS
LOWEST: 36 ON 22 3 = THUNDER
SNOW, ICE PELLETS, HAIL 4 = ICE PELLETS
TOTAL MONTH: M 5 = HAIL
GRTST 24HR M ON M 6 = FREEZING RAIN OR DRIZZLE
GRTST DEPTH: M ON M 7 = DUSTSTORM OR SANDSTORM:
VSBY 1/2 MILE OR LESS
8 = SMOKE OR HAZE
[NO. OF DAYS WITH] [WEATHER - DAYS WITH] 9 = BLOWING SNOW
X = TORNADO
MAX 32 OR BELOW: 0 0.01 INCH OR MORE: 10
MAX 90 OR ABOVE: 3 0.10 INCH OR MORE: 4
MIN 32 OR BELOW: 0 0.50 INCH OR MORE: 1
MIN 0 OR BELOW: 0 1.00 INCH OR MORE: 0
[HDD (BASE 65) ]
TOTAL THIS MO. 52 CLEAR (SCALE 0-3) 14
DPTR FM NORMAL -82 PTCLDY (SCALE 4-7) 12
TOTAL FM JUL 1 7339 CLOUDY (SCALE 8-10) 4
DPTR FM NORMAL -1024
[CDD (BASE 65) ]
TOTAL THIS MO. 159
DPTR FM NORMAL 103 [PRESSURE DATA]
TOTAL FM JAN 1 207 HIGHEST SLP 30.22 ON 1
DPTR FM NORMAL 134 LOWEST SLP 29.32 ON 21
[REMARKS]
#FINAL-06-21#