000
CXUS53 KAPX 081616
CF6GLR
PRELIMINARY LOCAL CLIMATOLOGICAL DATA (WS FORM: F-6)
STATION: GAYLORD
MONTH: JULY
YEAR: 2020
LATITUDE: 45 0 N
LONGITUDE: 84 42 W
TEMPERATURE IN F: :PCPN: SNOW: WIND :SUNSHINE: SKY :PK WND
================================================================================
1 2 3 4 5 6A 6B 7 8 9 10 11 12 13 14 15 16 17 18
12Z AVG MX 2MIN
DY MAX MIN AVG DEP HDD CDD WTR SNW DPTH SPD SPD DIR MIN PSBL S-S WX SPD DR
================================================================================
1 86 55 71 6 0 6 0.00 M M 3.2 10 100 M M 1 17 100
2 87 58 73 8 0 8 0.00 M M 4.1 13 330 M M 0 20 280
3 87 63 75 9 0 10 0.00 M M 4.7 14 40 M M 0 1 22 350
4 88 62 75 9 0 10 0.00 M M 3.5 12 310 M M 0 17 310
5 87 60 74 8 0 9 0.00 M M 3.4 12 120 M M 2 3 19 360
6 90 60 75 9 0 10 T M M 3.8 14 240 M M 2 25 240
7 87 65 76 10 0 11 T M M 6.6 18 260 M M 1 26 270
8 91 57 74 8 0 9 0.00 M M 3.5 12 280 M M 1 19 180
9 89 63 76 10 0 11 0.00 M M 6.1 18 270 M M 1 3 27 130
10 78 63 71 5 0 6 0.14 M M 6.2 16 280 M M 6 1 26 290
11 78 60 69 3 0 4 0.00 M M 6.9 16 300 M M 2 28 280
12 71 57 64 -2 1 0 0.00 M M 7.5 15 300 M M 5 24 310
13 77 58 68 2 0 3 0.00 M M 4.9 13 330 M M 4 22 320
14 80 50 65 -1 0 0 0.00 M M 5.9 14 170 M M 1 18 180
15 77 63 70 4 0 5 1.52 M M 8.1 20 280 M M 6 13 31 270
16 80 61 71 5 0 6 0.03 M M 3.1 10 40 M M 6 1 16 270
17 84 57 71 5 0 6 0.00 M M 7.7 18 250 M M 1 26 220
18 87 65 76 10 0 11 0.37 M M 11.1 23 220 M M 2 13 33 220
19 79 65 72 6 0 7 1.03 M M 12.4 24 250 M M 6 13 34 250
20 66 51 59 -7 6 0 T M M 5.9 12 270 M M 7 1 19 290
21 74 44 59 -7 6 0 0.00 M M 3.1 9 50 M M 0 14 320
22 77 59 68 2 0 3 1.27 M M 6.1 17 50 M M 9 13 23 40
23 77 59 68 2 0 3 0.00 M M 4.4 14 50 M M 6 17 50
24 81 50 66 0 0 1 0.00 M M 3.0 9 250 M M 0 16 330
25 86 60 73 7 0 8 0.00 M M 9.5 17 220 M M 0 23 260
26 87 70 79 13 0 14 0.97 M M 10.4 20 230 M M 6 13 28 270
27 76 63 70 4 0 5 0.01 M M 8.7 17 260 M M 5 1 27 280
28 78 58 68 2 0 3 T M M 8.4 18 260 M M 2 32 250
29 76 62 69 3 0 4 0.00 M M 6.5 14 290 M M 5 22 290
30 75 55 65 -1 0 0 0.00 M M 3.3 10 40 M M 4 20 340
31 78 52 65 -1 0 0 0.00 M M 4.0 10 40 M M 1 15 40
================================================================================
SM 2514 1825 13 173 5.34 M 186.0 M 92
================================================================================
AV 81.1 58.9 6.0 FASTST M M 3 MAX(MPH)
MISC ----> # 24 250 # 34 250
================================================================================
NOTES:
# LAST OF SEVERAL OCCURRENCES
COLUMN 17 PEAK WIND IN M.P.H.
PRELIMINARY LOCAL CLIMATOLOGICAL DATA (WS FORM: F-6) , PAGE 2
STATION: GAYLORD
MONTH: JULY
YEAR: 2020
LATITUDE: 45 0 N
LONGITUDE: 84 42 W
[TEMPERATURE DATA] [PRECIPITATION DATA] SYMBOLS USED IN COLUMN 16
AVERAGE MONTHLY: 70.0 TOTAL FOR MONTH: 5.34 1 = FOG OR MIST
DPTR FM NORMAL: 4.0 DPTR FM NORMAL: 2.27 2 = FOG REDUCING VISIBILITY
HIGHEST: 91 ON 8 GRTST 24HR 1.52 ON 15-15 TO 1/4 MILE OR LESS
LOWEST: 44 ON 21 3 = THUNDER
SNOW, ICE PELLETS, HAIL 4 = ICE PELLETS
TOTAL MONTH: M 5 = HAIL
GRTST 24HR M ON M 6 = FREEZING RAIN OR DRIZZLE
GRTST DEPTH: M ON M 7 = DUSTSTORM OR SANDSTORM:
VSBY 1/2 MILE OR LESS
8 = SMOKE OR HAZE
[NO. OF DAYS WITH] [WEATHER - DAYS WITH] 9 = BLOWING SNOW
X = TORNADO
MAX 32 OR BELOW: 0 0.01 INCH OR MORE: 8
MAX 90 OR ABOVE: 2 0.10 INCH OR MORE: 6
MIN 32 OR BELOW: 0 0.50 INCH OR MORE: 4
MIN 0 OR BELOW: 0 1.00 INCH OR MORE: 3
[HDD (BASE 65) ]
TOTAL THIS MO. 13 CLEAR (SCALE 0-3) 18
DPTR FM NORMAL -49 PTCLDY (SCALE 4-7) 12
TOTAL FM JUL 1 13 CLOUDY (SCALE 8-10) 1
DPTR FM NORMAL -49
[CDD (BASE 65) ]
TOTAL THIS MO. 173
DPTR FM NORMAL 82 [PRESSURE DATA]
TOTAL FM JAN 1 272 HIGHEST SLP M ON M
DPTR FM NORMAL 113 LOWEST SLP 29.59 ON 19
[REMARKS]
#FINAL-07-20#