000
CXUS54 KFWD 010730
CF6RBD
PRELIMINARY LOCAL CLIMATOLOGICAL DATA (WS FORM: F-6)
STATION: DALLAS EXECUTIVE
MONTH: JULY
YEAR: 2023
LATITUDE: 32 40 N
LONGITUDE: 96 52 W
TEMPERATURE IN F: :PCPN: SNOW: WIND :SUNSHINE: SKY :PK WND
================================================================================
1 2 3 4 5 6A 6B 7 8 9 10 11 12 13 14 15 16 17 18
12Z AVG MX 2MIN
DY MAX MIN AVG DEP HDD CDD WTR SNW DPTH SPD SPD DIR MIN PSBL S-S WX SPD DR
================================================================================
1 90 76 83 -1 0 18 0.00 M M 8.2 18 330 M M 0 26 190
2 90 73 82 -2 0 17 0.04 M M 4.6 15 250 M M 2 3 21 260
3 99 76 88 4 0 23 0.00 M M 9.0 28 50 M M 1 38 40
4 97 74 86 2 0 21 T M M 10.2 17 160 M M 0 29 160
5 96 78 87 3 0 22 0.00 M M 9.8 17 150 M M 1 24 170
6 96 77 87 2 0 22 0.00 M M 9.0 17 170 M M 2 23 180
7 96 74 85 0 0 20 0.00 M M 9.9 22 170 M M 1 29 190
8 98 78 88 3 0 23 0.00 M M 8.5 18 100 M M 2 23 100
9 95 76 86 1 0 21 0.37 M M 9.2 17 60 M M 3 13 28 280
10 96 75 86 1 0 21 T M M 7.9 15 90 M M 3 13 20 120
11 95 77 86 1 0 21 T M M 11.6 23 30 M M 1 3 29 40
12 103 79 91 6 0 26 0.00 M M 12.2 21 180 M M 0 28 190
13 102 80 91 6 0 26 0.00 M M 12.4 23 190 M M 0 34 180
14 102 82 92 6 0 27 0.00 M M 11.6 21 190 M M 0 30 180
15 102 80 91 5 0 26 0.00 M M 9.4 18 190 M M 1 27 180
16 89 76 83 -3 0 18 0.02 M M 9.1 23 300 M M 1 13 30 300
17 106 73 90 4 0 25 0.00 M M 8.9 17 190 M M 0 24 180
18 107 83 95 9 0 30 0.00 M M 12.7 21 180 M M 0 31 170
19 105 80 93 7 0 28 0.00 M M 11.9 17 180 M M 0 27 180
20 102 80 91 5 0 26 0.00 M M 9.6 17 190 M M 0 25 180
21 101 79 90 4 0 25 0.00 M M 9.2 16 40 M M 0 22 40
22 95 76 86 0 0 21 0.00 M M 8.3 17 20 M M 0 24 30
23 98 67 83 -3 0 18 0.00 M M 4.5 14 110 M M 0 20 110
24 102 72 87 1 0 22 0.00 M M 7.5 14 160 M M 0 22 140
25 103 79 91 4 0 26 0.00 M M 8.7 18 180 M M 0 29 170
26 101 78 90 3 0 25 0.00 M M 10.7 20 150 M M 0 28 130
27 101 79 90 3 0 25 0.00 M M 9.4 20 140 M M 0 26 110
28 100 79 90 3 0 25 0.00 M M 8.9 17 130 M M 0 27 120
29 101 80 91 4 0 26 0.00 M M 7.2 16 130 M M 0 20 130
30 103 79 91 4 0 26 0.00 M M 6.1 14 150 M M 0 20 160
31 105 78 92 5 0 27 0.00 M M 6.5 15 130 M M 0 26 200
================================================================================
SM 3076 2393 0 727 0.43 M 282.7 M 18
================================================================================
AV 99.2 77.2 9.1 FASTST M M 1 MAX(MPH)
MISC ----> 28 50 38 40
================================================================================
NOTES:
# LAST OF SEVERAL OCCURRENCES
COLUMN 17 PEAK WIND IN M.P.H.
PRELIMINARY LOCAL CLIMATOLOGICAL DATA (WS FORM: F-6) , PAGE 2
STATION: DALLAS EXECUTIVE
MONTH: JULY
YEAR: 2023
LATITUDE: 32 40 N
LONGITUDE: 96 52 W
[TEMPERATURE DATA] [PRECIPITATION DATA] SYMBOLS USED IN COLUMN 16
AVERAGE MONTHLY: 88.2 TOTAL FOR MONTH: 0.43 1 = FOG OR MIST
DPTR FM NORMAL: 2.6 DPTR FM NORMAL: -1.48 2 = FOG REDUCING VISIBILITY
HIGHEST: 107 ON 18 GRTST 24HR 0.37 ON 9- 9 TO 1/4 MILE OR LESS
LOWEST: 67 ON 23 3 = THUNDER
SNOW, ICE PELLETS, HAIL 4 = ICE PELLETS
TOTAL MONTH: M 5 = HAIL
GRTST 24HR M ON M 6 = FREEZING RAIN OR DRIZZLE
GRTST DEPTH: M ON M 7 = DUSTSTORM OR SANDSTORM:
VSBY 1/2 MILE OR LESS
8 = SMOKE OR HAZE
[NO. OF DAYS WITH] [WEATHER - DAYS WITH] 9 = BLOWING SNOW
X = TORNADO
MAX 32 OR BELOW: 0 0.01 INCH OR MORE: 3
MAX 90 OR ABOVE: 30 0.10 INCH OR MORE: 1
MIN 32 OR BELOW: 0 0.50 INCH OR MORE: 0
MIN 0 OR BELOW: 0 1.00 INCH OR MORE: 0
[HDD (BASE 65) ]
TOTAL THIS MO. 0 CLEAR (SCALE 0-3) 30
DPTR FM NORMAL 0 PTCLDY (SCALE 4-7) 1
TOTAL FM JUL 1 0 CLOUDY (SCALE 8-10) 0
DPTR FM NORMAL 0
[CDD (BASE 65) ]
TOTAL THIS MO. 727
DPTR FM NORMAL 87 [PRESSURE DATA]
TOTAL FM JAN 1 1683 HIGHEST SLP M ON M
DPTR FM NORMAL 105 LOWEST SLP 29.71 ON 13
[REMARKS]
#FINAL-07-23#