000
CXUS54 KFWD 010834
CF6RBD
PRELIMINARY LOCAL CLIMATOLOGICAL DATA (WS FORM: F-6)
STATION: DALLAS EXECUTIVE
MONTH: FEBRUARY
YEAR: 2024
LATITUDE: 32 40 N
LONGITUDE: 96 52 W
TEMPERATURE IN F: :PCPN: SNOW: WIND :SUNSHINE: SKY :PK WND
================================================================================
1 2 3 4 5 6A 6B 7 8 9 10 11 12 13 14 15 16 17 18
12Z AVG MX 2MIN
DY MAX MIN AVG DEP HDD CDD WTR SNW DPTH SPD SPD DIR MIN PSBL S-S WX SPD DR
================================================================================
1 72 53 63 14 2 0 0.00 M M 10.4 22 180 M M 0 34 180
2 66 52 59 10 6 0 0.45 M M 11.2 26 280 M M 7 13 38 290
3 67 49 58 9 7 0 0.15 M M 7.8 21 70 M M 6 1 26 70
4 62 49 56 7 9 0 0.03 M M 12.0 24 340 M M 8 138 34 350
5 61 47 54 4 11 0 T M M 13.2 22 330 M M 4 1 32 330
6 67 40 54 4 11 0 0.00 M M 4.1 10 110 M M 0 1 14 90
7 66 48 57 7 8 0 0.00 M M 11.0 21 160 M M 1 31 180
8 67 57 62 12 3 0 0.00 M M 9.3 17 180 M M 2 24 190
9 72 53 63 13 2 0 0.00 M M 5.8 17 210 M M 2 8 27 210
10 62 52 57 7 8 0 0.71 M M 7.4 16 340 M M 9 13 22 340
11 53 40 47 -3 18 0 0.47 M M 13.2 28 300 M M 10 13 36 290
12 55 38 47 -4 18 0 0.01 M M 13.3 26 320 M M 4 1 33 320
13 63 31 47 -4 18 0 0.00 M M 5.4 14 200 M M 0 20 220
14 66 42 54 3 11 0 0.00 M M 10.2 20 170 M M 0 28 160
15 69 54 62 11 3 0 0.00 M M 8.2 15 190 M M 0 23 200
16 70 41 56 5 9 0 0.00 M M 15.0 26 20 M M 1 35 360
17 45 34 40 -12 25 0 0.00 M M 15.9 26 20 M M 3 34 20
18 53 26 40 -12 25 0 0.00 M M 5.1 16 330 M M 1 20 330
19 66 36 51 -1 14 0 0.00 M M 10.8 22 180 M M 0 31 180
20 80 41 61 9 4 0 0.00 M M 9.3 21 180 M M 0 29 180
21 79 58 69 17 0 4 0.00 M M 15.7 25 190 M M 1 1 37 170
22 82 62 72 19 0 7 0.00 M M 12.9 22 190 M M 2 33 190
23 71 49 60 7 5 0 0.00 M M 10.4 21 10 M M 0 28 10
24 76 48 62 9 3 0 0.00 M M 8.2 14 250 M M 0 20 270
25 82 57 70 17 0 5 0.00 M M 13.5 22 190 M M 0 31 180
26 90 61 76 22 0 11 0.00 M M 12.0 23 200 M M 0 34 200
27 77 66 72 18 0 7 0.00 M M 14.5 20 190 M M 2 33 220
28 74 40 57 3 8 0 0.00 M M 14.4 31 340 M M 1 40 340
29 53 41 47 -7 18 0 0.20 M M 8.4 17 120 M M 7 13 23 80
================================================================================
SM 1966 1365 246 34 2.02 M 308.6 M 71
================================================================================
AV 67.8 47.1 10.6 FASTST M M 2 MAX(MPH)
MISC ----> 31 340 40 340
================================================================================
NOTES:
# LAST OF SEVERAL OCCURRENCES
COLUMN 17 PEAK WIND IN M.P.H.
PRELIMINARY LOCAL CLIMATOLOGICAL DATA (WS FORM: F-6) , PAGE 2
STATION: DALLAS EXECUTIVE
MONTH: FEBRUARY
YEAR: 2024
LATITUDE: 32 40 N
LONGITUDE: 96 52 W
[TEMPERATURE DATA] [PRECIPITATION DATA] SYMBOLS USED IN COLUMN 16
AVERAGE MONTHLY: 57.4 TOTAL FOR MONTH: 2.02 1 = FOG OR MIST
DPTR FM NORMAL: 6.1 DPTR FM NORMAL: -0.55 2 = FOG REDUCING VISIBILITY
HIGHEST: 90 ON 26 GRTST 24HR 0.73 ON 10-11 TO 1/4 MILE OR LESS
LOWEST: 26 ON 18 3 = THUNDER
SNOW, ICE PELLETS, HAIL 4 = ICE PELLETS
TOTAL MONTH: M 5 = HAIL
GRTST 24HR M ON M 6 = FREEZING RAIN OR DRIZZLE
GRTST DEPTH: M ON M 7 = DUSTSTORM OR SANDSTORM:
VSBY 1/2 MILE OR LESS
8 = SMOKE OR HAZE
[NO. OF DAYS WITH] [WEATHER - DAYS WITH] 9 = BLOWING SNOW
X = TORNADO
MAX 32 OR BELOW: 0 0.01 INCH OR MORE: 7
MAX 90 OR ABOVE: 1 0.10 INCH OR MORE: 5
MIN 32 OR BELOW: 2 0.50 INCH OR MORE: 1
MIN 0 OR BELOW: 0 1.00 INCH OR MORE: 0
[HDD (BASE 65) ]
TOTAL THIS MO. 246 CLEAR (SCALE 0-3) 21
DPTR FM NORMAL -148 PTCLDY (SCALE 4-7) 5
TOTAL FM JUL 1 1691 CLOUDY (SCALE 8-10) 3
DPTR FM NORMAL -100
[CDD (BASE 65) ]
TOTAL THIS MO. 34
DPTR FM NORMAL 24 [PRESSURE DATA]
TOTAL FM JAN 1 34 HIGHEST SLP 30.41 ON 29
DPTR FM NORMAL 20 LOWEST SLP 29.46 ON 4
[REMARKS]
#FINAL-02-24#