000
CXUS53 KLSX 011400
CF6UIN
PRELIMINARY LOCAL CLIMATOLOGICAL DATA (WS FORM: F-6)
STATION: QUINCY IL
MONTH: MARCH
YEAR: 2024
LATITUDE: 39 57 N
LONGITUDE: 91 12 W
TEMPERATURE IN F: :PCPN: SNOW: WIND :SUNSHINE: SKY :PK WND
================================================================================
1 2 3 4 5 6A 6B 7 8 9 10 11 12 13 14 15 16 17 18
12Z AVG MX 2MIN
DY MAX MIN AVG DEP HDD CDD WTR SNW DPTH SPD SPD DIR MIN PSBL S-S WX SPD DR
================================================================================
1 47 34 41 5 24 0 0.01 M 0 8.6 17 190 M M 5 22 200
2 64 33 49 12 16 0 0.00 0.0 0 11.3 21 180 M M 0 28 130
3 82 51 67 30 0 2 0.00 0.0 0 15.3 33 210 M M 0 43 210
4 77 46 62 25 3 0 T 0.0 0 12.4 24 330 M M 3 3 35 200
5 50 40 45 7 20 0 0.01 0.0 0 12.3 22 10 M M 10 138 27 10
6 61 32 47 9 18 0 0.00 0.0 0 8.6 16 110 M M 0 1 24 60
7 51 36 44 5 21 0 0.42 M M 10.4 18 100 M M 5 18 25 90
8 53 40 47 8 18 0 0.03 0.0 M 12.0 21 350 M M 10 1 26 320
9 48 31 40 1 25 0 0.00 0.0 0 14.0 24 320 M M 2 35 310
10 52 26 39 -1 26 0 0.00 0.0 0 6.6 12 300 M M 0 17 290
11 70 37 54 14 11 0 0.00 0.0 0 12.0 28 210 M M 0 33 220
12 75 45 60 20 5 0 0.00 0.0 0 11.3 21 190 M M 0 29 180
13 73 50 62 21 3 0 0.00 0.0 0 7.7 20 190 M M 3 28 190
14 68 48 58 17 7 0 0.46 0.0 0 13.3 26 270 M M 6 13 36 270
15 61 39 50 8 15 0 0.00 0.0 0 8.7 21 20 M M 2 27 10
16 66 37 52 10 13 0 0.00 0.0 0 13.3 31 290 M M 2 41 280
17 44 25 35 -7 30 0 0.00 0.0 0 13.9 29 310 M M 3 37 310
18 37 22 30 -13 35 0 0.00 0.0 0 11.4 21 320 M M 1 27 320
19 64 25 45 2 20 0 0.00 0.0 0 12.9 25 240 M M 0 35 240
20 49 28 39 -5 26 0 0.00 0.0 0 10.4 20 360 M M 0 26 330
21 50 28 39 -5 26 0 0.00 0.0 0 9.7 17 110 M M 4 22 110
22 51 34 43 -1 22 0 0.06 0.0 0 12.9 25 10 M M 6 1 33 360
23 47 29 38 -7 27 0 0.02 0.0 0 9.8 18 120 M M 6 28 120
24 61 38 50 5 15 0 0.00 0.0 0 16.3 24 140 M M 4 33 140
25 58 50 54 8 11 0 1.02 0.0 0 13.2 29 160 M M 8 1 48 160
26 51 33 42 -4 23 0 0.04 0.0 0 17.3 29 230 M M 10 18 41 230
27 49 29 39 -7 26 0 0.00 0.0 0 8.5 16 320 M M 6 22 280
28 64 31 48 1 17 0 T 0.0 0 9.7 20 220 M M 1 36 220
29 75 43 59 12 6 0 0.00 0.0 0 12.1 23 210 M M 2 33 150
30 68 49 59 12 6 0 0.00 0.0 0 9.7 20 220 M M 1 29 220
31 71 50 61 13 4 0 0.00 0.0 M 10.5 20 50 M M 8 27 110
================================================================================
SM 1837 1139 519 2 2.07 0.0 356.1 M 108
================================================================================
AV 59.3 36.7 11.5 FASTST M M 3 MAX(MPH)
MISC ----> 33 210 48 160
================================================================================
NOTES:
# LAST OF SEVERAL OCCURRENCES
COLUMN 17 PEAK WIND IN M.P.H.
PRELIMINARY LOCAL CLIMATOLOGICAL DATA (WS FORM: F-6) , PAGE 2
STATION: QUINCY IL
MONTH: MARCH
YEAR: 2024
LATITUDE: 39 57 N
LONGITUDE: 91 12 W
[TEMPERATURE DATA] [PRECIPITATION DATA] SYMBOLS USED IN COLUMN 16
AVERAGE MONTHLY: 48.0 TOTAL FOR MONTH: 2.07 1 = FOG OR MIST
DPTR FM NORMAL: 5.9 DPTR FM NORMAL: -0.22 2 = FOG REDUCING VISIBILITY
HIGHEST: 82 ON 3 GRTST 24HR 1.03 ON 25-26 TO 1/4 MILE OR LESS
LOWEST: 22 ON 18 3 = THUNDER
SNOW, ICE PELLETS, HAIL 4 = ICE PELLETS
TOTAL MONTH: 0.0 INCH 5 = HAIL
GRTST 24HR 0.0 6 = FREEZING RAIN OR DRIZZLE
GRTST DEPTH: 0 7 = DUSTSTORM OR SANDSTORM:
VSBY 1/2 MILE OR LESS
8 = SMOKE OR HAZE
[NO. OF DAYS WITH] [WEATHER - DAYS WITH] 9 = BLOWING SNOW
X = TORNADO
MAX 32 OR BELOW: 0 0.01 INCH OR MORE: 9
MAX 90 OR ABOVE: 0 0.10 INCH OR MORE: 3
MIN 32 OR BELOW: 11 0.50 INCH OR MORE: 1
MIN 0 OR BELOW: 0 1.00 INCH OR MORE: 1
[HDD (BASE 65) ]
TOTAL THIS MO. 519 CLEAR (SCALE 0-3) 18
DPTR FM NORMAL -195 PTCLDY (SCALE 4-7) 8
TOTAL FM JUL 1 3985 CLOUDY (SCALE 8-10) 5
DPTR FM NORMAL -992
[CDD (BASE 65) ]
TOTAL THIS MO. 2
DPTR FM NORMAL 0 [PRESSURE DATA]
TOTAL FM JAN 1 2 HIGHEST SLP 30.36 ON 23
DPTR FM NORMAL 0 LOWEST SLP 29.37 ON 26
[REMARKS]
#FINAL-03-24#