000
CXUS53 KUNR 220945
CF6GCC
PRELIMINARY LOCAL CLIMATOLOGICAL DATA (WS FORM: F-6)

                                          STATION:   GILLETTE AIRPORT WY
                                          MONTH:     SEPTEMBER
                                          YEAR:      2017
                                          LATITUDE:   44 20 N
                                          LONGITUDE: 105 32 W

  TEMPERATURE IN F:       :PCPN:    SNOW:  WIND      :SUNSHINE: SKY     :PK WND
================================================================================
1   2   3   4   5  6A  6B    7    8   9   10  11  12  13   14  15   16   17  18
                                     12Z  AVG MX 2MIN
DY MAX MIN AVG DEP HDD CDD  WTR  SNW DPTH SPD SPD DIR MIN PSBL S-S WX    SPD DR
================================================================================

 1  84  52  68   3   0   3 0.00    M    M 11.5 25 320   M    M   2 8      33 320
 2  91  53  72   7   0   7 0.00    M    M  8.3 17 250   M    M   0 8      21 340
 3  89  54  72   8   0   7 0.00    M    M 12.7 28 330   M    M   6 8      35 320
 4  68  37  53 -11  12   0 0.00    M    M  8.9 21 340   M    M   1 8      25 360
 5  72  34  53 -10  12   0 0.00    M    M  4.8 16 360   M    M   0        21  10
 6  79  41  60  -3   5   0 0.00    M    M  5.3 13 130   M    M   0        16 140
 7  86  37  62   0   3   0 0.00    M    M  3.5 10  10   M    M   0        13  10
 8  88  57  73  11   0   8 0.00    M    M 14.2 23 150   M    M   0        27 150
 9  92  55  74  12   0   9 0.00    M    M  8.8 18 170   M    M   0        23 170
10  89  56  73  12   0   8 0.00    M    M  7.2 18  10   M    M   1        23 360
11  92  55  74  13   0   9 0.00    M    M  4.8 15 200   M    M   1 8      23 150
12  93  52  73  13   0   8 0.03    M    M  4.3 28 360   M    M   0 38     33 360
13  91  51  71  11   0   6 0.00    M    M  8.7 21 330   M    M   0 8      24 330
14  70  49  60   1   5   0 0.43    M    M 10.7 20  10   M    M   3 18     24  20
15  49  40  45 -14  20   0 0.52    M    M 12.3 22 350   M    M   9 18     26 360
16  47  35  41 -17  24   0 0.01    M    M  7.2 16 340   M    M   8 18     20 330
17  65  35  50  -8  15   0 0.00    M    M  8.4 25 160   M    M   0        30 170
18  77  39  58   1   7   0 0.00    M    M  9.4 21 230   M    M   0        27 240
19  63  37  50  -7  15   0 0.21    M    M  8.7 21 310   M    M   5 1      26 320
20  67  40  54  -2  11   0 0.00    M    M 18.3 33 220   M    M   1        42 220
21  65  40  53  -3  12   0    T    M    M 10.9 25  10   M    M   1        32  10
================================================================================
SM 1617  949       141  65  1.20    M    188.9          M       38
================================================================================
AV 77.0 45.2                               9.0 FASTST   M    M   2    MAX(MPH)
                                 MISC ---->  # 33 220               # 42  220
================================================================================
NOTES:
# LAST OF SEVERAL OCCURRENCES

COLUMN 17 PEAK WIND IN M.P.H.

PRELIMINARY LOCAL CLIMATOLOGICAL DATA (WS FORM: F-6) , PAGE 2

                                          STATION:  GILLETTE AIRPORT WY
                                          MONTH:    SEPTEMBER
                                          YEAR:     2017
                                          LATITUDE:   44 20 N
                                          LONGITUDE: 105 32 W

[TEMPERATURE DATA]      [PRECIPITATION DATA]       SYMBOLS USED IN COLUMN 16

AVERAGE MONTHLY: 61.1   TOTAL FOR MONTH:   1.20    1 = FOG OR MIST
DPTR FM NORMAL:   0.5   DPTR FM NORMAL:    0.43    2 = FOG REDUCING VISIBILITY
HIGHEST:    93 ON 12    GRTST 24HR  0.52 ON 15-15      TO 1/4 MILE OR LESS
LOWEST:     34 ON  5                               3 = THUNDER
                        SNOW, ICE PELLETS, HAIL    4 = ICE PELLETS
                        TOTAL MONTH:    M          5 = HAIL
                        GRTST 24HR    M  ON   M    6 = FREEZING RAIN OR DRIZZLE
                        GRTST DEPTH:  M  ON   M    7 = DUSTSTORM OR SANDSTORM:
                                                       VSBY 1/2 MILE OR LESS
                                                   8 = SMOKE OR HAZE
[NO. OF DAYS WITH]      [WEATHER - DAYS WITH]      9 = BLOWING SNOW
                                                   X = TORNADO
MAX 32 OR BELOW:   0    0.01 INCH OR MORE:   5
MAX 90 OR ABOVE:   5    0.10 INCH OR MORE:   3
MIN 32 OR BELOW:   0    0.50 INCH OR MORE:   1
MIN  0 OR BELOW:   0    1.00 INCH OR MORE:   0

[HDD (BASE 65) ]
TOTAL THIS MO.   141    CLEAR  (SCALE 0-3)  16
DPTR FM NORMAL    11    PTCLDY (SCALE 4-7)   4
TOTAL FM JUL 1   176    CLOUDY (SCALE 8-10)  1
DPTR FM NORMAL   -11

[CDD (BASE 65) ]
TOTAL THIS MO.    65
DPTR FM NORMAL    26    [PRESSURE DATA]
TOTAL FM JAN 1   617    HIGHEST SLP M ON M
DPTR FM NORMAL   118    LOWEST  SLP 29.25 ON 19

[REMARKS]
