000
CXUS55 KDVN 011100
CF6BRL
PRELIMINARY LOCAL CLIMATOLOGICAL DATA (WS FORM: F-6)
STATION: BURLINGTON IA
MONTH: NOVEMBER
YEAR: 2023
LATITUDE: 40 46 N
LONGITUDE: 91 7 W
TEMPERATURE IN F: :PCPN: SNOW: WIND :SUNSHINE: SKY :PK WND
================================================================================
1 2 3 4 5 6A 6B 7 8 9 10 11 12 13 14 15 16 17 18
12Z AVG MX 2MIN
DY MAX MIN AVG DEP HDD CDD WTR SNW DPTH SPD SPD DIR MIN PSBL S-S WX SPD DR
================================================================================
1 45 20 33 -14 32 0 0.00 M M 7.8 16 190 M M 0 25 200
2 57 27 42 -5 23 0 0.00 M M 8.9 17 210 M M 0 26 190
3 58 38 48 2 17 0 T M M 7.9 21 210 M M 2 8 29 210
4 61 33 47 1 18 0 0.00 M M 3.4 9 340 M M 0 18 12 330
5 63 31 47 1 18 0 0.00 M M 7.8 18 190 M M 0 12 25 180
6 70 49 60 15 5 0 0.00 M M 8.5 17 180 M M 1 8 26 240
7 65 37 51 6 14 0 0.00 M M 8.9 18 110 M M 2 1 29 110
8 65 50 58 14 7 0 0.00 M M 8.1 20 120 M M 6 18 26 120
9 60 34 47 3 18 0 0.00 M M 8.1 24 340 M M 1 18 37 350
10 48 30 39 -4 26 0 0.00 M M 6.2 15 320 M M 0 8 22 310
11 51 26 39 -4 26 0 0.00 M M 5.5 13 150 M M 4 18 21 180
12 61 37 49 7 16 0 0.00 M M 11.1 21 200 M M 2 8 28 180
13 65 33 49 7 16 0 0.00 M M 3.9 12 340 M M 0 18 16 350
14 62 32 47 5 18 0 0.00 M M 9.1 22 200 M M 0 8 29 220
15 68 37 53 12 12 0 0.00 M M 7.1 13 200 M M 0 8 17 230
16 64 41 53 12 12 0 0.00 M M 11.6 25 200 M M 3 8 35 200
17 58 25 42 2 23 0 0.00 M M 7.8 17 350 M M 2 8 26 330
18 57 25 41 1 24 0 0.00 M M 4.4 13 260 M M 0 18 18 210
19 58 30 44 4 21 0 0.00 M M 4.4 12 90 M M 1 19 80
20 48 39 44 5 21 0 0.20 M M 10.5 18 50 M M 9 1 24 60
21 48 37 43 4 22 0 T M M 11.7 21 310 M M 9 1 30 320
22 45 28 37 -1 28 0 0.00 M M 7.0 14 200 M M 2 21 240
23 49 32 41 3 24 0 0.00 M M 10.7 18 340 M M 0 25 360
24 32 26 29 -8 36 0 0.00 M M 11.8 21 20 M M 1 27 20
25 40 27 34 -3 31 0 T M M 4.6 12 180 M M 6 1 17 180
26 33 26 30 -7 35 0 0.35 M M 7.7 17 290 M M 8 1 30 280
27 26 14 20 -16 45 0 0.00 M M 7.9 15 280 M M 2 23 310
28 24 5 15 -21 50 0 0.00 M M 6.9 13 180 M M 0 17 180
29 43 18 31 -4 34 0 0.00 M M 6.8 13 190 M M 0 1 16 190
30 54 32 43 8 22 0 0.00 M M 8.8 16 210 M M 4 23 210
================================================================================
SM 1578 919 694 0 0.55 M 234.9 M 65
================================================================================
AV 52.6 30.6 7.8 FASTST M M 2 MAX(MPH)
MISC ----> 25 200 37 350
================================================================================
NOTES:
# LAST OF SEVERAL OCCURRENCES
COLUMN 17 PEAK WIND IN M.P.H.
PRELIMINARY LOCAL CLIMATOLOGICAL DATA (WS FORM: F-6) , PAGE 2
STATION: BURLINGTON IA
MONTH: NOVEMBER
YEAR: 2023
LATITUDE: 40 46 N
LONGITUDE: 91 7 W
[TEMPERATURE DATA] [PRECIPITATION DATA] SYMBOLS USED IN COLUMN 16
AVERAGE MONTHLY: 41.6 TOTAL FOR MONTH: 0.55 1 = FOG OR MIST
DPTR FM NORMAL: 0.6 DPTR FM NORMAL: -1.74 2 = FOG REDUCING VISIBILITY
HIGHEST: 70 ON 6 GRTST 24HR 0.35 ON 26-26 TO 1/4 MILE OR LESS
LOWEST: 5 ON 28 3 = THUNDER
SNOW, ICE PELLETS, HAIL 4 = ICE PELLETS
TOTAL MONTH: M 5 = HAIL
GRTST 24HR M ON M 6 = FREEZING RAIN OR DRIZZLE
GRTST DEPTH: M ON M 7 = DUSTSTORM OR SANDSTORM:
VSBY 1/2 MILE OR LESS
8 = SMOKE OR HAZE
[NO. OF DAYS WITH] [WEATHER - DAYS WITH] 9 = BLOWING SNOW
X = TORNADO
MAX 32 OR BELOW: 3 0.01 INCH OR MORE: 2
MAX 90 OR ABOVE: 0 0.10 INCH OR MORE: 2
MIN 32 OR BELOW: 18 0.50 INCH OR MORE: 0
MIN 0 OR BELOW: 0 1.00 INCH OR MORE: 0
[HDD (BASE 65) ]
TOTAL THIS MO. 694 CLEAR (SCALE 0-3) 23
DPTR FM NORMAL -25 PTCLDY (SCALE 4-7) 5
TOTAL FM JUL 1 1036 CLOUDY (SCALE 8-10) 2
DPTR FM NORMAL -119
[CDD (BASE 65) ]
TOTAL THIS MO. 0
DPTR FM NORMAL -1 [PRESSURE DATA]
TOTAL FM JAN 1 1035 HIGHEST SLP 30.55 ON 24
DPTR FM NORMAL -48 LOWEST SLP 29.61 ON 8
[REMARKS]
#FINAL-11-23#