000
CXUS54 KFWD 010730
CF6FTW
PRELIMINARY LOCAL CLIMATOLOGICAL DATA (WS FORM: F-6)
STATION: FORT WORTH MEACHAM
MONTH: OCTOBER
YEAR: 2023
LATITUDE: 32 49 N
LONGITUDE: 97 21 W
TEMPERATURE IN F: :PCPN: SNOW: WIND :SUNSHINE: SKY :PK WND
================================================================================
1 2 3 4 5 6A 6B 7 8 9 10 11 12 13 14 15 16 17 18
12Z AVG MX 2MIN
DY MAX MIN AVG DEP HDD CDD WTR SNW DPTH SPD SPD DIR MIN PSBL S-S WX SPD DR
================================================================================
1 92 67 80 8 0 15 0.00 M M 6.0 16 120 M M 0 21 100
2 92 66 79 7 0 14 0.00 M M 6.0 17 110 M M 1 8 23 110
3 92 71 82 10 0 17 0.00 M M 11.5 24 150 M M 0 34 150
4 95 69 82 11 0 17 1.15 M M 14.7 36 20 M M 6 13 45 360
5 83 69 76 5 0 11 0.07 M M 8.5 17 40 M M 6 1 22 40
6 87 63 75 4 0 10 0.00 M M 8.8 22 30 M M 0 31 20
7 71 53 62 -8 3 0 0.00 M M 8.7 25 10 M M 1 33 10
8 79 50 65 -5 0 0 0.00 M M 6.5 14 160 M M 0 20 170
9 88 56 72 2 0 7 0.00 M M 9.3 17 170 M M 0 23 180
10 84 62 73 4 0 8 0.00 M M 9.9 21 150 M M 1 28 150
11 75 64 70 1 0 5 0.00 M M 14.6 25 140 M M 6 33 150
12 83 63 73 5 0 8 0.00 M M 15.7 28 150 M M 5 36 160
13 77 62 70 2 0 5 0.00 M M 12.6 23 320 M M 2 30 300
14 71 51 61 -7 4 0 0.00 M M 11.4 20 310 M M 0 30 310
15 67 49 58 -9 7 0 0.00 M M 12.0 25 360 M M 0 33 300
16 66 44 55 -12 10 0 0.00 M M 7.4 18 360 M M 0 27 350
17 74 43 59 -7 6 0 0.00 M M 5.2 12 140 M M 0 16 140
18 81 51 66 0 0 1 0.00 M M 11.1 23 160 M M 0 32 150
19 86 53 70 4 0 5 0.00 M M 5.8 18 350 M M 0 8 24 340
20 92 59 76 11 0 11 0.00 M M 4.1 14 290 M M 0 8 17 300
21 90 60 75 10 0 10 0.00 M M 6.2 15 170 M M 0 8 21 160
22 84 65 75 10 0 10 0.00 M M 7.6 18 130 M M 0 24 150
23 80 68 74 10 0 9 0.63 M M 11.2 20 160 M M 7 1 29 160
24 73 69 71 7 0 6 0.67 M M 12.8 24 160 M M 10 1 36 160
25 77 66 72 8 0 7 4.92 M M 10.3 20 150 M M 10 13 27 140
26 82 67 75 12 0 10 0.93 M M 10.8 21 170 M M 4 1 29 160
27 86 63 75 12 0 10 0.05 M M 11.3 28 300 M M 7 1 36 300
28 63 53 58 -4 7 0 2.16 M M 8.2 17 350 M M 10 13 22 360
29 53 38 46 -16 19 0 0.61 M M 14.4 24 340 M M 10 1 37 350
30 48 35 42 -20 23 0 0.60 M M 14.8 26 360 M M 2 13 34 350
31 60 33 47 -14 18 0 0.00 M M 8.9 17 360 M M 0 23 310
================================================================================
SM 2431 1782 97 196 11.79 M 306.3 M 88
================================================================================
AV 78.4 57.5 9.9 FASTST M M 3 MAX(MPH)
MISC ----> 36 20 45 360
================================================================================
NOTES:
# LAST OF SEVERAL OCCURRENCES
COLUMN 17 PEAK WIND IN M.P.H.
PRELIMINARY LOCAL CLIMATOLOGICAL DATA (WS FORM: F-6) , PAGE 2
STATION: FORT WORTH MEACHAM
MONTH: OCTOBER
YEAR: 2023
LATITUDE: 32 49 N
LONGITUDE: 97 21 W
[TEMPERATURE DATA] [PRECIPITATION DATA] SYMBOLS USED IN COLUMN 16
AVERAGE MONTHLY: 68.0 TOTAL FOR MONTH: 11.79 1 = FOG OR MIST
DPTR FM NORMAL: 1.1 DPTR FM NORMAL: 7.33 2 = FOG REDUCING VISIBILITY
HIGHEST: 95 ON 4 GRTST 24HR 5.85 ON 25-26 TO 1/4 MILE OR LESS
LOWEST: 33 ON 31 3 = THUNDER
SNOW, ICE PELLETS, HAIL 4 = ICE PELLETS
TOTAL MONTH: M 5 = HAIL
GRTST 24HR M ON M 6 = FREEZING RAIN OR DRIZZLE
GRTST DEPTH: M ON M 7 = DUSTSTORM OR SANDSTORM:
VSBY 1/2 MILE OR LESS
8 = SMOKE OR HAZE
[NO. OF DAYS WITH] [WEATHER - DAYS WITH] 9 = BLOWING SNOW
X = TORNADO
MAX 32 OR BELOW: 0 0.01 INCH OR MORE: 10
MAX 90 OR ABOVE: 6 0.10 INCH OR MORE: 8
MIN 32 OR BELOW: 0 0.50 INCH OR MORE: 8
MIN 0 OR BELOW: 0 1.00 INCH OR MORE: 3
[HDD (BASE 65) ]
TOTAL THIS MO. 97 CLEAR (SCALE 0-3) 20
DPTR FM NORMAL 14 PTCLDY (SCALE 4-7) 7
TOTAL FM JUL 1 97 CLOUDY (SCALE 8-10) 4
DPTR FM NORMAL 9
[CDD (BASE 65) ]
TOTAL THIS MO. 196
DPTR FM NORMAL 54 [PRESSURE DATA]
TOTAL FM JAN 1 3437 HIGHEST SLP M ON M
DPTR FM NORMAL 768 LOWEST SLP 29.52 ON 12
[REMARKS]
#FINAL-10-23#