000
CXUS52 KCAE 021216
CF6OGB
PRELIMINARY LOCAL CLIMATOLOGICAL DATA (WS FORM: F-6)
STATION: ORANGEBURG AIRPORT SC
MONTH: MARCH
YEAR: 2024
LATITUDE: 33 27 N
LONGITUDE: 80 51 W
TEMPERATURE IN F: :PCPN: SNOW: WIND :SUNSHINE: SKY :PK WND
================================================================================
1 2 3 4 5 6A 6B 7 8 9 10 11 12 13 14 15 16 17 18
12Z AVG MX 2MIN
DY MAX MIN AVG DEP HDD CDD WTR SNW DPTH SPD SPD DIR MIN PSBL S-S WX SPD DR
================================================================================
1 59 45 52 -1 13 0 1.35 M M 5.9 13 310 M M 9 1 20 110
2 71 50 61 7 4 0 0.07 M M 3.1 10 310 M M 7 12 14 310
3 70 56 63 9 2 0 0.00 M M 1.9 7 330 M M 9 12 9 80
4 76 56 66 12 0 1 0.00 0.0 0 4.6 40 13 M M 8 12 20 17
5 78 48 63 9 2 0 0.01 M M 2.9 9 40 M M 2 1 14 120
6 78 61 70 15 0 5 1.64 M M 6.4 15 270 M M 9 1 20 260
7 72 58 65 10 0 0 0.00 M M 3.7 12 40 M M 6 18 17 330
8 70 53 62 7 3 0 0.00 M M 5.7 15 120 M M 7 1 24 130
9 78 57 68 13 0 3 1.03 M M 12.5 31 210 M M 8 1 39 200
10 68 53 61 5 4 0 0.00 M M 12.8 23 260 M M 0 33 270
11 68 38 53 -3 12 0 0.00 M M 3.8 13 210 M M 0 17 240
12 76 46 61 5 4 0 0.00 M M 5.0 15 210 M M 1 8 20 200
13 79 45 62 6 3 0 0.00 M M 3.2 14 240 M M 2 19 230
14 84 47 66 10 0 1 0.00 M M 3.8 14 210 M M 3 1 17 180
15 81 52 67 10 0 2 0.07 M M 7.1 24 230 M M 3 3 33 220
16 83 61 72 15 0 7 0.00 M M 6.0 14 260 M M 4 21 230
17 76 56 66 9 0 1 0.05 M M 9.2 18 250 M M 4 8 25 230
18 69 50 60 2 5 0 T M M 9.9 22 290 M M 5 34 320
19 62 36 49 -9 16 0 0.00 M M 8.0 16 240 M M 0 8 24 320
20 78 45 62 4 3 0 0.00 M M 8.6 20 270 M M 0 8 27 270
21 79 47 63 5 2 0 0.00 M M 4.0 10 140 M M 0 8 18 40
22 68 58 63 5 2 0 0.32 M M 4.9 13 130 M M 8 1 23 120
23 73 60 67 8 0 2 0.12 M M 9.0 17 10 M M 9 1 25 320
24 64 46 55 -4 10 0 0.00 M M 9.5 20 40 M M 0 28 50
25 68 41 55 -4 10 0 0.00 M M 6.0 15 40 M M 4 20 40
26 75 55 65 5 0 0 T M M 7.0 18 130 M M 9 3 26 130
27 80 60 70 10 0 5 0.73 M M 6.3 21 250 M M 9 13 29 250
28 72 52 62 2 3 0 0.03 M M 7.8 17 330 M M 7 3 27 340
29 74 43 59 -1 6 0 0.00 M M 5.2 18 250 M M 0 27 270
30 81 46 64 4 1 0 0.00 M M 8.5 22 230 M M 0 30 250
31 83 52 68 7 0 3 0.00 M M 7.1 18 240 M M 0 27 230
================================================================================
SM 2293 1573 105 30 5.42 0.0 199.4 M 133
================================================================================
AV 74.0 50.7 6.4 FASTST M M 4 MAX(MPH)
MISC ----> 40 13 39 200
================================================================================
NOTES:
# LAST OF SEVERAL OCCURRENCES
COLUMN 17 PEAK WIND IN M.P.H.
PRELIMINARY LOCAL CLIMATOLOGICAL DATA (WS FORM: F-6) , PAGE 2
STATION: ORANGEBURG AIRPORT SC
MONTH: MARCH
YEAR: 2024
LATITUDE: 33 27 N
LONGITUDE: 80 51 W
[TEMPERATURE DATA] [PRECIPITATION DATA] SYMBOLS USED IN COLUMN 16
AVERAGE MONTHLY: 62.4 TOTAL FOR MONTH: 5.42 1 = FOG OR MIST
DPTR FM NORMAL: 5.3 DPTR FM NORMAL: 1.82 2 = FOG REDUCING VISIBILITY
HIGHEST: 84 ON 14 GRTST 24HR 1.65 ON 5- 6 TO 1/4 MILE OR LESS
LOWEST: 36 ON 19 3 = THUNDER
SNOW, ICE PELLETS, HAIL 4 = ICE PELLETS
TOTAL MONTH: 0.0 INCH 5 = HAIL
GRTST 24HR 0.0 6 = FREEZING RAIN OR DRIZZLE
GRTST DEPTH: 0 7 = DUSTSTORM OR SANDSTORM:
VSBY 1/2 MILE OR LESS
8 = SMOKE OR HAZE
[NO. OF DAYS WITH] [WEATHER - DAYS WITH] 9 = BLOWING SNOW
X = TORNADO
MAX 32 OR BELOW: 0 0.01 INCH OR MORE: 11
MAX 90 OR ABOVE: 0 0.10 INCH OR MORE: 6
MIN 32 OR BELOW: 0 0.50 INCH OR MORE: 4
MIN 0 OR BELOW: 0 1.00 INCH OR MORE: 3
[HDD (BASE 65) ]
TOTAL THIS MO. 105 CLEAR (SCALE 0-3) 14
DPTR FM NORMAL -165 PTCLDY (SCALE 4-7) 10
TOTAL FM JUL 1 1521 CLOUDY (SCALE 8-10) 7
DPTR FM NORMAL -567
[CDD (BASE 65) ]
TOTAL THIS MO. 30
DPTR FM NORMAL 7 [PRESSURE DATA]
TOTAL FM JAN 1 54 HIGHEST SLP 30.44 ON 1
DPTR FM NORMAL 21 LOWEST SLP 29.66 ON 23
[REMARKS]
#FINAL-03-24#